{"id":2596,"date":"2025-12-08T11:53:49","date_gmt":"2025-12-08T10:53:49","guid":{"rendered":"https:\/\/agora.xtec.cat\/ceipsantjust\/?page_id=2596"},"modified":"2025-12-08T11:53:49","modified_gmt":"2025-12-08T10:53:49","slug":"racons","status":"publish","type":"page","link":"https:\/\/agora.xtec.cat\/ceipsantjust\/racons\/","title":{"rendered":"RACONS"},"content":{"rendered":"<p>Una manera d\u2019organitzar l\u2019espai de la classe \u00e9s crear estructures flexibles i din\u00e0miques que s\u2019adaptin a les necessitats, els interessos i el ritme natural dels infants. En aquest sentit, els racons de treball es converteixen en una eina educativa molt valuosa.<\/p>\n<p>Organitzar les activitats de l\u2019aula per racons ens permet respectar el ritme individual de cada alumne i atendre la diversitat del grup-classe. Cada rac\u00f3 ofereix una proposta diferent que facilita la interacci\u00f3 de l\u2019infant amb el seu entorn, i aix\u00f2 fa que l\u2019aprenentatge parteixi dels seus coneixements previs. D\u2019aquesta manera, els nens i nenes poden descobrir nous conceptes de manera significativa i funcional.<\/p>\n<p>Els racons de treball combinen el treball individual organitzat amb el treball individual lliure, oferint oportunitats d\u2019exploraci\u00f3, experimentaci\u00f3 i autonomia. A m\u00e9s, fomenten que els infants desenvolupin capacitats essencials per planificar, organitzar i dur a terme la seva pr\u00f2pia activitat de manera correcta i aut\u00f2noma.<\/p>\n<p>A partir de l\u2019observaci\u00f3 del grup, identifiquem dues tipologies d\u2019activitats:<\/p>\n<p>Racons lliures<\/p>\n<p>Racons dirigits<\/p>\n<p>Tots dos s\u00f3n igualment importants i complementaris, ja que permeten donar resposta a diferents necessitats educatives i moments del proc\u00e9s d\u2019aprenentatge.<\/p>\n<p>Si vols, puc ampliar, reduir, fer-ho m\u00e9s visual o adaptar-ho al format que utilitzeu al vostre blog.<br \/>\n<a href=\"https:\/\/agora.xtec.cat\/ceipsantjust\/wp-content\/uploads\/usu1862\/2025\/12\/baixa-41.jpg\"><img loading=\"lazy\" decoding=\"async\" src=\"https:\/\/agora.xtec.cat\/ceipsantjust\/wp-content\/uploads\/usu1862\/2025\/12\/baixa-41.jpg\" alt=\"\" width=\"225\" height=\"225\" class=\"aligncenter size-full wp-image-2597\" srcset=\"https:\/\/agora.xtec.cat\/ceipsantjust\/wp-content\/uploads\/usu1862\/2025\/12\/baixa-41.jpg 225w, https:\/\/agora.xtec.cat\/ceipsantjust\/wp-content\/uploads\/usu1862\/2025\/12\/baixa-41-150x150.jpg 150w\" sizes=\"auto, (max-width: 225px) 100vw, 225px\" \/><\/a><\/p>\n","protected":false},"excerpt":{"rendered":"<p>Una manera d\u2019organitzar l\u2019espai de la classe \u00e9s crear estructures flexibles i din\u00e0miques que s\u2019adaptin a les necessitats, els interessos i el ritme natural dels infants. En aquest sentit, els racons de treball es converteixen en una eina educativa molt valuosa. Organitzar les activitats de l\u2019aula per racons ens permet respectar el ritme individual de [&hellip;]<\/p>\n","protected":false},"author":1,"featured_media":0,"parent":0,"menu_order":0,"comment_status":"closed","ping_status":"closed","template":"","meta":{"_bbp_topic_count":0,"_bbp_reply_count":0,"_bbp_total_topic_count":0,"_bbp_total_reply_count":0,"_bbp_voice_count":0,"_bbp_anonymous_reply_count":0,"_bbp_topic_count_hidden":0,"_bbp_reply_count_hidden":0,"_bbp_forum_subforum_count":0,"site-sidebar-layout":"default","site-content-layout":"","ast-site-content-layout":"default","site-content-style":"default","site-sidebar-style":"default","ast-global-header-display":"","ast-banner-title-visibility":"","ast-main-header-display":"","ast-hfb-above-header-display":"","ast-hfb-below-header-display":"","ast-hfb-mobile-header-display":"","site-post-title":"","ast-breadcrumbs-content":"","ast-featured-img":"","footer-sml-layout":"","theme-transparent-header-meta":"default","adv-header-id-meta":"","stick-header-meta":"","header-above-stick-meta":"","header-main-stick-meta":"","header-below-stick-meta":"","astra-migrate-meta-layouts":"set","ast-page-background-enabled":"default","ast-page-background-meta":{"desktop":{"background-color":"var(--ast-global-color-4)","background-image":"","background-repeat":"repeat","background-position":"center center","background-size":"auto","background-attachment":"scroll","background-type":"","background-media":"","overlay-type":"","overlay-color":"","overlay-opacity":"","overlay-gradient":""},"tablet":{"background-color":"","background-image":"","background-repeat":"repeat","background-position":"center center","background-size":"auto","background-attachment":"scroll","background-type":"","background-media":"","overlay-type":"","overlay-color":"","overlay-opacity":"","overlay-gradient":""},"mobile":{"background-color":"","background-image":"","background-repeat":"repeat","background-position":"center center","background-size":"auto","background-attachment":"scroll","background-type":"","background-media":"","overlay-type":"","overlay-color":"","overlay-opacity":"","overlay-gradient":""}},"ast-content-background-meta":{"desktop":{"background-color":"var(--ast-global-color-5)","background-image":"","background-repeat":"repeat","background-position":"center center","background-size":"auto","background-attachment":"scroll","background-type":"","background-media":"","overlay-type":"","overlay-color":"","overlay-opacity":"","overlay-gradient":""},"tablet":{"background-color":"var(--ast-global-color-5)","background-image":"","background-repeat":"repeat","background-position":"center center","background-size":"auto","background-attachment":"scroll","background-type":"","background-media":"","overlay-type":"","overlay-color":"","overlay-opacity":"","overlay-gradient":""},"mobile":{"background-color":"var(--ast-global-color-5)","background-image":"","background-repeat":"repeat","background-position":"center center","background-size":"auto","background-attachment":"scroll","background-type":"","background-media":"","overlay-type":"","overlay-color":"","overlay-opacity":"","overlay-gradient":""}},"footnotes":""},"class_list":["post-2596","page","type-page","status-publish","hentry"],"post_mailing_queue_ids":[],"_links":{"self":[{"href":"https:\/\/agora.xtec.cat\/ceipsantjust\/wp-json\/wp\/v2\/pages\/2596","targetHints":{"allow":["GET"]}}],"collection":[{"href":"https:\/\/agora.xtec.cat\/ceipsantjust\/wp-json\/wp\/v2\/pages"}],"about":[{"href":"https:\/\/agora.xtec.cat\/ceipsantjust\/wp-json\/wp\/v2\/types\/page"}],"author":[{"embeddable":true,"href":"https:\/\/agora.xtec.cat\/ceipsantjust\/wp-json\/wp\/v2\/users\/1"}],"replies":[{"embeddable":true,"href":"https:\/\/agora.xtec.cat\/ceipsantjust\/wp-json\/wp\/v2\/comments?post=2596"}],"version-history":[{"count":1,"href":"https:\/\/agora.xtec.cat\/ceipsantjust\/wp-json\/wp\/v2\/pages\/2596\/revisions"}],"predecessor-version":[{"id":2598,"href":"https:\/\/agora.xtec.cat\/ceipsantjust\/wp-json\/wp\/v2\/pages\/2596\/revisions\/2598"}],"wp:attachment":[{"href":"https:\/\/agora.xtec.cat\/ceipsantjust\/wp-json\/wp\/v2\/media?parent=2596"}],"curies":[{"name":"wp","href":"https:\/\/api.w.org\/{rel}","templated":true}]}}

<p>Una manera d’organitzar l’espai de la classe és crear estructures flexibles i dinàmiques que s’adaptin a les necessitats, els interessos i el ritme natural dels infants. En aquest sentit, els racons de treball es converteixen en una eina educativa molt valuosa.</p>
<p>Organitzar les activitats de l’aula per racons ens permet respectar el ritme individual de cada alumne i atendre la diversitat del grup-classe. Cada racó ofereix una proposta diferent que facilita la interacció de l’infant amb el seu entorn, i això fa que l’aprenentatge parteixi dels seus coneixements previs. D’aquesta manera, els nens i nenes poden descobrir nous conceptes de manera significativa i funcional.</p>
<p>Els racons de treball combinen el treball individual organitzat amb el treball individual lliure, oferint oportunitats d’exploració, experimentació i autonomia. A més, fomenten que els infants desenvolupin capacitats essencials per planificar, organitzar i dur a terme la seva pròpia activitat de manera correcta i autònoma.</p>
<p>A partir de l’observació del grup, identifiquem dues tipologies d’activitats:</p>
<p>Racons lliures</p>
<p>Racons dirigits</p>
<p>Tots dos són igualment importants i complementaris, ja que permeten donar resposta a diferents necessitats educatives i moments del procés d’aprenentatge.</p>
<p>Si vols, puc ampliar, reduir, fer-ho més visual o adaptar-ho al format que utilitzeu al vostre blog.<br />
<a href="https://agora.xtec.cat/ceipsantjust/wp-content/uploads/usu1862/2025/12/baixa-41.jpg"><img loading="lazy" decoding="async" src="https://agora.xtec.cat/ceipsantjust/wp-content/uploads/usu1862/2025/12/baixa-41.jpg" alt="" width="225" height="225" class="aligncenter size-full wp-image-2597" srcset="https://agora.xtec.cat/ceipsantjust/wp-content/uploads/usu1862/2025/12/baixa-41.jpg 225w, https://agora.xtec.cat/ceipsantjust/wp-content/uploads/usu1862/2025/12/baixa-41-150x150.jpg 150w" sizes="auto, (max-width: 225px) 100vw, 225px" /></a></p>

<p>Una manera d’organitzar l’espai de la classe és crear estructures flexibles i dinàmiques que s’adaptin a les necessitats, els interessos i el ritme natural dels infants. En aquest sentit, els racons de treball es converteixen en una eina educativa molt valuosa. Organitzar les activitats de l’aula per racons ens permet respectar el ritme individual de [&hellip;]</p>
