{"id":2564,"date":"2025-12-08T10:08:12","date_gmt":"2025-12-08T09:08:12","guid":{"rendered":"https:\/\/agora.xtec.cat\/ceipsantjust\/?page_id=2564"},"modified":"2025-12-08T10:11:07","modified_gmt":"2025-12-08T09:11:07","slug":"normes-funcionament-i3i4i5","status":"publish","type":"page","link":"https:\/\/agora.xtec.cat\/ceipsantjust\/nivells\/infantil\/normes-funcionament-i3i4i5\/","title":{"rendered":"NORMES FUNCIONAMENT I3,I4,I5"},"content":{"rendered":"<p><em><strong>Normes de funcionament d\u2019I3<\/strong><\/em><\/p>\n<p><strong>Horari<\/strong><br \/>\nDe 9:00 a 12:20 i de 15:00 a 16:20.<br \/>\nEs prega m\u00e0xima puntualitat tant a l\u2019entrada com a la sortida.<br \/>\nCal esperar l\u2019av\u00eds de la tutora per marxar.<\/p>\n<p><strong>Assist\u00e8ncia<\/strong><br \/>\nCal venir a l\u2019escola cada dia, al mat\u00ed i a la tarda. Les abs\u00e8ncies continuades dificulten l\u2019adquisici\u00f3 de normes, h\u00e0bits i aprenentatges.<br \/>\nCal justificar les faltes d\u2019assist\u00e8ncia. En cas d\u2019abs\u00e8ncies llargues, envieu un correu electr\u00f2nic a l\u2019escola.<\/p>\n<p><strong>Recollida de l\u2019alumnat<\/strong><br \/>\nTruqueu a l\u2019escola o informeu la tutora si una persona diferent de l\u2019habitual vindr\u00e0 a recollir el nen o la nena.<\/p>\n<p><strong>Roba i objectes personals<\/strong><br \/>\nCal marcar tota la roba i el got, aix\u00ed com guants, bufandes i barrets.<br \/>\nPoseu betes a les bates i als abrics.<br \/>\nEls infants han de portar roba i cal\u00e7at c\u00f2modes.<\/p>\n<p><strong>Esmorzars<\/strong><br \/>\nPorteu esmorzars saludables en una bosseta amb tovall\u00f3; recomanem l\u2019\u00fas de carmanyola.<br \/>\nNo es poden portar sucs ni iogurts.<br \/>\nNo es poden portar motxilles per q\u00fcestions d\u2019espai.<\/p>\n<p><strong>Medicaci\u00f3<\/strong><br \/>\nL\u2019escola nom\u00e9s pot administrar medicaments amb prescripci\u00f3 m\u00e8dica i autoritzaci\u00f3 familiar.<br \/>\nAutonomia<br \/>\nA partir del segon trimestre, els nens i les nenes pujaran sols a la classe. Les tutores estarem a la porta per rebre\u2019ls.<\/p>\n<p><strong>Salut<\/strong><br \/>\nEn cas d\u2019accident o si algun infant no es troba b\u00e9, es trucar\u00e0 a la fam\u00edlia perqu\u00e8 el vinguin a recollir.<\/p>\n<p><strong>Comunicaci\u00f3 amb la tutora<\/strong><br \/>\nEntrevistes: dimecres de 12:30 a 13:30 h.<br \/>\nInformes d\u2019avaluaci\u00f3: al febrer i al juny.<\/p>\n<p><strong>Aniversaris<\/strong><br \/>\nCelebrem l\u2019aniversari fent la corona i cantant amb els companys i companyes.<br \/>\nNo est\u00e0 perm\u00e8s portar menjar ni regals a l\u2019escola.<\/p>\n<p><strong>Informacions generals<\/strong><br \/>\nAbans de marxar a casa, reviseu les informacions que trobareu al costat de la porta de sortida.<\/p>\n<p><strong>Fotos del trimestre<\/strong><br \/>\nA finals de cada trimestre es facilitaran l\u2019enlla\u00e7 a les fotos realitzades. Degut a la normativa actual, la qual no permet l&#8217;\u00fas dels dispositius m\u00f2bils als centres escolars, es veur\u00e0 redu\u00eft el nombre de fotos i aquestes estar\u00e0 centrat en les activitats a l\u2019aula.<\/p>\n<p><strong>Material del pati<\/strong><br \/>\nNo es poden agafar les joguines del pati a l\u2019hora de la sortida.<\/p>\n","protected":false},"excerpt":{"rendered":"<p>Normes de funcionament d\u2019I3 Horari De 9:00 a 12:20 i de 15:00 a 16:20. Es prega m\u00e0xima puntualitat tant a l\u2019entrada com a la sortida. Cal esperar l\u2019av\u00eds de la tutora per marxar. Assist\u00e8ncia Cal venir a l\u2019escola cada dia, al mat\u00ed i a la tarda. Les abs\u00e8ncies continuades dificulten l\u2019adquisici\u00f3 de normes, h\u00e0bits i [&hellip;]<\/p>\n","protected":false},"author":1,"featured_media":0,"parent":2491,"menu_order":0,"comment_status":"closed","ping_status":"closed","template":"","meta":{"_bbp_topic_count":0,"_bbp_reply_count":0,"_bbp_total_topic_count":0,"_bbp_total_reply_count":0,"_bbp_voice_count":0,"_bbp_anonymous_reply_count":0,"_bbp_topic_count_hidden":0,"_bbp_reply_count_hidden":0,"_bbp_forum_subforum_count":0,"site-sidebar-layout":"default","site-content-layout":"","ast-site-content-layout":"default","site-content-style":"default","site-sidebar-style":"default","ast-global-header-display":"","ast-banner-title-visibility":"","ast-main-header-display":"","ast-hfb-above-header-display":"","ast-hfb-below-header-display":"","ast-hfb-mobile-header-display":"","site-post-title":"","ast-breadcrumbs-content":"","ast-featured-img":"","footer-sml-layout":"","theme-transparent-header-meta":"default","adv-header-id-meta":"","stick-header-meta":"","header-above-stick-meta":"","header-main-stick-meta":"","header-below-stick-meta":"","astra-migrate-meta-layouts":"set","ast-page-background-enabled":"default","ast-page-background-meta":{"desktop":{"background-color":"var(--ast-global-color-4)","background-image":"","background-repeat":"repeat","background-position":"center center","background-size":"auto","background-attachment":"scroll","background-type":"","background-media":"","overlay-type":"","overlay-color":"","overlay-opacity":"","overlay-gradient":""},"tablet":{"background-color":"","background-image":"","background-repeat":"repeat","background-position":"center center","background-size":"auto","background-attachment":"scroll","background-type":"","background-media":"","overlay-type":"","overlay-color":"","overlay-opacity":"","overlay-gradient":""},"mobile":{"background-color":"","background-image":"","background-repeat":"repeat","background-position":"center center","background-size":"auto","background-attachment":"scroll","background-type":"","background-media":"","overlay-type":"","overlay-color":"","overlay-opacity":"","overlay-gradient":""}},"ast-content-background-meta":{"desktop":{"background-color":"var(--ast-global-color-5)","background-image":"","background-repeat":"repeat","background-position":"center center","background-size":"auto","background-attachment":"scroll","background-type":"","background-media":"","overlay-type":"","overlay-color":"","overlay-opacity":"","overlay-gradient":""},"tablet":{"background-color":"var(--ast-global-color-5)","background-image":"","background-repeat":"repeat","background-position":"center center","background-size":"auto","background-attachment":"scroll","background-type":"","background-media":"","overlay-type":"","overlay-color":"","overlay-opacity":"","overlay-gradient":""},"mobile":{"background-color":"var(--ast-global-color-5)","background-image":"","background-repeat":"repeat","background-position":"center center","background-size":"auto","background-attachment":"scroll","background-type":"","background-media":"","overlay-type":"","overlay-color":"","overlay-opacity":"","overlay-gradient":""}},"footnotes":""},"class_list":["post-2564","page","type-page","status-publish","hentry"],"post_mailing_queue_ids":[],"_links":{"self":[{"href":"https:\/\/agora.xtec.cat\/ceipsantjust\/wp-json\/wp\/v2\/pages\/2564","targetHints":{"allow":["GET"]}}],"collection":[{"href":"https:\/\/agora.xtec.cat\/ceipsantjust\/wp-json\/wp\/v2\/pages"}],"about":[{"href":"https:\/\/agora.xtec.cat\/ceipsantjust\/wp-json\/wp\/v2\/types\/page"}],"author":[{"embeddable":true,"href":"https:\/\/agora.xtec.cat\/ceipsantjust\/wp-json\/wp\/v2\/users\/1"}],"replies":[{"embeddable":true,"href":"https:\/\/agora.xtec.cat\/ceipsantjust\/wp-json\/wp\/v2\/comments?post=2564"}],"version-history":[{"count":2,"href":"https:\/\/agora.xtec.cat\/ceipsantjust\/wp-json\/wp\/v2\/pages\/2564\/revisions"}],"predecessor-version":[{"id":2566,"href":"https:\/\/agora.xtec.cat\/ceipsantjust\/wp-json\/wp\/v2\/pages\/2564\/revisions\/2566"}],"up":[{"embeddable":true,"href":"https:\/\/agora.xtec.cat\/ceipsantjust\/wp-json\/wp\/v2\/pages\/2491"}],"wp:attachment":[{"href":"https:\/\/agora.xtec.cat\/ceipsantjust\/wp-json\/wp\/v2\/media?parent=2564"}],"curies":[{"name":"wp","href":"https:\/\/api.w.org\/{rel}","templated":true}]}}