{"id":1800,"date":"2021-10-20T14:15:03","date_gmt":"2021-10-20T12:15:03","guid":{"rendered":"https:\/\/agora.xtec.cat\/ceipsantjust\/?page_id=1800"},"modified":"2022-10-26T13:45:57","modified_gmt":"2022-10-26T11:45:57","slug":"tac","status":"publish","type":"page","link":"https:\/\/agora.xtec.cat\/ceipsantjust\/projecte-educatiu\/tac\/","title":{"rendered":"TAC"},"content":{"rendered":"<p>A l\u00b4escola treballem entenent les TAC (tecnologies de l&#8217;aprenentatge i el coneixement) com un mitj\u00e0 que ens ajuda a millorar com aprenem,no una finalitat en si mateixa.<\/p>\n<p>Les TAC i tot l\u00b4entorn digital forma part del proc\u00e9s d\u00b4aprenentatge dels alumnes incorporant-les com un recurs m\u00e9s de treball.<\/p>\n<p>Des d&#8217; I-3 fins a 6-Pri l\u00b4\u00fas de les TAC est\u00e0 present a la manera de treballar de l\u00b4escola.<\/p>\n<p>Totes les aules disposen d\u00b4una PDI.<\/p>\n<ul type=\"circle\">\n<li>Visualitzaci\u00f3 de recursos, contes, audicions, v\u00eddeos&#8230; mitjan\u00e7ant canons.<\/li>\n<li>Activitats digitals en petit i gran grup a les pissarres digitals.<\/li>\n<li>Utilitzaci\u00f3 de processadors de textos, aplicacions i programes per presentar els treballs dels alumnes.<\/li>\n<li>Realitzaci\u00f3 d\u00b4activitats de totes les \u00e0rees amb els ordinadors de l\u00b4aula d\u00b4inform\u00e0tica i classes.<\/li>\n<li>Activitats col\u00b7laboratives amb altres escoles i \u00fas del bloc per penjar treballs i mostra d\u00b4activitats, sortides, etc.<\/li>\n<\/ul>\n<p>Durant el confinament que va comen\u00e7ar el 13 de Mar\u00e7 i a causa de la pand\u00e8mia pel covid-19 v\u00e0rem iniciar un nou repte. Vam crear un nou canal de comunicaci\u00f3, la Plataforma <strong>Microsoft Office 365<\/strong> . Aquesta ens va ajudar a tots\/es a poder estar en contacte directe amb els\/les alumnes de 3Pri a 6Pri, i aix\u00ed com a poder rebre i enviar feines individuals i poder comunicar-nos entre alumnes i fam\u00edlies. En l&#8217;actualitat, tota l&#8217;escola treballa amb aquesta Plataforma que ha esdevingut el nostre entorn virtual d&#8217;aprenentatge.<\/p>\n","protected":false},"excerpt":{"rendered":"<p>A l\u00b4escola treballem entenent les TAC (tecnologies de l&#8217;aprenentatge i el coneixement) com un mitj\u00e0 que ens ajuda a millorar com aprenem,no una finalitat en si mateixa. Les TAC i tot l\u00b4entorn digital forma part del proc\u00e9s d\u00b4aprenentatge dels alumnes incorporant-les com un recurs m\u00e9s de treball. Des d&#8217; I-3 fins a 6-Pri l\u00b4\u00fas de [&hellip;]<\/p>\n","protected":false},"author":1,"featured_media":0,"parent":64,"menu_order":80,"comment_status":"closed","ping_status":"closed","template":"page-templates\/side-menu.php","meta":{"_bbp_topic_count":0,"_bbp_reply_count":0,"_bbp_total_topic_count":0,"_bbp_total_reply_count":0,"_bbp_voice_count":0,"_bbp_anonymous_reply_count":0,"_bbp_topic_count_hidden":0,"_bbp_reply_count_hidden":0,"_bbp_forum_subforum_count":0,"site-sidebar-layout":"default","site-content-layout":"","ast-site-content-layout":"","site-content-style":"default","site-sidebar-style":"default","ast-global-header-display":"","ast-banner-title-visibility":"","ast-main-header-display":"","ast-hfb-above-header-display":"","ast-hfb-below-header-display":"","ast-hfb-mobile-header-display":"","site-post-title":"","ast-breadcrumbs-content":"","ast-featured-img":"","footer-sml-layout":"","theme-transparent-header-meta":"","adv-header-id-meta":"","stick-header-meta":"","header-above-stick-meta":"","header-main-stick-meta":"","header-below-stick-meta":"","astra-migrate-meta-layouts":"default","ast-page-background-enabled":"default","ast-page-background-meta":{"desktop":{"background-color":"var(--ast-global-color-4)","background-image":"","background-repeat":"repeat","background-position":"center center","background-size":"auto","background-attachment":"scroll","background-type":"","background-media":"","overlay-type":"","overlay-color":"","overlay-opacity":"","overlay-gradient":""},"tablet":{"background-color":"","background-image":"","background-repeat":"repeat","background-position":"center center","background-size":"auto","background-attachment":"scroll","background-type":"","background-media":"","overlay-type":"","overlay-color":"","overlay-opacity":"","overlay-gradient":""},"mobile":{"background-color":"","background-image":"","background-repeat":"repeat","background-position":"center center","background-size":"auto","background-attachment":"scroll","background-type":"","background-media":"","overlay-type":"","overlay-color":"","overlay-opacity":"","overlay-gradient":""}},"ast-content-background-meta":{"desktop":{"background-color":"var(--ast-global-color-5)","background-image":"","background-repeat":"repeat","background-position":"center center","background-size":"auto","background-attachment":"scroll","background-type":"","background-media":"","overlay-type":"","overlay-color":"","overlay-opacity":"","overlay-gradient":""},"tablet":{"background-color":"var(--ast-global-color-5)","background-image":"","background-repeat":"repeat","background-position":"center center","background-size":"auto","background-attachment":"scroll","background-type":"","background-media":"","overlay-type":"","overlay-color":"","overlay-opacity":"","overlay-gradient":""},"mobile":{"background-color":"var(--ast-global-color-5)","background-image":"","background-repeat":"repeat","background-position":"center center","background-size":"auto","background-attachment":"scroll","background-type":"","background-media":"","overlay-type":"","overlay-color":"","overlay-opacity":"","overlay-gradient":""}},"footnotes":""},"class_list":["post-1800","page","type-page","status-publish","hentry"],"post_mailing_queue_ids":[],"_links":{"self":[{"href":"https:\/\/agora.xtec.cat\/ceipsantjust\/wp-json\/wp\/v2\/pages\/1800","targetHints":{"allow":["GET"]}}],"collection":[{"href":"https:\/\/agora.xtec.cat\/ceipsantjust\/wp-json\/wp\/v2\/pages"}],"about":[{"href":"https:\/\/agora.xtec.cat\/ceipsantjust\/wp-json\/wp\/v2\/types\/page"}],"author":[{"embeddable":true,"href":"https:\/\/agora.xtec.cat\/ceipsantjust\/wp-json\/wp\/v2\/users\/1"}],"replies":[{"embeddable":true,"href":"https:\/\/agora.xtec.cat\/ceipsantjust\/wp-json\/wp\/v2\/comments?post=1800"}],"version-history":[{"count":2,"href":"https:\/\/agora.xtec.cat\/ceipsantjust\/wp-json\/wp\/v2\/pages\/1800\/revisions"}],"predecessor-version":[{"id":2105,"href":"https:\/\/agora.xtec.cat\/ceipsantjust\/wp-json\/wp\/v2\/pages\/1800\/revisions\/2105"}],"up":[{"embeddable":true,"href":"https:\/\/agora.xtec.cat\/ceipsantjust\/wp-json\/wp\/v2\/pages\/64"}],"wp:attachment":[{"href":"https:\/\/agora.xtec.cat\/ceipsantjust\/wp-json\/wp\/v2\/media?parent=1800"}],"curies":[{"name":"wp","href":"https:\/\/api.w.org\/{rel}","templated":true}]}}

<p>A l´escola treballem entenent les TAC (tecnologies de l&#8217;aprenentatge i el coneixement) com un mitjà que ens ajuda a millorar com aprenem,no una finalitat en si mateixa.</p>
<p>Les TAC i tot l´entorn digital forma part del procés d´aprenentatge dels alumnes incorporant-les com un recurs més de treball.</p>
<p>Des d&#8217; I-3 fins a 6-Pri l´ús de les TAC està present a la manera de treballar de l´escola.</p>
<p>Totes les aules disposen d´una PDI.</p>
<ul type="circle">
<li>Visualització de recursos, contes, audicions, vídeos&#8230; mitjançant canons.</li>
<li>Activitats digitals en petit i gran grup a les pissarres digitals.</li>
<li>Utilització de processadors de textos, aplicacions i programes per presentar els treballs dels alumnes.</li>
<li>Realització d´activitats de totes les àrees amb els ordinadors de l´aula d´informàtica i classes.</li>
<li>Activitats col·laboratives amb altres escoles i ús del bloc per penjar treballs i mostra d´activitats, sortides, etc.</li>
</ul>
<p>Durant el confinament que va començar el 13 de Març i a causa de la pandèmia pel covid-19 vàrem iniciar un nou repte. Vam crear un nou canal de comunicació, la Plataforma <strong>Microsoft Office 365</strong> . Aquesta ens va ajudar a tots/es a poder estar en contacte directe amb els/les alumnes de 3Pri a 6Pri, i així com a poder rebre i enviar feines individuals i poder comunicar-nos entre alumnes i famílies. En l&#8217;actualitat, tota l&#8217;escola treballa amb aquesta Plataforma que ha esdevingut el nostre entorn virtual d&#8217;aprenentatge.</p>

<p>A l´escola treballem entenent les TAC (tecnologies de l&#8217;aprenentatge i el coneixement) com un mitjà que ens ajuda a millorar com aprenem,no una finalitat en si mateixa. Les TAC i tot l´entorn digital forma part del procés d´aprenentatge dels alumnes incorporant-les com un recurs més de treball. Des d&#8217; I-3 fins a 6-Pri l´ús de [&hellip;]</p>
