{"id":4293,"date":"2026-03-11T20:32:08","date_gmt":"2026-03-11T19:32:08","guid":{"rendered":"https:\/\/agora.xtec.cat\/ceipsantjulia\/?page_id=4293"},"modified":"2026-03-20T12:23:15","modified_gmt":"2026-03-20T11:23:15","slug":"matematiques-i-pensament-computacional-a-5e-i-6e","status":"publish","type":"page","link":"https:\/\/agora.xtec.cat\/ceipsantjulia\/projecte-educatiu__trashed\/matematiques-i-pensament-computacional-a-5e-i-6e\/","title":{"rendered":"Programa PCMat"},"content":{"rendered":"<p style=\"font-weight: 400;\">L&#8217;alumnat de 5\u00e8 i 6\u00e8 de prim\u00e0ria de l&#8217;escola participa en el programa PCMAT, com a actuaci\u00f3 estrat\u00e8gica per a la millora de la compet\u00e8ncia matem\u00e0tica.<\/p>\n<p>QU\u00c8 IMPLICA ?<\/p>\n<ul style=\"font-weight: 400;\">\n<li>Dediquem una sessi\u00f3 setmanal m\u00ednima per grup a la implementaci\u00f3 PCMAT.<\/li>\n<li>Garantim la reuni\u00f3 de coordinaci\u00f3 entre el\/la docent referent i la persona mentora el dia d\u2019estada al centre.<\/li>\n<li>Acompanyament d\u2019una persona mentora durant tota la jornada lectiva amb una periodicitat m\u00ednima quinzenal.<\/li>\n<li>Intervenci\u00f3 a l\u2019aula (codoc\u00e8ncia), assessorament i orientaci\u00f3 amb el professorat i l\u2019alumnat.<\/li>\n<li>Materials complets de les noves propostes did\u00e0ctiques de Pensament Computacional.<\/li>\n<\/ul>\n<p>Aqu\u00ed teniu un tastet de <a href=\"https:\/\/drive.google.com\/file\/d\/1VEwWYOWjvS5_ngpDAOzhcEOjd4G9T3Rq\/view?usp=sharing\">PCMAT!\u00a0<\/a><\/p>\n","protected":false},"excerpt":{"rendered":"<p>L&#8217;alumnat de 5\u00e8 i 6\u00e8 de prim\u00e0ria de l&#8217;escola participa en el programa PCMAT, com a actuaci\u00f3 estrat\u00e8gica per a la millora de la compet\u00e8ncia matem\u00e0tica. QU\u00c8 IMPLICA ? Dediquem una sessi\u00f3 setmanal m\u00ednima per grup a la implementaci\u00f3 PCMAT. Garantim la reuni\u00f3 de coordinaci\u00f3 entre el\/la docent referent i la persona mentora el dia [&hellip;]<\/p>\n","protected":false},"author":1,"featured_media":0,"parent":64,"menu_order":0,"comment_status":"closed","ping_status":"closed","template":"","meta":{"_bbp_topic_count":0,"_bbp_reply_count":0,"_bbp_total_topic_count":0,"_bbp_total_reply_count":0,"_bbp_voice_count":0,"_bbp_anonymous_reply_count":0,"_bbp_topic_count_hidden":0,"_bbp_reply_count_hidden":0,"_bbp_forum_subforum_count":0,"site-sidebar-layout":"default","site-content-layout":"","ast-site-content-layout":"default","site-content-style":"default","site-sidebar-style":"default","ast-global-header-display":"","ast-banner-title-visibility":"","ast-main-header-display":"","ast-hfb-above-header-display":"","ast-hfb-below-header-display":"","ast-hfb-mobile-header-display":"","site-post-title":"","ast-breadcrumbs-content":"","ast-featured-img":"","footer-sml-layout":"","theme-transparent-header-meta":"default","adv-header-id-meta":"","stick-header-meta":"","header-above-stick-meta":"","header-main-stick-meta":"","header-below-stick-meta":"","astra-migrate-meta-layouts":"set","ast-page-background-enabled":"default","ast-page-background-meta":{"desktop":{"background-color":"var(--ast-global-color-4)","background-image":"","background-repeat":"repeat","background-position":"center center","background-size":"auto","background-attachment":"scroll","background-type":"","background-media":"","overlay-type":"","overlay-color":"","overlay-opacity":"","overlay-gradient":""},"tablet":{"background-color":"","background-image":"","background-repeat":"repeat","background-position":"center center","background-size":"auto","background-attachment":"scroll","background-type":"","background-media":"","overlay-type":"","overlay-color":"","overlay-opacity":"","overlay-gradient":""},"mobile":{"background-color":"","background-image":"","background-repeat":"repeat","background-position":"center center","background-size":"auto","background-attachment":"scroll","background-type":"","background-media":"","overlay-type":"","overlay-color":"","overlay-opacity":"","overlay-gradient":""}},"ast-content-background-meta":{"desktop":{"background-color":"var(--ast-global-color-5)","background-image":"","background-repeat":"repeat","background-position":"center center","background-size":"auto","background-attachment":"scroll","background-type":"","background-media":"","overlay-type":"","overlay-color":"","overlay-opacity":"","overlay-gradient":""},"tablet":{"background-color":"var(--ast-global-color-5)","background-image":"","background-repeat":"repeat","background-position":"center center","background-size":"auto","background-attachment":"scroll","background-type":"","background-media":"","overlay-type":"","overlay-color":"","overlay-opacity":"","overlay-gradient":""},"mobile":{"background-color":"var(--ast-global-color-5)","background-image":"","background-repeat":"repeat","background-position":"center center","background-size":"auto","background-attachment":"scroll","background-type":"","background-media":"","overlay-type":"","overlay-color":"","overlay-opacity":"","overlay-gradient":""}},"footnotes":""},"class_list":["post-4293","page","type-page","status-publish","hentry"],"post_mailing_queue_ids":[],"_links":{"self":[{"href":"https:\/\/agora.xtec.cat\/ceipsantjulia\/wp-json\/wp\/v2\/pages\/4293","targetHints":{"allow":["GET"]}}],"collection":[{"href":"https:\/\/agora.xtec.cat\/ceipsantjulia\/wp-json\/wp\/v2\/pages"}],"about":[{"href":"https:\/\/agora.xtec.cat\/ceipsantjulia\/wp-json\/wp\/v2\/types\/page"}],"author":[{"embeddable":true,"href":"https:\/\/agora.xtec.cat\/ceipsantjulia\/wp-json\/wp\/v2\/users\/1"}],"replies":[{"embeddable":true,"href":"https:\/\/agora.xtec.cat\/ceipsantjulia\/wp-json\/wp\/v2\/comments?post=4293"}],"version-history":[{"count":3,"href":"https:\/\/agora.xtec.cat\/ceipsantjulia\/wp-json\/wp\/v2\/pages\/4293\/revisions"}],"predecessor-version":[{"id":4354,"href":"https:\/\/agora.xtec.cat\/ceipsantjulia\/wp-json\/wp\/v2\/pages\/4293\/revisions\/4354"}],"up":[{"embeddable":true,"href":"https:\/\/agora.xtec.cat\/ceipsantjulia\/wp-json\/wp\/v2\/pages\/64"}],"wp:attachment":[{"href":"https:\/\/agora.xtec.cat\/ceipsantjulia\/wp-json\/wp\/v2\/media?parent=4293"}],"curies":[{"name":"wp","href":"https:\/\/api.w.org\/{rel}","templated":true}]}}