{"id":28,"date":"2014-09-18T12:29:35","date_gmt":"2014-09-18T11:29:35","guid":{"rendered":"http:\/\/agora.xtec.cat\/ceipsantjulia\/?page_id=28"},"modified":"2026-03-20T11:02:12","modified_gmt":"2026-03-20T10:02:12","slug":"consell-escolar","status":"publish","type":"page","link":"https:\/\/agora.xtec.cat\/ceipsantjulia\/lescola\/consell-escolar\/","title":{"rendered":"Consell Escolar"},"content":{"rendered":"<p style=\"text-align: center;\"><strong>INFORMACI\u00d3 A LES FAM\u00cdLIES DE LA COMUNITAT EDUCATIVA<\/strong><br \/>\n<strong>ELECCIONS AL CONSELL ESCOLAR<\/strong><\/p>\n<p>El passat dia 6 d\u2019octubre de 2025, el Departament d\u2019Educaci\u00f3 va publicar la resoluci\u00f3 per renovar aquest curs el CONSELL ESCOLAR.<\/p>\n<p>Informaci\u00f3 que cal tenir en compte:<\/p>\n<p><strong>QU\u00c8 \u00e9s el Consell Escolar de centre?<\/strong><br \/>\nEl Consell Escolar de centre \u00e9s l\u2019\u00f2rgan col\u00b7legiat de participaci\u00f3 de tota la comunitat educativa en el<br \/>\ngovern de l\u2019Escola.<\/p>\n<p><strong>QUI forma part del Consell Escolar?<\/strong><\/p>\n<p>En el consell escolar hi ha representats tots els col\u00b7lectius que intervenen en la comunitat educativa.<br \/>\nQualsevol persona de la nostra comunitat (fam\u00edlies i equips de mestres i personal PAS\/PAE) pot<br \/>\npresentar-se a les eleccions que estan previstes per una resoluci\u00f3 de convocat\u00f2ria p\u00fablica, la darrera ha estat la Resoluci\u00f3 EDF\/2520\/2025, de 30 de juny\u2019, per la qual s\u2019estableix el calendari i el r\u00e8gim del proc\u00e9s electoral per renovar els membres dels consells escolars dels centres p\u00fablics i privats sostinguts amb fons p\u00fablics.<\/p>\n<p><strong>Calendari del proc\u00e9s d\u2019eleccions curs 2025-26:<\/strong><\/p>\n<p><strong>A partir del 31 d\u2019octubre\u00a0<\/strong>s\u2019inicia el termini per presentar reclamacions al cens provisional. El cens provisional del sector fam\u00edl\u00edes el trobareu penjat al tauler d\u2019anuncis de secretaria per poder consultar-ho i fer les reclamacions oportunes, si escau.<\/p>\n<p><strong>El dia 5 de novembre\u00a0<\/strong>finalitzar\u00e0 el termini per presentar reclamacions i es far\u00e0 el sorteig per designar els vocals de les meses electorals.<\/p>\n<p><strong>El dia 10 de novembre\u00a0<\/strong>es resoldran les reclamacions del censos i electorals i s\u2019aprovaran i publicaran els censos definitius. Tamb\u00e9 es far\u00e0 la Constituci\u00f3 de les meses electorals.<\/p>\n<p><strong>Fins al 12 de novembre<\/strong>\u00a0es poden presentar les candidatures a la secretaria del centre. Aquestes seran publicades aquell mateix dia 12.<\/p>\n<p><strong>Fins al 13 de novembre<\/strong>\u00a0es podran presentar sol\u00b7licituds per actuar de supervisor\/a dels sector fam\u00edlies.<\/p>\n<p><strong>El dia 18 de novembre<\/strong>\u00a0es duran a terme les\u00a0<strong>votacions de professorat i personal PAS\/PAE.<\/strong><\/p>\n<p><strong>El dia 19 de novembre<\/strong>\u00a0es realitzaran les\u00a0<strong>votacions del sector fam\u00edlies<\/strong>\u00a0a partir de les 9h al vest\u00edbul de l\u2019entrada principal.<\/p>\n<p>Del resultat de les eleccions per a la <strong>renovaci\u00f3 del Consell Escolar de l\u2019escola Sant Juli\u00e0, <\/strong>la representaci\u00f3 queda de la seg\u00fcent manera:<\/p>\n<ul>\n<li>Directora Bibiana Gastin S\u00e1nchez<\/li>\n<li>Cap d&#8217;estudis Beatriz Torres Cecilia<\/li>\n<li>Secretari\/\u00e0ria Laura Bautista Mas<\/li>\n<li>Representant de l&#8217;Ajuntament Carme Pall\u00e8s i Riera<\/li>\n<li>Representant de l&#8217;AFA N\u00faria Reinoso L\u00f3pez<\/li>\n<li>Representant fam\u00edlies Alison Mej\u00eda Becerra<\/li>\n<li>Representant fam\u00edlies Irene M\u00e1rquez Gonz\u00e1lez<\/li>\n<li>Representant fam\u00edlies Susana Guti\u00e9rrrez Rodr\u00edguez<\/li>\n<li>Representant fam\u00edlies Tamara Rodr\u00edguez Mor\u00e1n<\/li>\n<li>Representant fam\u00edlies Mayte Calvo Mart\u00edn<\/li>\n<li>Representant del PAE Gloria Serra Sallar\u00e9s<\/li>\n<li>Representant del PAS Ana Fern\u00e1ndez Montero<\/li>\n<li>Representant del professorat Alba Mart\u00ednez Alonso<\/li>\n<li>Representant del professorat Clara Gallego Ma\u00f1ez<\/li>\n<li>Representant del professorat Esther Porcel P\u00e9rez<\/li>\n<li>Representant del professorat J\u00e8ssica Pujolar S\u00e1nchez<\/li>\n<li>Representant del professorat Nayara Carb\u00f3 Moreno<\/li>\n<li>Representant del professorat Sara Carrasco Corrales<\/li>\n<\/ul>\n","protected":false},"excerpt":{"rendered":"<p>INFORMACI\u00d3 A LES FAM\u00cdLIES DE LA COMUNITAT EDUCATIVA ELECCIONS AL CONSELL ESCOLAR El passat dia 6 d\u2019octubre de 2025, el Departament d\u2019Educaci\u00f3 va publicar la resoluci\u00f3 per renovar aquest curs el CONSELL ESCOLAR. Informaci\u00f3 que cal tenir en compte: QU\u00c8 \u00e9s el Consell Escolar de centre? El Consell Escolar de centre \u00e9s l\u2019\u00f2rgan col\u00b7legiat de [&hellip;]<\/p>\n","protected":false},"author":1,"featured_media":0,"parent":22,"menu_order":30,"comment_status":"closed","ping_status":"closed","template":"","meta":{"_bbp_topic_count":0,"_bbp_reply_count":0,"_bbp_total_topic_count":0,"_bbp_total_reply_count":0,"_bbp_voice_count":0,"_bbp_anonymous_reply_count":0,"_bbp_topic_count_hidden":0,"_bbp_reply_count_hidden":0,"_bbp_forum_subforum_count":0,"site-sidebar-layout":"default","site-content-layout":"","ast-site-content-layout":"default","site-content-style":"default","site-sidebar-style":"default","ast-global-header-display":"","ast-banner-title-visibility":"","ast-main-header-display":"","ast-hfb-above-header-display":"","ast-hfb-below-header-display":"","ast-hfb-mobile-header-display":"","site-post-title":"","ast-breadcrumbs-content":"","ast-featured-img":"","footer-sml-layout":"","theme-transparent-header-meta":"default","adv-header-id-meta":"","stick-header-meta":"","header-above-stick-meta":"","header-main-stick-meta":"","header-below-stick-meta":"","astra-migrate-meta-layouts":"set","ast-page-background-enabled":"default","ast-page-background-meta":{"desktop":{"background-color":"var(--ast-global-color-4)","background-image":"","background-repeat":"repeat","background-position":"center center","background-size":"auto","background-attachment":"scroll","background-type":"","background-media":"","overlay-type":"","overlay-color":"","overlay-opacity":"","overlay-gradient":""},"tablet":{"background-color":"","background-image":"","background-repeat":"repeat","background-position":"center center","background-size":"auto","background-attachment":"scroll","background-type":"","background-media":"","overlay-type":"","overlay-color":"","overlay-opacity":"","overlay-gradient":""},"mobile":{"background-color":"","background-image":"","background-repeat":"repeat","background-position":"center center","background-size":"auto","background-attachment":"scroll","background-type":"","background-media":"","overlay-type":"","overlay-color":"","overlay-opacity":"","overlay-gradient":""}},"ast-content-background-meta":{"desktop":{"background-color":"var(--ast-global-color-5)","background-image":"","background-repeat":"repeat","background-position":"center center","background-size":"auto","background-attachment":"scroll","background-type":"","background-media":"","overlay-type":"","overlay-color":"","overlay-opacity":"","overlay-gradient":""},"tablet":{"background-color":"var(--ast-global-color-5)","background-image":"","background-repeat":"repeat","background-position":"center center","background-size":"auto","background-attachment":"scroll","background-type":"","background-media":"","overlay-type":"","overlay-color":"","overlay-opacity":"","overlay-gradient":""},"mobile":{"background-color":"var(--ast-global-color-5)","background-image":"","background-repeat":"repeat","background-position":"center center","background-size":"auto","background-attachment":"scroll","background-type":"","background-media":"","overlay-type":"","overlay-color":"","overlay-opacity":"","overlay-gradient":""}},"footnotes":""},"class_list":["post-28","page","type-page","status-publish","hentry"],"post_mailing_queue_ids":[],"_links":{"self":[{"href":"https:\/\/agora.xtec.cat\/ceipsantjulia\/wp-json\/wp\/v2\/pages\/28","targetHints":{"allow":["GET"]}}],"collection":[{"href":"https:\/\/agora.xtec.cat\/ceipsantjulia\/wp-json\/wp\/v2\/pages"}],"about":[{"href":"https:\/\/agora.xtec.cat\/ceipsantjulia\/wp-json\/wp\/v2\/types\/page"}],"author":[{"embeddable":true,"href":"https:\/\/agora.xtec.cat\/ceipsantjulia\/wp-json\/wp\/v2\/users\/1"}],"replies":[{"embeddable":true,"href":"https:\/\/agora.xtec.cat\/ceipsantjulia\/wp-json\/wp\/v2\/comments?post=28"}],"version-history":[{"count":5,"href":"https:\/\/agora.xtec.cat\/ceipsantjulia\/wp-json\/wp\/v2\/pages\/28\/revisions"}],"predecessor-version":[{"id":4332,"href":"https:\/\/agora.xtec.cat\/ceipsantjulia\/wp-json\/wp\/v2\/pages\/28\/revisions\/4332"}],"up":[{"embeddable":true,"href":"https:\/\/agora.xtec.cat\/ceipsantjulia\/wp-json\/wp\/v2\/pages\/22"}],"wp:attachment":[{"href":"https:\/\/agora.xtec.cat\/ceipsantjulia\/wp-json\/wp\/v2\/media?parent=28"}],"curies":[{"name":"wp","href":"https:\/\/api.w.org\/{rel}","templated":true}]}}

<p style="text-align: center;"><strong>INFORMACIÓ A LES FAMÍLIES DE LA COMUNITAT EDUCATIVA</strong><br />
<strong>ELECCIONS AL CONSELL ESCOLAR</strong></p>
<p>El passat dia 6 d’octubre de 2025, el Departament d’Educació va publicar la resolució per renovar aquest curs el CONSELL ESCOLAR.</p>
<p>Informació que cal tenir en compte:</p>
<p><strong>QUÈ és el Consell Escolar de centre?</strong><br />
El Consell Escolar de centre és l’òrgan col·legiat de participació de tota la comunitat educativa en el<br />
govern de l’Escola.</p>
<p><strong>QUI forma part del Consell Escolar?</strong></p>
<p>En el consell escolar hi ha representats tots els col·lectius que intervenen en la comunitat educativa.<br />
Qualsevol persona de la nostra comunitat (famílies i equips de mestres i personal PAS/PAE) pot<br />
presentar-se a les eleccions que estan previstes per una resolució de convocatòria pública, la darrera ha estat la Resolució EDF/2520/2025, de 30 de juny’, per la qual s’estableix el calendari i el règim del procés electoral per renovar els membres dels consells escolars dels centres públics i privats sostinguts amb fons públics.</p>
<p><strong>Calendari del procés d’eleccions curs 2025-26:</strong></p>
<p><strong>A partir del 31 d’octubre </strong>s’inicia el termini per presentar reclamacions al cens provisional. El cens provisional del sector famílíes el trobareu penjat al tauler d’anuncis de secretaria per poder consultar-ho i fer les reclamacions oportunes, si escau.</p>
<p><strong>El dia 5 de novembre </strong>finalitzarà el termini per presentar reclamacions i es farà el sorteig per designar els vocals de les meses electorals.</p>
<p><strong>El dia 10 de novembre </strong>es resoldran les reclamacions del censos i electorals i s’aprovaran i publicaran els censos definitius. També es farà la Constitució de les meses electorals.</p>
<p><strong>Fins al 12 de novembre</strong> es poden presentar les candidatures a la secretaria del centre. Aquestes seran publicades aquell mateix dia 12.</p>
<p><strong>Fins al 13 de novembre</strong> es podran presentar sol·licituds per actuar de supervisor/a dels sector famílies.</p>
<p><strong>El dia 18 de novembre</strong> es duran a terme les <strong>votacions de professorat i personal PAS/PAE.</strong></p>
<p><strong>El dia 19 de novembre</strong> es realitzaran les <strong>votacions del sector famílies</strong> a partir de les 9h al vestíbul de l’entrada principal.</p>
<p>Del resultat de les eleccions per a la <strong>renovació del Consell Escolar de l’escola Sant Julià, </strong>la representació queda de la següent manera:</p>
<ul>
<li>Directora Bibiana Gastin Sánchez</li>
<li>Cap d&#8217;estudis Beatriz Torres Cecilia</li>
<li>Secretari/ària Laura Bautista Mas</li>
<li>Representant de l&#8217;Ajuntament Carme Pallès i Riera</li>
<li>Representant de l&#8217;AFA Núria Reinoso López</li>
<li>Representant famílies Alison Mejía Becerra</li>
<li>Representant famílies Irene Márquez González</li>
<li>Representant famílies Susana Gutiérrrez Rodríguez</li>
<li>Representant famílies Tamara Rodríguez Morán</li>
<li>Representant famílies Mayte Calvo Martín</li>
<li>Representant del PAE Gloria Serra Sallarés</li>
<li>Representant del PAS Ana Fernández Montero</li>
<li>Representant del professorat Alba Martínez Alonso</li>
<li>Representant del professorat Clara Gallego Mañez</li>
<li>Representant del professorat Esther Porcel Pérez</li>
<li>Representant del professorat Jèssica Pujolar Sánchez</li>
<li>Representant del professorat Nayara Carbó Moreno</li>
<li>Representant del professorat Sara Carrasco Corrales</li>
</ul>

<p>INFORMACIÓ A LES FAMÍLIES DE LA COMUNITAT EDUCATIVA ELECCIONS AL CONSELL ESCOLAR El passat dia 6 d’octubre de 2025, el Departament d’Educació va publicar la resolució per renovar aquest curs el CONSELL ESCOLAR. Informació que cal tenir en compte: QUÈ és el Consell Escolar de centre? El Consell Escolar de centre és l’òrgan col·legiat de [&hellip;]</p>
