{"id":22,"date":"2014-09-18T12:19:57","date_gmt":"2014-09-18T11:19:57","guid":{"rendered":"http:\/\/agora.xtec.cat\/ceipsantjulia\/?page_id=22"},"modified":"2026-03-22T18:04:36","modified_gmt":"2026-03-22T17:04:36","slug":"lescola","status":"publish","type":"page","link":"https:\/\/agora.xtec.cat\/ceipsantjulia\/lescola\/","title":{"rendered":"L&#8217;escola"},"content":{"rendered":"<p><span style=\"font-weight: 400;\">L\u2019<\/span><b>Escola Sant Juli\u00e0<\/b><span style=\"font-weight: 400;\"> \u00e9s un centre educatiu p\u00fablic situat a la zona nord de Sabadell. Es tracta d\u2019una escola d\u2019una l\u00ednia tant a educaci\u00f3 infantil com a prim\u00e0ria, amb l\u2019excepci\u00f3 de quart curs, on hi ha dues l\u00ednies. En total, compta amb aproximadament 197 alumnes, distribu\u00efts en 10 grups classe: 3 corresponents a educaci\u00f3 infantil i 7 a educaci\u00f3 prim\u00e0ria.<\/span><\/p>\n<p><span style=\"font-weight: 400;\">L\u2019escola tamb\u00e9 acull un SIEI i disposa de diversos professionals de suport a l&#8217;educaci\u00f3 inclusiva, amb una tutora SIEI, una educadora d\u2019educaci\u00f3 especial, una t\u00e8cnica d\u2019educaci\u00f3 infantil, dues vetlladores, aix\u00ed com una integradora social i una mediadora.\u00a0<\/span><\/p>\n<p><span style=\"font-weight: 400;\">\u00c9s un centre amb alumnat procedent dels barris de la Plana del Pintor, Ca n\u2019Oriac, Can Deu i Sant Juli\u00e0.\u00a0 La nostra atenci\u00f3 educativa s&#8217;adapta al context social i cultural del barri i es realitza un treball coordinat i amb xarxa per afavorir la inclusi\u00f3 i la igualtat d\u2019oportunitats.<\/span><\/p>\n<p>La zona disposa d\u2019un teixit ve\u00efnal actiu i d\u2019equipaments comunitaris que poden actuar com a elements facilitadors per a la cohesi\u00f3 social i el desenvolupament de projectes educatius. Com a oferta educativa formal de l\u2019entorn destaquen el Servei d\u2019Atenci\u00f3 Socioeducativa (SIS) del Nord i l\u2019Associaci\u00f3 Esportiva i l\u2019Espai Jove de Can Deu. I com a recursos socioculturals de l\u2019entorn trobem la Biblioteca del Nord, La Sala Miguel Hern\u00e1ndez, El Pavell\u00f3 Nord i el CAP.<\/p>\n<p>A la zona hi ha dos centres p\u00fablics de secund\u00e0ria, l\u2019institut Jonqueres i Joan Oliver, amb els quals es fan coordinacions per afavorir una transici\u00f3 adequada de l\u2019alumnat a l\u2019ESO.<\/p>\n","protected":false},"excerpt":{"rendered":"<p>L\u2019Escola Sant Juli\u00e0 \u00e9s un centre educatiu p\u00fablic situat a la zona nord de Sabadell. Es tracta d\u2019una escola d\u2019una l\u00ednia tant a educaci\u00f3 infantil com a prim\u00e0ria, amb l\u2019excepci\u00f3 de quart curs, on hi ha dues l\u00ednies. En total, compta amb aproximadament 197 alumnes, distribu\u00efts en 10 grups classe: 3 corresponents a educaci\u00f3 infantil [&hellip;]<\/p>\n","protected":false},"author":1,"featured_media":0,"parent":0,"menu_order":0,"comment_status":"closed","ping_status":"closed","template":"","meta":{"_bbp_topic_count":0,"_bbp_reply_count":0,"_bbp_total_topic_count":0,"_bbp_total_reply_count":0,"_bbp_voice_count":0,"_bbp_anonymous_reply_count":0,"_bbp_topic_count_hidden":0,"_bbp_reply_count_hidden":0,"_bbp_forum_subforum_count":0,"site-sidebar-layout":"default","site-content-layout":"","ast-site-content-layout":"default","site-content-style":"default","site-sidebar-style":"default","ast-global-header-display":"","ast-banner-title-visibility":"","ast-main-header-display":"","ast-hfb-above-header-display":"","ast-hfb-below-header-display":"","ast-hfb-mobile-header-display":"","site-post-title":"","ast-breadcrumbs-content":"","ast-featured-img":"","footer-sml-layout":"","theme-transparent-header-meta":"default","adv-header-id-meta":"","stick-header-meta":"","header-above-stick-meta":"","header-main-stick-meta":"","header-below-stick-meta":"","astra-migrate-meta-layouts":"set","ast-page-background-enabled":"default","ast-page-background-meta":{"desktop":{"background-color":"var(--ast-global-color-4)","background-image":"","background-repeat":"repeat","background-position":"center center","background-size":"auto","background-attachment":"scroll","background-type":"","background-media":"","overlay-type":"","overlay-color":"","overlay-opacity":"","overlay-gradient":""},"tablet":{"background-color":"","background-image":"","background-repeat":"repeat","background-position":"center center","background-size":"auto","background-attachment":"scroll","background-type":"","background-media":"","overlay-type":"","overlay-color":"","overlay-opacity":"","overlay-gradient":""},"mobile":{"background-color":"","background-image":"","background-repeat":"repeat","background-position":"center center","background-size":"auto","background-attachment":"scroll","background-type":"","background-media":"","overlay-type":"","overlay-color":"","overlay-opacity":"","overlay-gradient":""}},"ast-content-background-meta":{"desktop":{"background-color":"var(--ast-global-color-5)","background-image":"","background-repeat":"repeat","background-position":"center center","background-size":"auto","background-attachment":"scroll","background-type":"","background-media":"","overlay-type":"","overlay-color":"","overlay-opacity":"","overlay-gradient":""},"tablet":{"background-color":"var(--ast-global-color-5)","background-image":"","background-repeat":"repeat","background-position":"center center","background-size":"auto","background-attachment":"scroll","background-type":"","background-media":"","overlay-type":"","overlay-color":"","overlay-opacity":"","overlay-gradient":""},"mobile":{"background-color":"var(--ast-global-color-5)","background-image":"","background-repeat":"repeat","background-position":"center center","background-size":"auto","background-attachment":"scroll","background-type":"","background-media":"","overlay-type":"","overlay-color":"","overlay-opacity":"","overlay-gradient":""}},"footnotes":""},"class_list":["post-22","page","type-page","status-publish","hentry"],"post_mailing_queue_ids":[],"_links":{"self":[{"href":"https:\/\/agora.xtec.cat\/ceipsantjulia\/wp-json\/wp\/v2\/pages\/22","targetHints":{"allow":["GET"]}}],"collection":[{"href":"https:\/\/agora.xtec.cat\/ceipsantjulia\/wp-json\/wp\/v2\/pages"}],"about":[{"href":"https:\/\/agora.xtec.cat\/ceipsantjulia\/wp-json\/wp\/v2\/types\/page"}],"author":[{"embeddable":true,"href":"https:\/\/agora.xtec.cat\/ceipsantjulia\/wp-json\/wp\/v2\/users\/1"}],"replies":[{"embeddable":true,"href":"https:\/\/agora.xtec.cat\/ceipsantjulia\/wp-json\/wp\/v2\/comments?post=22"}],"version-history":[{"count":6,"href":"https:\/\/agora.xtec.cat\/ceipsantjulia\/wp-json\/wp\/v2\/pages\/22\/revisions"}],"predecessor-version":[{"id":4421,"href":"https:\/\/agora.xtec.cat\/ceipsantjulia\/wp-json\/wp\/v2\/pages\/22\/revisions\/4421"}],"wp:attachment":[{"href":"https:\/\/agora.xtec.cat\/ceipsantjulia\/wp-json\/wp\/v2\/media?parent=22"}],"curies":[{"name":"wp","href":"https:\/\/api.w.org\/{rel}","templated":true}]}}

<p><span style="font-weight: 400;">L’</span><b>Escola Sant Julià</b><span style="font-weight: 400;"> és un centre educatiu públic situat a la zona nord de Sabadell. Es tracta d’una escola d’una línia tant a educació infantil com a primària, amb l’excepció de quart curs, on hi ha dues línies. En total, compta amb aproximadament 197 alumnes, distribuïts en 10 grups classe: 3 corresponents a educació infantil i 7 a educació primària.</span></p>
<p><span style="font-weight: 400;">L’escola també acull un SIEI i disposa de diversos professionals de suport a l&#8217;educació inclusiva, amb una tutora SIEI, una educadora d’educació especial, una tècnica d’educació infantil, dues vetlladores, així com una integradora social i una mediadora. </span></p>
<p><span style="font-weight: 400;">És un centre amb alumnat procedent dels barris de la Plana del Pintor, Ca n’Oriac, Can Deu i Sant Julià.  La nostra atenció educativa s&#8217;adapta al context social i cultural del barri i es realitza un treball coordinat i amb xarxa per afavorir la inclusió i la igualtat d’oportunitats.</span></p>
<p>La zona disposa d’un teixit veïnal actiu i d’equipaments comunitaris que poden actuar com a elements facilitadors per a la cohesió social i el desenvolupament de projectes educatius. Com a oferta educativa formal de l’entorn destaquen el Servei d’Atenció Socioeducativa (SIS) del Nord i l’Associació Esportiva i l’Espai Jove de Can Deu. I com a recursos socioculturals de l’entorn trobem la Biblioteca del Nord, La Sala Miguel Hernández, El Pavelló Nord i el CAP.</p>
<p>A la zona hi ha dos centres públics de secundària, l’institut Jonqueres i Joan Oliver, amb els quals es fan coordinacions per afavorir una transició adequada de l’alumnat a l’ESO.</p>

<p>L’Escola Sant Julià és un centre educatiu públic situat a la zona nord de Sabadell. Es tracta d’una escola d’una línia tant a educació infantil com a primària, amb l’excepció de quart curs, on hi ha dues línies. En total, compta amb aproximadament 197 alumnes, distribuïts en 10 grups classe: 3 corresponents a educació infantil [&hellip;]</p>
