{"id":64,"date":"2014-09-18T12:39:08","date_gmt":"2014-09-18T11:39:08","guid":{"rendered":"http:\/\/agora.xtec.cat\/ceipsantjordimollet\/?page_id=64"},"modified":"2025-11-03T15:55:44","modified_gmt":"2025-11-03T14:55:44","slug":"projecte-educatiu","status":"publish","type":"page","link":"https:\/\/agora.xtec.cat\/ceipsantjordimollet\/projecte-educatiu\/","title":{"rendered":"Documentaci\u00f3"},"content":{"rendered":"<p>En aquest apartat trobareu tota la documentaci\u00f3 oficial de la nostra Escola.<\/p>\n<h3>Projecte Educatiu de Centre (PEC)<\/h3>\n<p>El Projecte Educatiu de Centre \u00a0\u00e9s el document fonamental i l&#8217;instrument de planificaci\u00f3 institucional que defineix la identitat i el car\u00e0cter propi d&#8217;una escola o institut. En ess\u00e8ncia, \u00e9s la carta de navegaci\u00f3 del centre.<\/p>\n<p>Serveix de marc de refer\u00e8ncia i guia per a totes les activitats del centre i garanteix la coher\u00e8ncia de l&#8217;acci\u00f3 docent i educativa, tot adaptant-se a les lleis d&#8217;educaci\u00f3 vigents.<\/p>\n<p><a href=\"https:\/\/agora.xtec.cat\/ceipsantjordimollet\/wp-content\/uploads\/usu1123\/2020\/02\/PE.pdf\" target=\"_blank\" rel=\"noopener\"><img loading=\"lazy\" decoding=\"async\" class=\"alignnone wp-image-591 size-full\" src=\"https:\/\/agora.xtec.cat\/ceipsantjordimollet\/wp-content\/uploads\/usu1123\/2020\/02\/pe.jpeg\" alt=\"\" width=\"202\" height=\"150\" srcset=\"https:\/\/agora.xtec.cat\/ceipsantjordimollet\/wp-content\/uploads\/usu1123\/2020\/02\/pe.jpeg 202w, https:\/\/agora.xtec.cat\/ceipsantjordimollet\/wp-content\/uploads\/usu1123\/2020\/02\/pe-200x150.jpeg 200w\" sizes=\"auto, (max-width: 202px) 100vw, 202px\" \/><\/a><\/p>\n<h3>Pla ling\u00fc\u00edstic de centre (PLC)<\/h3>\n<p>El Pla Ling\u00fc\u00edstic de Centre \u00a0\u00e9s un document essencial que forma part del Projecte Educatiu de Centre (PEC) i que defineix i regula l&#8217;\u00fas i l&#8217;ensenyament de totes les lleng\u00fces presents a l&#8217;escola o institut. \ud83d\udcdd<\/p>\n<p>En resum, el PLC \u00e9s l&#8217;eina que assegura la coher\u00e8ncia i l&#8217;efic\u00e0cia en l&#8217;adquisici\u00f3 de les compet\u00e8ncies pluriling\u00fces de l&#8217;alumnat.<\/p>\n<p><a href=\"https:\/\/agora.xtec.cat\/ceipsantjordimollet\/wp-content\/uploads\/usu1123\/2023\/02\/Projecte-Linguistic-de-Centre-.pdf\" target=\"_blank\" rel=\"noopener\"><img loading=\"lazy\" decoding=\"async\" class=\"alignnone wp-image-592 size-medium\" src=\"https:\/\/agora.xtec.cat\/ceipsantjordimollet\/wp-content\/uploads\/usu1123\/2020\/02\/pl-300x151.jpg\" alt=\"\" width=\"300\" height=\"151\" srcset=\"https:\/\/agora.xtec.cat\/ceipsantjordimollet\/wp-content\/uploads\/usu1123\/2020\/02\/pl-300x151.jpg 300w, https:\/\/agora.xtec.cat\/ceipsantjordimollet\/wp-content\/uploads\/usu1123\/2020\/02\/pl-768x387.jpg 768w, https:\/\/agora.xtec.cat\/ceipsantjordimollet\/wp-content\/uploads\/usu1123\/2020\/02\/pl.jpg 793w\" sizes=\"auto, (max-width: 300px) 100vw, 300px\" \/><\/a><\/p>\n<h3>Normes d&#8217;organitzaci\u00f3 i funcionament del centre escolar (NOFC)<\/h3>\n<p>Les Normes d&#8217;Organitzaci\u00f3 i Funcionament del Centre\u00a0s\u00f3n el document intern que recull el conjunt d&#8217;acords, decisions i regles que regulen el dia a dia, l&#8217;estructura i la conviv\u00e8ncia d&#8217;una escola o institut.<\/p>\n<p>S\u00f3n, essencialment, el &#8220;reglament intern&#8221; de l&#8217;escola que fa possible que el Projecte Educatiu de Centre (PEC) es pugui aplicar a la pr\u00e0ctica.<\/p>\n<p><a href=\"https:\/\/agora.xtec.cat\/ceipsantjordimollet\/docs\/normes-de-funcionament-del-centre\/\" target=\"_blank\" rel=\"noopener\"><img loading=\"lazy\" decoding=\"async\" class=\"alignnone wp-image-590 size-full\" src=\"https:\/\/agora.xtec.cat\/ceipsantjordimollet\/wp-content\/uploads\/usu1123\/2020\/02\/NOFC.jpeg\" alt=\"\" width=\"246\" height=\"150\" \/><\/a><\/p>\n<h3>Estrat\u00e8gia digital de centre (EDC)<\/h3>\n<p>L&#8217;Estrat\u00e8gia Digital de Centre\u00a0\u00e9s el document de planificaci\u00f3 estrat\u00e8gica que defineix les l\u00ednies d&#8217;actuaci\u00f3 i les accions a mitj\u00e0 termini d&#8217;una escola o institut per tal d&#8217;assolir la m\u00e0xima compet\u00e8ncia digital<\/p>\n<p><a href=\"https:\/\/sites.google.com\/ceipsantjordimollet.cat\/edc-escola-sant-jordi-mollet\/edc\" target=\"_blank\" rel=\"noopener\"><img loading=\"lazy\" decoding=\"async\" class=\"alignleft wp-image-4671 size-medium\" src=\"https:\/\/agora.xtec.cat\/ceipsantjordimollet\/wp-content\/uploads\/usu1123\/2025\/10\/image-300x123.png\" alt=\"\" width=\"300\" height=\"123\" srcset=\"https:\/\/agora.xtec.cat\/ceipsantjordimollet\/wp-content\/uploads\/usu1123\/2025\/10\/image-300x123.png 300w, https:\/\/agora.xtec.cat\/ceipsantjordimollet\/wp-content\/uploads\/usu1123\/2025\/10\/image-1024x419.png 1024w, https:\/\/agora.xtec.cat\/ceipsantjordimollet\/wp-content\/uploads\/usu1123\/2025\/10\/image-768x315.png 768w, https:\/\/agora.xtec.cat\/ceipsantjordimollet\/wp-content\/uploads\/usu1123\/2025\/10\/image.png 1328w\" sizes=\"auto, (max-width: 300px) 100vw, 300px\" \/><\/a><\/p>\n\n\n<p><\/p>\n","protected":false},"excerpt":{"rendered":"<p>En aquest apartat trobareu tota la documentaci\u00f3 oficial de la nostra Escola.<br \/>\nProjecte Educatiu de Centre (PEC)<br \/>\nEl Projecte Educatiu de Centre \u00a0\u00e9s el document fonamental i l&#8217;instrument de planificaci\u00f3 institucional que defineix la identitat i el car\u00e0cter propi d&#8217;una escola o institut. En ess\u00e8ncia, \u00e9s la&hellip;  <a href=\"https:\/\/agora.xtec.cat\/ceipsantjordimollet\/projecte-educatiu\/\" title=\"Read Documentaci\u00f3\">Llegeix m\u00e9s\u00bb<\/a><\/p>\n","protected":false},"author":1,"featured_media":0,"parent":0,"menu_order":0,"comment_status":"closed","ping_status":"closed","template":"page-templates\/side-menu.php","meta":{"_bbp_topic_count":0,"_bbp_reply_count":0,"_bbp_total_topic_count":0,"_bbp_total_reply_count":0,"_bbp_voice_count":0,"_bbp_anonymous_reply_count":0,"_bbp_topic_count_hidden":0,"_bbp_reply_count_hidden":0,"_bbp_forum_subforum_count":0,"footnotes":""},"class_list":["post-64","page","type-page","status-publish","hentry"],"post_mailing_queue_ids":[],"_links":{"self":[{"href":"https:\/\/agora.xtec.cat\/ceipsantjordimollet\/wp-json\/wp\/v2\/pages\/64","targetHints":{"allow":["GET"]}}],"collection":[{"href":"https:\/\/agora.xtec.cat\/ceipsantjordimollet\/wp-json\/wp\/v2\/pages"}],"about":[{"href":"https:\/\/agora.xtec.cat\/ceipsantjordimollet\/wp-json\/wp\/v2\/types\/page"}],"author":[{"embeddable":true,"href":"https:\/\/agora.xtec.cat\/ceipsantjordimollet\/wp-json\/wp\/v2\/users\/1"}],"replies":[{"embeddable":true,"href":"https:\/\/agora.xtec.cat\/ceipsantjordimollet\/wp-json\/wp\/v2\/comments?post=64"}],"version-history":[{"count":6,"href":"https:\/\/agora.xtec.cat\/ceipsantjordimollet\/wp-json\/wp\/v2\/pages\/64\/revisions"}],"predecessor-version":[{"id":4714,"href":"https:\/\/agora.xtec.cat\/ceipsantjordimollet\/wp-json\/wp\/v2\/pages\/64\/revisions\/4714"}],"wp:attachment":[{"href":"https:\/\/agora.xtec.cat\/ceipsantjordimollet\/wp-json\/wp\/v2\/media?parent=64"}],"curies":[{"name":"wp","href":"https:\/\/api.w.org\/{rel}","templated":true}]}}