{"id":1226,"date":"2020-03-03T13:05:44","date_gmt":"2020-03-03T12:05:44","guid":{"rendered":"https:\/\/agora.xtec.cat\/ceipsantjordi\/?page_id=1226"},"modified":"2025-09-03T14:16:50","modified_gmt":"2025-09-03T12:16:50","slug":"qui-som","status":"publish","type":"page","link":"https:\/\/agora.xtec.cat\/ceipsantjordi\/lescola\/qui-som\/","title":{"rendered":"Qui som?"},"content":{"rendered":"<h2 style=\"text-align: center;\"><span style=\"text-decoration: underline; color: #008080;\"><strong>CLAUSTRE 2025-2026<\/strong><\/span><\/h2>\n<h4 style=\"text-align: left;\"><span style=\"color: #008080;\"><strong>Petits<\/strong><\/span><\/h4>\n<p style=\"text-align: left;\"><strong><span style=\"color: #000000;\">Inf 3 &#8211; Raquel Sau i Casadevall <\/span><\/strong><\/p>\n<p style=\"text-align: left;\"><strong><span style=\"color: #000000;\">inf 4 &#8211; Eva Brugu\u00e9s i Triola<\/span><\/strong><\/p>\n<p style=\"text-align: left;\"><strong><span style=\"color: #000000;\">Inf 5 &#8211; Neus Batall\u00e9 i Soler<\/span><\/strong><\/p>\n<h4 style=\"text-align: left;\"><span style=\"color: #008080;\"><strong>Mitjans<\/strong><\/span><\/h4>\n<p style=\"text-align: left;\"><strong>1r &#8211; <strong style=\"font-family: inherit; font-size: 1em;\">Llu\u00efsa Oliu i Agust\u00ed<\/strong><\/strong><\/p>\n<p style=\"text-align: left;\"><strong>2n &#8211; <strong style=\"font-family: inherit; font-size: 1em;\">Coral Saus i Raurell<\/strong><\/strong><\/p>\n<p style=\"text-align: left;\"><strong style=\"font-family: inherit; font-size: 1em;\">3r &#8211; <strong>M\u00f2nica Casacuberta i Puig<\/strong><\/strong><\/p>\n<h4><\/h4>\n<h4 style=\"text-align: left;\"><span style=\"color: #008080;\"><strong>Grans<\/strong><\/span><\/h4>\n<p style=\"text-align: left;\"><strong>4t &#8211; S\u00edlvia P\u00e9rez i Puig<\/strong><\/p>\n<p style=\"text-align: left;\"><strong>5\u00e8 &#8211; Esther G\u00f3mez i Torrent<\/strong><\/p>\n<p style=\"text-align: left;\"><strong>6\u00e8 &#8211; Virg\u00ednia D\u00edaz i Prieto<\/strong><\/p>\n<h4><\/h4>\n<h4 style=\"text-align: left;\"><span style=\"color: #008080;\"><strong>Especialistes<\/strong><\/span><\/h4>\n<p style=\"text-align: left;\"><strong>&#8211; Llengua Anglesa: Anna Puig i Oliveras i Albert Clavijos i Moreno.\u00a0<\/strong><\/p>\n<p style=\"text-align: left;\"><strong>&#8211; Educaci\u00f3 F\u00edsica: Imma Costa i Bartol\u00ed<\/strong><\/p>\n<p style=\"text-align: left;\"><strong>&#8211; MESI: Eva Seriny\u00e0 i Suy i Virg\u00ednia D\u00edaz i Prieto.<\/strong><\/p>\n<p><strong>&#8211; Suport prim\u00e0ria: Judith Bonaterra i Dan\u00e9s i Albert Clavijos i Moreno.\u00a0<\/strong><\/p>\n<p style=\"text-align: left;\"><strong>&#8211; M\u00fasica: Carina Cullell i Masallera.\u00a0<\/strong><\/p>\n<p style=\"text-align: left;\"><strong>&#8211; Valors c\u00edvics i \u00e8tics: Carme Puigderrajols i Arimany<\/strong><\/p>\n<p style=\"text-align: left;\"><strong>&#8211; Vetlladora: Marta Serrallonga i Puigdemont i Raquel Pujol<\/strong><\/p>\n<p style=\"text-align: left;\"><strong>&#8211; Administratiu: Jordi S\u00e1nchez\u00a0 i Dub\u00e9 (cada dia de 9h-14h)<\/strong><\/p>\n<h4><\/h4>\n<h4 style=\"text-align: left;\"><span style=\"color: #008080;\"><strong>Equip Directiu\u00a0<\/strong><\/span><\/h4>\n<p style=\"text-align: left;\"><strong>&#8211; Directora: S\u00edlvia P\u00e9rez i Puig<\/strong><\/p>\n<p style=\"text-align: left;\"><strong>&#8211; Cap d&#8217;Estudis: Coral Saus i Raurell<\/strong><\/p>\n<p style=\"text-align: left;\"><strong>&#8211; Secret\u00e0ria: Neus Batall\u00e9 i Soler<\/strong><\/p>\n<p><a href=\"https:\/\/agora.xtec.cat\/ceipsantjordi\/wp-content\/uploads\/usu1483\/2025\/09\/WhatsApp-Image-2025-09-03-at-11.12.20-2.jpeg\"><img loading=\"lazy\" decoding=\"async\" class=\"alignnone size-large wp-image-6953\" src=\"https:\/\/agora.xtec.cat\/ceipsantjordi\/wp-content\/uploads\/usu1483\/2025\/09\/WhatsApp-Image-2025-09-03-at-11.12.20-2-1024x768.jpeg\" alt=\"\" width=\"1024\" height=\"768\" srcset=\"https:\/\/agora.xtec.cat\/ceipsantjordi\/wp-content\/uploads\/usu1483\/2025\/09\/WhatsApp-Image-2025-09-03-at-11.12.20-2-1024x768.jpeg 1024w, https:\/\/agora.xtec.cat\/ceipsantjordi\/wp-content\/uploads\/usu1483\/2025\/09\/WhatsApp-Image-2025-09-03-at-11.12.20-2-300x225.jpeg 300w, https:\/\/agora.xtec.cat\/ceipsantjordi\/wp-content\/uploads\/usu1483\/2025\/09\/WhatsApp-Image-2025-09-03-at-11.12.20-2-768x576.jpeg 768w, https:\/\/agora.xtec.cat\/ceipsantjordi\/wp-content\/uploads\/usu1483\/2025\/09\/WhatsApp-Image-2025-09-03-at-11.12.20-2-1536x1152.jpeg 1536w, https:\/\/agora.xtec.cat\/ceipsantjordi\/wp-content\/uploads\/usu1483\/2025\/09\/WhatsApp-Image-2025-09-03-at-11.12.20-2-200x150.jpeg 200w, https:\/\/agora.xtec.cat\/ceipsantjordi\/wp-content\/uploads\/usu1483\/2025\/09\/WhatsApp-Image-2025-09-03-at-11.12.20-2.jpeg 1600w\" sizes=\"auto, (max-width: 1024px) 100vw, 1024px\" \/><\/a><\/p>\n<p>&nbsp;<\/p>\n<p>&nbsp;<\/p>\n<h4 style=\"text-align: center;\"><\/h4>\n<p>&nbsp;<\/p>\n<h4 style=\"text-align: center;\"><\/h4>\n","protected":false},"excerpt":{"rendered":"<p>CLAUSTRE 2025-2026<br \/>\nPetits<br \/>\nInf 3 &#8211; Raquel Sau i Casadevall<br \/>\ninf 4 &#8211; Eva Brugu\u00e9s i Triola<br \/>\nInf 5 &#8211; Neus Batall\u00e9 i Soler<br \/>\nMitjans<br \/>\n1r &#8211; Llu\u00efsa Oliu i Agust\u00ed<br \/>\n2n &#8211; Coral Saus i Raurell<br \/>\n3r &#8211; M\u00f2nica Casacuberta i Puig<\/p>\n<p>Grans<br \/>\n4t &#8211; S\u00edlvia P\u00e9rez i Puig<br \/>\n5\u00e8 &#8211; Esther G\u00f3mez i&hellip;  <a href=\"https:\/\/agora.xtec.cat\/ceipsantjordi\/lescola\/qui-som\/\" title=\"Read Qui som?\">Llegeix m\u00e9s\u00bb<\/a><\/p>\n","protected":false},"author":1,"featured_media":0,"parent":22,"menu_order":5,"comment_status":"closed","ping_status":"closed","template":"page-templates\/side-menu.php","meta":{"_bbp_topic_count":0,"_bbp_reply_count":0,"_bbp_total_topic_count":0,"_bbp_total_reply_count":0,"_bbp_voice_count":0,"_bbp_anonymous_reply_count":0,"_bbp_topic_count_hidden":0,"_bbp_reply_count_hidden":0,"_bbp_forum_subforum_count":0,"footnotes":""},"class_list":["post-1226","page","type-page","status-publish","hentry"],"post_mailing_queue_ids":[],"_links":{"self":[{"href":"https:\/\/agora.xtec.cat\/ceipsantjordi\/wp-json\/wp\/v2\/pages\/1226","targetHints":{"allow":["GET"]}}],"collection":[{"href":"https:\/\/agora.xtec.cat\/ceipsantjordi\/wp-json\/wp\/v2\/pages"}],"about":[{"href":"https:\/\/agora.xtec.cat\/ceipsantjordi\/wp-json\/wp\/v2\/types\/page"}],"author":[{"embeddable":true,"href":"https:\/\/agora.xtec.cat\/ceipsantjordi\/wp-json\/wp\/v2\/users\/1"}],"replies":[{"embeddable":true,"href":"https:\/\/agora.xtec.cat\/ceipsantjordi\/wp-json\/wp\/v2\/comments?post=1226"}],"version-history":[{"count":6,"href":"https:\/\/agora.xtec.cat\/ceipsantjordi\/wp-json\/wp\/v2\/pages\/1226\/revisions"}],"predecessor-version":[{"id":6954,"href":"https:\/\/agora.xtec.cat\/ceipsantjordi\/wp-json\/wp\/v2\/pages\/1226\/revisions\/6954"}],"up":[{"embeddable":true,"href":"https:\/\/agora.xtec.cat\/ceipsantjordi\/wp-json\/wp\/v2\/pages\/22"}],"wp:attachment":[{"href":"https:\/\/agora.xtec.cat\/ceipsantjordi\/wp-json\/wp\/v2\/media?parent=1226"}],"curies":[{"name":"wp","href":"https:\/\/api.w.org\/{rel}","templated":true}]}}

<h2 style="text-align: center;"><span style="text-decoration: underline; color: #008080;"><strong>CLAUSTRE 2025-2026</strong></span></h2>
<h4 style="text-align: left;"><span style="color: #008080;"><strong>Petits</strong></span></h4>
<p style="text-align: left;"><strong><span style="color: #000000;">Inf 3 &#8211; Raquel Sau i Casadevall </span></strong></p>
<p style="text-align: left;"><strong><span style="color: #000000;">inf 4 &#8211; Eva Brugués i Triola</span></strong></p>
<p style="text-align: left;"><strong><span style="color: #000000;">Inf 5 &#8211; Neus Batallé i Soler</span></strong></p>
<h4 style="text-align: left;"><span style="color: #008080;"><strong>Mitjans</strong></span></h4>
<p style="text-align: left;"><strong>1r &#8211; <strong style="font-family: inherit; font-size: 1em;">Lluïsa Oliu i Agustí</strong></strong></p>
<p style="text-align: left;"><strong>2n &#8211; <strong style="font-family: inherit; font-size: 1em;">Coral Saus i Raurell</strong></strong></p>
<p style="text-align: left;"><strong style="font-family: inherit; font-size: 1em;">3r &#8211; <strong>Mònica Casacuberta i Puig</strong></strong></p>
<h4></h4>
<h4 style="text-align: left;"><span style="color: #008080;"><strong>Grans</strong></span></h4>
<p style="text-align: left;"><strong>4t &#8211; Sílvia Pérez i Puig</strong></p>
<p style="text-align: left;"><strong>5è &#8211; Esther Gómez i Torrent</strong></p>
<p style="text-align: left;"><strong>6è &#8211; Virgínia Díaz i Prieto</strong></p>
<h4></h4>
<h4 style="text-align: left;"><span style="color: #008080;"><strong>Especialistes</strong></span></h4>
<p style="text-align: left;"><strong>&#8211; Llengua Anglesa: Anna Puig i Oliveras i Albert Clavijos i Moreno. </strong></p>
<p style="text-align: left;"><strong>&#8211; Educació Física: Imma Costa i Bartolí</strong></p>
<p style="text-align: left;"><strong>&#8211; MESI: Eva Serinyà i Suy i Virgínia Díaz i Prieto.</strong></p>
<p><strong>&#8211; Suport primària: Judith Bonaterra i Danés i Albert Clavijos i Moreno. </strong></p>
<p style="text-align: left;"><strong>&#8211; Música: Carina Cullell i Masallera. </strong></p>
<p style="text-align: left;"><strong>&#8211; Valors cívics i ètics: Carme Puigderrajols i Arimany</strong></p>
<p style="text-align: left;"><strong>&#8211; Vetlladora: Marta Serrallonga i Puigdemont i Raquel Pujol</strong></p>
<p style="text-align: left;"><strong>&#8211; Administratiu: Jordi Sánchez  i Dubé (cada dia de 9h-14h)</strong></p>
<h4></h4>
<h4 style="text-align: left;"><span style="color: #008080;"><strong>Equip Directiu </strong></span></h4>
<p style="text-align: left;"><strong>&#8211; Directora: Sílvia Pérez i Puig</strong></p>
<p style="text-align: left;"><strong>&#8211; Cap d&#8217;Estudis: Coral Saus i Raurell</strong></p>
<p style="text-align: left;"><strong>&#8211; Secretària: Neus Batallé i Soler</strong></p>
<p><a href="https://agora.xtec.cat/ceipsantjordi/wp-content/uploads/usu1483/2025/09/WhatsApp-Image-2025-09-03-at-11.12.20-2.jpeg"><img loading="lazy" decoding="async" class="alignnone size-large wp-image-6953" src="https://agora.xtec.cat/ceipsantjordi/wp-content/uploads/usu1483/2025/09/WhatsApp-Image-2025-09-03-at-11.12.20-2-1024x768.jpeg" alt="" width="1024" height="768" srcset="https://agora.xtec.cat/ceipsantjordi/wp-content/uploads/usu1483/2025/09/WhatsApp-Image-2025-09-03-at-11.12.20-2-1024x768.jpeg 1024w, https://agora.xtec.cat/ceipsantjordi/wp-content/uploads/usu1483/2025/09/WhatsApp-Image-2025-09-03-at-11.12.20-2-300x225.jpeg 300w, https://agora.xtec.cat/ceipsantjordi/wp-content/uploads/usu1483/2025/09/WhatsApp-Image-2025-09-03-at-11.12.20-2-768x576.jpeg 768w, https://agora.xtec.cat/ceipsantjordi/wp-content/uploads/usu1483/2025/09/WhatsApp-Image-2025-09-03-at-11.12.20-2-1536x1152.jpeg 1536w, https://agora.xtec.cat/ceipsantjordi/wp-content/uploads/usu1483/2025/09/WhatsApp-Image-2025-09-03-at-11.12.20-2-200x150.jpeg 200w, https://agora.xtec.cat/ceipsantjordi/wp-content/uploads/usu1483/2025/09/WhatsApp-Image-2025-09-03-at-11.12.20-2.jpeg 1600w" sizes="auto, (max-width: 1024px) 100vw, 1024px" /></a></p>
<p>&nbsp;</p>
<p>&nbsp;</p>
<h4 style="text-align: center;"></h4>
<p>&nbsp;</p>
<h4 style="text-align: center;"></h4>

<p>CLAUSTRE 2025-2026<br />
Petits<br />
Inf 3 &#8211; Raquel Sau i Casadevall<br />
inf 4 &#8211; Eva Brugués i Triola<br />
Inf 5 &#8211; Neus Batallé i Soler<br />
Mitjans<br />
1r &#8211; Lluïsa Oliu i Agustí<br />
2n &#8211; Coral Saus i Raurell<br />
3r &#8211; Mònica Casacuberta i Puig</p>
<p>Grans<br />
4t &#8211; Sílvia Pérez i Puig<br />
5è &#8211; Esther Gómez i&hellip;  <a href="https://agora.xtec.cat/ceipsantjordi/lescola/qui-som/" title="Read Qui som?">Llegeix més»</a></p>
