{"id":8829,"date":"2019-01-03T17:33:50","date_gmt":"2019-01-03T16:33:50","guid":{"rendered":"http:\/\/agora.xtec.cat\/ceipsantjordi-massanet\/?page_id=8829"},"modified":"2019-01-13T15:30:14","modified_gmt":"2019-01-13T14:30:14","slug":"primaria","status":"publish","type":"page","link":"https:\/\/agora.xtec.cat\/ceipsantjordi-massanet\/primaria\/","title":{"rendered":"Prim\u00e0ria"},"content":{"rendered":"<p>L&#8217;educaci\u00f3 prim\u00e0ria \u00e9s l&#8217;etapa educativa de car\u00e0cter obligatori i gratu\u00eft que compr\u00e8n sis cursos acad\u00e8mics i s&#8217;organitza en tres cicles de dos cursos: cicle inicial, cicle mitj\u00e0 i cicle superior. Amb car\u00e0cter general, s&#8217;inicia l&#8217;any natural que es compleixen 6 anys i es cursa fins als 12 anys.<\/p>\n<p>La finalitat de l&#8217;educaci\u00f3 prim\u00e0ria \u00e9s preparar els alumnes perqu\u00e8 puguin donar respostes innovadores en una societat canviant i en evoluci\u00f3 constant. Els nens han d&#8217;aprendre a pensar i actuar de manera integrada, considerant les interconnexions i interrelacions entre els aprenentatges. S&#8217;ha de promoure, de manera transversal, l&#8217;adquisici\u00f3 d&#8217;h\u00e0bits i valors per resoldre problemes i situacions des de qualsevol de les \u00e0rees curriculars, s&#8217;ha de fomentar la iniciativa, la creativitat, l&#8217;esperit cr\u00edtic i el gust per aprendre, i s&#8217;ha de desenvolupar la capacitat de l&#8217;esfor\u00e7 i la cultura del treball.<\/p>\n<p>Els continguts de les \u00e0rees com a element fonamental per a l&#8217;assoliment de les compet\u00e8ncies s&#8217;organitzen amb un enfocament integral, multifuncional i transferible de coneixements, destreses i actituds que tots els individus necessiten per al seu desenvolupament personal i social. Aquests continguts degudament combinats i contextualitzats permeten assolir, en acabar l&#8217;ensenyament obligatori, les compet\u00e8ncies b\u00e0siques, la base per continuar l&#8217;aprenentatge al llarg de la vida i per poder desenvolupar projectes individuals i col\u00b7lectius.<\/p>\n","protected":false},"excerpt":{"rendered":"<p>L&#8217;educaci\u00f3 prim\u00e0ria \u00e9s l&#8217;etapa educativa de car\u00e0cter obligatori i gratu\u00eft que compr\u00e8n sis cursos acad\u00e8mics i s&#8217;organitza en tres cicles de dos cursos: cicle inicial, cicle mitj\u00e0 i cicle superior. Amb car\u00e0cter general, s&#8217;inicia l&#8217;any natural que es compleixen 6 anys i es cursa fins&hellip;  <a href=\"https:\/\/agora.xtec.cat\/ceipsantjordi-massanet\/primaria\/\" title=\"Read Prim\u00e0ria\">Llegeix m\u00e9s\u00bb<\/a><\/p>\n","protected":false},"author":4,"featured_media":0,"parent":0,"menu_order":0,"comment_status":"closed","ping_status":"closed","template":"","meta":{"_bbp_topic_count":0,"_bbp_reply_count":0,"_bbp_total_topic_count":0,"_bbp_total_reply_count":0,"_bbp_voice_count":0,"_bbp_anonymous_reply_count":0,"_bbp_topic_count_hidden":0,"_bbp_reply_count_hidden":0,"_bbp_forum_subforum_count":0,"footnotes":""},"class_list":["post-8829","page","type-page","status-publish","hentry"],"post_mailing_queue_ids":[],"_links":{"self":[{"href":"https:\/\/agora.xtec.cat\/ceipsantjordi-massanet\/wp-json\/wp\/v2\/pages\/8829","targetHints":{"allow":["GET"]}}],"collection":[{"href":"https:\/\/agora.xtec.cat\/ceipsantjordi-massanet\/wp-json\/wp\/v2\/pages"}],"about":[{"href":"https:\/\/agora.xtec.cat\/ceipsantjordi-massanet\/wp-json\/wp\/v2\/types\/page"}],"author":[{"embeddable":true,"href":"https:\/\/agora.xtec.cat\/ceipsantjordi-massanet\/wp-json\/wp\/v2\/users\/4"}],"replies":[{"embeddable":true,"href":"https:\/\/agora.xtec.cat\/ceipsantjordi-massanet\/wp-json\/wp\/v2\/comments?post=8829"}],"version-history":[{"count":3,"href":"https:\/\/agora.xtec.cat\/ceipsantjordi-massanet\/wp-json\/wp\/v2\/pages\/8829\/revisions"}],"predecessor-version":[{"id":9810,"href":"https:\/\/agora.xtec.cat\/ceipsantjordi-massanet\/wp-json\/wp\/v2\/pages\/8829\/revisions\/9810"}],"wp:attachment":[{"href":"https:\/\/agora.xtec.cat\/ceipsantjordi-massanet\/wp-json\/wp\/v2\/media?parent=8829"}],"curies":[{"name":"wp","href":"https:\/\/api.w.org\/{rel}","templated":true}]}}

Primària

<p>L&#8217;educació primària és l&#8217;etapa educativa de caràcter obligatori i gratuït que comprèn sis cursos acadèmics i s&#8217;organitza en tres cicles de dos cursos: cicle inicial, cicle mitjà i cicle superior. Amb caràcter general, s&#8217;inicia l&#8217;any natural que es compleixen 6 anys i es cursa fins als 12 anys.</p>
<p>La finalitat de l&#8217;educació primària és preparar els alumnes perquè puguin donar respostes innovadores en una societat canviant i en evolució constant. Els nens han d&#8217;aprendre a pensar i actuar de manera integrada, considerant les interconnexions i interrelacions entre els aprenentatges. S&#8217;ha de promoure, de manera transversal, l&#8217;adquisició d&#8217;hàbits i valors per resoldre problemes i situacions des de qualsevol de les àrees curriculars, s&#8217;ha de fomentar la iniciativa, la creativitat, l&#8217;esperit crític i el gust per aprendre, i s&#8217;ha de desenvolupar la capacitat de l&#8217;esforç i la cultura del treball.</p>
<p>Els continguts de les àrees com a element fonamental per a l&#8217;assoliment de les competències s&#8217;organitzen amb un enfocament integral, multifuncional i transferible de coneixements, destreses i actituds que tots els individus necessiten per al seu desenvolupament personal i social. Aquests continguts degudament combinats i contextualitzats permeten assolir, en acabar l&#8217;ensenyament obligatori, les competències bàsiques, la base per continuar l&#8217;aprenentatge al llarg de la vida i per poder desenvolupar projectes individuals i col·lectius.</p>

<p>L&#8217;educació primària és l&#8217;etapa educativa de caràcter obligatori i gratuït que comprèn sis cursos acadèmics i s&#8217;organitza en tres cicles de dos cursos: cicle inicial, cicle mitjà i cicle superior. Amb caràcter general, s&#8217;inicia l&#8217;any natural que es compleixen 6 anys i es cursa fins&hellip;  <a href="https://agora.xtec.cat/ceipsantjordi-massanet/primaria/" title="Read Primària">Llegeix més»</a></p>
