{"id":8688,"date":"2018-12-31T09:13:45","date_gmt":"2018-12-31T08:13:45","guid":{"rendered":"http:\/\/agora.xtec.cat\/ceipsantjordi-massanet\/?page_id=8688"},"modified":"2021-09-23T12:11:57","modified_gmt":"2021-09-23T10:11:57","slug":"unesco","status":"publish","type":"page","link":"https:\/\/agora.xtec.cat\/ceipsantjordi-massanet\/projecte-educatiu\/unesco\/","title":{"rendered":"UNESCO"},"content":{"rendered":"<p><a href=\"https:\/\/agora.xtec.cat\/ceipsantjordi-massanet\/\"><img loading=\"lazy\" decoding=\"async\" class=\"wp-image-14488 alignleft\" src=\"https:\/\/agora.xtec.cat\/ceipsantjordi-massanet\/wp-content\/uploads\/usu391\/2021\/05\/real-estate-license-estate-agent-real-estate-investing-texas-real-estate-commission-cartoon-house-86c3d4eb10686208e55714f966792b83.png\" alt=\"\" width=\"52\" height=\"52\" srcset=\"https:\/\/agora.xtec.cat\/ceipsantjordi-massanet\/wp-content\/uploads\/usu391\/2021\/05\/real-estate-license-estate-agent-real-estate-investing-texas-real-estate-commission-cartoon-house-86c3d4eb10686208e55714f966792b83.png 500w, https:\/\/agora.xtec.cat\/ceipsantjordi-massanet\/wp-content\/uploads\/usu391\/2021\/05\/real-estate-license-estate-agent-real-estate-investing-texas-real-estate-commission-cartoon-house-86c3d4eb10686208e55714f966792b83-150x150.png 150w, https:\/\/agora.xtec.cat\/ceipsantjordi-massanet\/wp-content\/uploads\/usu391\/2021\/05\/real-estate-license-estate-agent-real-estate-investing-texas-real-estate-commission-cartoon-house-86c3d4eb10686208e55714f966792b83-300x300.png 300w\" sizes=\"auto, (max-width: 52px) 100vw, 52px\" \/><\/a>Espai per al Projecte Unesco. Cliqueu el logotip i accediu als articles del Projecte Unesco.<\/p>\n<p><a href=\"https:\/\/agora.xtec.cat\/ceipsantjordi-massanet\/categoria\/projectes\/unesco\/\"><img loading=\"lazy\" decoding=\"async\" class=\"size-full wp-image-8706 alignleft\" src=\"https:\/\/agora.xtec.cat\/ceipsantjordi-massanet\/wp-content\/uploads\/usu391\/2018\/12\/UNESCOAssociatedSchools-LOGO.png\" alt=\"\" width=\"326\" height=\"214\" srcset=\"https:\/\/agora.xtec.cat\/ceipsantjordi-massanet\/wp-content\/uploads\/usu391\/2018\/12\/UNESCOAssociatedSchools-LOGO.png 326w, https:\/\/agora.xtec.cat\/ceipsantjordi-massanet\/wp-content\/uploads\/usu391\/2018\/12\/UNESCOAssociatedSchools-LOGO-300x197.png 300w\" sizes=\"auto, (max-width: 326px) 100vw, 326px\" \/><\/a><\/p>\n<p>La\u00a0UNESCO\u00a0(Organitzaci\u00f3 de les Nacions Unides per a I&#8217;Educaci\u00f3, la Ci\u00e8ncia i la Cultura) t\u00e9 el mateix objectiu general que es proposen tots els organismes i ag\u00e8ncies que formen el Sistema de les\u00a0Nacions Unides: mantenir la pau i la seguretat entre tots els pa\u00efsos. L&#8217;objectiu espec\u00edfic, com ja es despr\u00e8n del seu nom, \u00e9s mantenir la pau i la seguretat per mitj\u00e0 de l&#8217;educaci\u00f3, la ci\u00e8ncia i la cultura.<\/p>\n<p>Les Escoles Associades de la UNESCO van n\u00e9ixer el 1953, amb l\u2019objectiu de fomentar la cooperaci\u00f3 i la pau internacionals a trav\u00e9s de l\u2019educaci\u00f3 escolar. Formen una xarxa, la Red PEA (Pla d\u2019Escoles Associades).<\/p>\n<p><strong>Des del mes de gener de l\u2019any 2005, l&#8217;escola Sant Jordi \u00e9s un dels centres del Pla d\u2019Escoles Associades a la UNESCO.<\/strong><\/p>\n<p>Actualment participen en aquest pla m\u00e9s de vuit mil cinc-cents centres d\u2019ensenyament de tot el m\u00f3n i de tots els nivells d\u2019educaci\u00f3 (infantil, prim\u00e0ria, secund\u00e0ria, universit\u00e0ria).<\/p>\n<p>Les escoles associades inclouen en el seu Projecte Educatiu els seg\u00fcents temes:<\/p>\n<p>\u00b7 Els problemes mundials i el paper de les organitzacions del sistema de les Nacions Unides en la seva resoluci\u00f3.<\/p>\n<p>\u00b7 La difusi\u00f3 i el respecte dels drets humans.<\/p>\n<p>\u00b7 El coneixement dels altres pa\u00efsos i les altres cultures, a partir del coneixement i de la valoraci\u00f3 de la pr\u00f2pia.<\/p>\n<p>\u00b7 L\u2019an\u00e0lisi dels problemes mediambientals. \u00c9s convenient que l\u2019educaci\u00f3 per a la cooperaci\u00f3 i la pau internacionals sigui un element que s\u2019integri en el marc de les assignatures ja existents, incorporar aquests temes com a eixos transversals.<\/p>\n<p>A Catalunya, l\u2019any 2006, es va crear la XEAUC, Xarxa d\u2019Escoles Associades de la UNESCO a Catalunya, per tal de tenir entitat pr\u00f2pia i potenciar la idea de xarxa catalana.<\/p>\n<p><img loading=\"lazy\" decoding=\"async\" class=\"aligncenter\" src=\"https:\/\/agora.xtec.cat\/ceipsantjordi-massanet\/wp-content\/uploads\/usu391\/2019\/01\/children-traveling-by-train-around-the-world-vector-805441.jpg\" width=\"453\" height=\"453\" \/>La primera caracter\u00edstica d&#8217;una\u00a0Escola Associada\u00a0\u00e9s, doncs, que es proposa una missi\u00f3 \u00e8tica, per la qual s&#8217;intenta salvar la bretxa existent entre el que passa al m\u00f3n i el que s&#8217;ensenya a l&#8217;escola. A l&#8217;escola cal fer presents els grans desafiaments que afronta la humanitat: el deteriorament del medi ambient, l&#8217;escandalosa difer\u00e8ncia entre pa\u00efsos rics i pa\u00efsos pobres, i la crisi dels valors morals.<\/p>\n<p><img loading=\"lazy\" decoding=\"async\" class=\" aligncenter\" src=\"https:\/\/agora.xtec.cat\/ceipsantjordi-massanet\/wp-content\/uploads\/usu391\/2018\/12\/cropped-definitiva2.png\" width=\"540\" height=\"235\" \/>Una segona caracter\u00edstica \u00e9s l&#8217;enfocament interdisciplinari i transversal en l&#8217;enfocament dels temes, a partir d&#8217;una problem\u00e0tica local, aplicant el conegut esl\u00f2gan de &#8220;pensar globalment i actuar localment&#8221;. Finalment, les Escoles Associades potencien nous rols en l&#8217;educador, ja que els mestres actuen m\u00e9s com a &#8220;facilitadors&#8221; de la recerca que no pas com a posse\u00efdors dels saber; m\u00e9s com a &#8220;suscitadors&#8221; de la creativitat individual i col\u00b7lectiva dels alumnes que no pas com a models a imitar; m\u00e9s com a &#8220;promotors&#8221; de la solidaritat que no pas com a jutges que atorguen premis i c\u00e0stigs.<\/p>\n<p><strong>Activitats en funcionament<\/strong><\/p>\n<ul>\n<li>Celebraci\u00f3 de les diades de la pau, DENIP, contra la viol\u00e8ncia de g\u00e8nere,&#8230;<\/li>\n<li>Recollida selectiva i treball de reciclatge a les aules i com a projecte del centre<\/li>\n<li>Col\u00b7laboraci\u00f3 amb la Marat\u00f3 de TV3<\/li>\n<li>Treball sobre el patrimoni del poble<\/li>\n<li>Assist\u00e8ncia a trobades de la Xarxa Unesco<\/li>\n<li>Jocs interculturals<\/li>\n<li>Comunitat d&#8217;aprenentatge<\/li>\n<\/ul>\n<p><strong>Hist\u00f2ric<\/strong><\/p>\n<p>Algunes de les activitats que hem portat a terme des de l&#8217;inici del projecte s\u00f3n:<\/p>\n<ul>\n<li>L&#8217;agermanament amb l&#8217;Escuela Rural de Nueva Trinidad d&#8217;El Salvador (intercanviar correspond\u00e8ncia amb els alumnes d&#8217;El Salvador, coneixement de la seva cultura i el seu entorn\u2026).<\/li>\n<li>Celebraci\u00f3 del Dia de la Pau (30 de gener) i d&#8217;altres diades internacionals.<\/li>\n<li>Seguiment de l\u2019hort ecol\u00f2gic<\/li>\n<li>Recollida de joguines, sab\u00f3 i roba<\/li>\n<li>Jocs interculturals.<\/li>\n<li>Treball de (re-)coneixement d\u2019altres cultures a partir de la pr\u00f2pia.<\/li>\n<li>Altres activitats que tenen relaci\u00f3 amb els continguts escolars, les quals reflecteixen la nostra voluntat de ser una escola que fomenti la cultura de la pau, a favor de la interculturalitat i que respecti el medi ambient.<\/li>\n<li>Dinamitzar i fer extensiu a tota la comunitat educativa el treball d\u2019aula i de les comissions pedag\u00f2giques entorn de la Cultura de la Pau, el Desenvolupament Sostenible i la Conservaci\u00f3 del Patrimoni (art\u00edstic, hist\u00f2ric, cultural, natural,\u2026)<\/li>\n<li>Intercanviar experi\u00e8ncies amb d\u2019altres escoles de la Xarxa d\u2019Escoles Associades a la UNESCO<\/li>\n<li>Participar del Projecte de Patrimoni (XEAUC)<\/li>\n<li>Assist\u00e8ncia a les diferents trobades de la xarxa civil UNESCO<\/li>\n<li>Presentaci\u00f3 de la mem\u00f2ria anual a la XEAUC<\/li>\n<\/ul>\n<p><a href=\"http:\/\/santjordiunesco.blogspot.com\/\">ENLLA\u00c7 A L&#8217;ANTIC BLOG DEL PROJECTE UNESCO<\/a><\/p>\n<p>Aquestes tasques no s\u00f3n \u00fanicament dels membres de la Comissi\u00f3 UNESCO del centre, aquesta comissi\u00f3 \u00e9s un dinamitzadora i coordinadora d\u2019aquestes activitats.<\/p>\n<div style=\"text-align: right;\">\u00c9s tasca de TOTS i TOTES tirar endavant aquest projecte. Endavant !!!<\/div>\n<p>&nbsp;<\/p>\n","protected":false},"excerpt":{"rendered":"<p><a href=\"https:\/\/agora.xtec.cat\/ceipsantjordi-massanet\/\"><\/a>Espai per al Projecte Unesco. Cliqueu el logotip i accediu als articles del Projecte Unesco.<br \/>\n<a href=\"https:\/\/agora.xtec.cat\/ceipsantjordi-massanet\/categoria\/projectes\/unesco\/\"><\/a><br \/>\nLa\u00a0UNESCO\u00a0(Organitzaci\u00f3 de les Nacions Unides per a I&#8217;Educaci\u00f3, la Ci\u00e8ncia i la Cultura) t\u00e9 el mateix objectiu general que es proposen tots els organismes i ag\u00e8ncies que formen el&hellip;  <a href=\"https:\/\/agora.xtec.cat\/ceipsantjordi-massanet\/projecte-educatiu\/unesco\/\" title=\"Read UNESCO\">Llegeix m\u00e9s\u00bb<\/a><\/p>\n","protected":false},"author":4,"featured_media":0,"parent":64,"menu_order":8,"comment_status":"closed","ping_status":"closed","template":"","meta":{"_bbp_topic_count":0,"_bbp_reply_count":0,"_bbp_total_topic_count":0,"_bbp_total_reply_count":0,"_bbp_voice_count":0,"_bbp_anonymous_reply_count":0,"_bbp_topic_count_hidden":0,"_bbp_reply_count_hidden":0,"_bbp_forum_subforum_count":0,"footnotes":""},"class_list":["post-8688","page","type-page","status-publish","hentry"],"post_mailing_queue_ids":[],"_links":{"self":[{"href":"https:\/\/agora.xtec.cat\/ceipsantjordi-massanet\/wp-json\/wp\/v2\/pages\/8688","targetHints":{"allow":["GET"]}}],"collection":[{"href":"https:\/\/agora.xtec.cat\/ceipsantjordi-massanet\/wp-json\/wp\/v2\/pages"}],"about":[{"href":"https:\/\/agora.xtec.cat\/ceipsantjordi-massanet\/wp-json\/wp\/v2\/types\/page"}],"author":[{"embeddable":true,"href":"https:\/\/agora.xtec.cat\/ceipsantjordi-massanet\/wp-json\/wp\/v2\/users\/4"}],"replies":[{"embeddable":true,"href":"https:\/\/agora.xtec.cat\/ceipsantjordi-massanet\/wp-json\/wp\/v2\/comments?post=8688"}],"version-history":[{"count":3,"href":"https:\/\/agora.xtec.cat\/ceipsantjordi-massanet\/wp-json\/wp\/v2\/pages\/8688\/revisions"}],"predecessor-version":[{"id":14991,"href":"https:\/\/agora.xtec.cat\/ceipsantjordi-massanet\/wp-json\/wp\/v2\/pages\/8688\/revisions\/14991"}],"up":[{"embeddable":true,"href":"https:\/\/agora.xtec.cat\/ceipsantjordi-massanet\/wp-json\/wp\/v2\/pages\/64"}],"wp:attachment":[{"href":"https:\/\/agora.xtec.cat\/ceipsantjordi-massanet\/wp-json\/wp\/v2\/media?parent=8688"}],"curies":[{"name":"wp","href":"https:\/\/api.w.org\/{rel}","templated":true}]}}

<p><a href="https://agora.xtec.cat/ceipsantjordi-massanet/"><img loading="lazy" decoding="async" class="wp-image-14488 alignleft" src="https://agora.xtec.cat/ceipsantjordi-massanet/wp-content/uploads/usu391/2021/05/real-estate-license-estate-agent-real-estate-investing-texas-real-estate-commission-cartoon-house-86c3d4eb10686208e55714f966792b83.png" alt="" width="52" height="52" srcset="https://agora.xtec.cat/ceipsantjordi-massanet/wp-content/uploads/usu391/2021/05/real-estate-license-estate-agent-real-estate-investing-texas-real-estate-commission-cartoon-house-86c3d4eb10686208e55714f966792b83.png 500w, https://agora.xtec.cat/ceipsantjordi-massanet/wp-content/uploads/usu391/2021/05/real-estate-license-estate-agent-real-estate-investing-texas-real-estate-commission-cartoon-house-86c3d4eb10686208e55714f966792b83-150x150.png 150w, https://agora.xtec.cat/ceipsantjordi-massanet/wp-content/uploads/usu391/2021/05/real-estate-license-estate-agent-real-estate-investing-texas-real-estate-commission-cartoon-house-86c3d4eb10686208e55714f966792b83-300x300.png 300w" sizes="auto, (max-width: 52px) 100vw, 52px" /></a>Espai per al Projecte Unesco. Cliqueu el logotip i accediu als articles del Projecte Unesco.</p>
<p><a href="https://agora.xtec.cat/ceipsantjordi-massanet/categoria/projectes/unesco/"><img loading="lazy" decoding="async" class="size-full wp-image-8706 alignleft" src="https://agora.xtec.cat/ceipsantjordi-massanet/wp-content/uploads/usu391/2018/12/UNESCOAssociatedSchools-LOGO.png" alt="" width="326" height="214" srcset="https://agora.xtec.cat/ceipsantjordi-massanet/wp-content/uploads/usu391/2018/12/UNESCOAssociatedSchools-LOGO.png 326w, https://agora.xtec.cat/ceipsantjordi-massanet/wp-content/uploads/usu391/2018/12/UNESCOAssociatedSchools-LOGO-300x197.png 300w" sizes="auto, (max-width: 326px) 100vw, 326px" /></a></p>
<p>La UNESCO (Organització de les Nacions Unides per a I&#8217;Educació, la Ciència i la Cultura) té el mateix objectiu general que es proposen tots els organismes i agències que formen el Sistema de les Nacions Unides: mantenir la pau i la seguretat entre tots els països. L&#8217;objectiu específic, com ja es desprèn del seu nom, és mantenir la pau i la seguretat per mitjà de l&#8217;educació, la ciència i la cultura.</p>
<p>Les Escoles Associades de la UNESCO van néixer el 1953, amb l’objectiu de fomentar la cooperació i la pau internacionals a través de l’educació escolar. Formen una xarxa, la Red PEA (Pla d’Escoles Associades).</p>
<p><strong>Des del mes de gener de l’any 2005, l&#8217;escola Sant Jordi és un dels centres del Pla d’Escoles Associades a la UNESCO.</strong></p>
<p>Actualment participen en aquest pla més de vuit mil cinc-cents centres d’ensenyament de tot el món i de tots els nivells d’educació (infantil, primària, secundària, universitària).</p>
<p>Les escoles associades inclouen en el seu Projecte Educatiu els següents temes:</p>
<p>· Els problemes mundials i el paper de les organitzacions del sistema de les Nacions Unides en la seva resolució.</p>
<p>· La difusió i el respecte dels drets humans.</p>
<p>· El coneixement dels altres països i les altres cultures, a partir del coneixement i de la valoració de la pròpia.</p>
<p>· L’anàlisi dels problemes mediambientals. És convenient que l’educació per a la cooperació i la pau internacionals sigui un element que s’integri en el marc de les assignatures ja existents, incorporar aquests temes com a eixos transversals.</p>
<p>A Catalunya, l’any 2006, es va crear la XEAUC, Xarxa d’Escoles Associades de la UNESCO a Catalunya, per tal de tenir entitat pròpia i potenciar la idea de xarxa catalana.</p>
<p><img loading="lazy" decoding="async" class="aligncenter" src="https://agora.xtec.cat/ceipsantjordi-massanet/wp-content/uploads/usu391/2019/01/children-traveling-by-train-around-the-world-vector-805441.jpg" width="453" height="453" />La primera característica d&#8217;una Escola Associada és, doncs, que es proposa una missió ètica, per la qual s&#8217;intenta salvar la bretxa existent entre el que passa al món i el que s&#8217;ensenya a l&#8217;escola. A l&#8217;escola cal fer presents els grans desafiaments que afronta la humanitat: el deteriorament del medi ambient, l&#8217;escandalosa diferència entre països rics i països pobres, i la crisi dels valors morals.</p>
<p><img loading="lazy" decoding="async" class=" aligncenter" src="https://agora.xtec.cat/ceipsantjordi-massanet/wp-content/uploads/usu391/2018/12/cropped-definitiva2.png" width="540" height="235" />Una segona característica és l&#8217;enfocament interdisciplinari i transversal en l&#8217;enfocament dels temes, a partir d&#8217;una problemàtica local, aplicant el conegut eslògan de &#8220;pensar globalment i actuar localment&#8221;. Finalment, les Escoles Associades potencien nous rols en l&#8217;educador, ja que els mestres actuen més com a &#8220;facilitadors&#8221; de la recerca que no pas com a posseïdors dels saber; més com a &#8220;suscitadors&#8221; de la creativitat individual i col·lectiva dels alumnes que no pas com a models a imitar; més com a &#8220;promotors&#8221; de la solidaritat que no pas com a jutges que atorguen premis i càstigs.</p>
<p><strong>Activitats en funcionament</strong></p>
<ul>
<li>Celebració de les diades de la pau, DENIP, contra la violència de gènere,&#8230;</li>
<li>Recollida selectiva i treball de reciclatge a les aules i com a projecte del centre</li>
<li>Col·laboració amb la Marató de TV3</li>
<li>Treball sobre el patrimoni del poble</li>
<li>Assistència a trobades de la Xarxa Unesco</li>
<li>Jocs interculturals</li>
<li>Comunitat d&#8217;aprenentatge</li>
</ul>
<p><strong>Històric</strong></p>
<p>Algunes de les activitats que hem portat a terme des de l&#8217;inici del projecte són:</p>
<ul>
<li>L&#8217;agermanament amb l&#8217;Escuela Rural de Nueva Trinidad d&#8217;El Salvador (intercanviar correspondència amb els alumnes d&#8217;El Salvador, coneixement de la seva cultura i el seu entorn…).</li>
<li>Celebració del Dia de la Pau (30 de gener) i d&#8217;altres diades internacionals.</li>
<li>Seguiment de l’hort ecològic</li>
<li>Recollida de joguines, sabó i roba</li>
<li>Jocs interculturals.</li>
<li>Treball de (re-)coneixement d’altres cultures a partir de la pròpia.</li>
<li>Altres activitats que tenen relació amb els continguts escolars, les quals reflecteixen la nostra voluntat de ser una escola que fomenti la cultura de la pau, a favor de la interculturalitat i que respecti el medi ambient.</li>
<li>Dinamitzar i fer extensiu a tota la comunitat educativa el treball d’aula i de les comissions pedagògiques entorn de la Cultura de la Pau, el Desenvolupament Sostenible i la Conservació del Patrimoni (artístic, històric, cultural, natural,…)</li>
<li>Intercanviar experiències amb d’altres escoles de la Xarxa d’Escoles Associades a la UNESCO</li>
<li>Participar del Projecte de Patrimoni (XEAUC)</li>
<li>Assistència a les diferents trobades de la xarxa civil UNESCO</li>
<li>Presentació de la memòria anual a la XEAUC</li>
</ul>
<p><a href="http://santjordiunesco.blogspot.com/">ENLLAÇ A L&#8217;ANTIC BLOG DEL PROJECTE UNESCO</a></p>
<p>Aquestes tasques no són únicament dels membres de la Comissió UNESCO del centre, aquesta comissió és un dinamitzadora i coordinadora d’aquestes activitats.</p>
<div style="text-align: right;">És tasca de TOTS i TOTES tirar endavant aquest projecte. Endavant !!!</div>
<p>&nbsp;</p>

<p><a href="https://agora.xtec.cat/ceipsantjordi-massanet/"></a>Espai per al Projecte Unesco. Cliqueu el logotip i accediu als articles del Projecte Unesco.<br />
<a href="https://agora.xtec.cat/ceipsantjordi-massanet/categoria/projectes/unesco/"></a><br />
La UNESCO (Organització de les Nacions Unides per a I&#8217;Educació, la Ciència i la Cultura) té el mateix objectiu general que es proposen tots els organismes i agències que formen el&hellip;  <a href="https://agora.xtec.cat/ceipsantjordi-massanet/projecte-educatiu/unesco/" title="Read UNESCO">Llegeix més»</a></p>
