{"id":8333,"date":"2018-12-10T23:06:30","date_gmt":"2018-12-10T22:06:30","guid":{"rendered":"http:\/\/agora.xtec.cat\/ceipsantjordi-massanet\/?page_id=8333"},"modified":"2019-01-13T15:26:40","modified_gmt":"2019-01-13T14:26:40","slug":"projecte-de-direccio","status":"publish","type":"page","link":"https:\/\/agora.xtec.cat\/ceipsantjordi-massanet\/projecte-educatiu\/projecte-de-direccio\/","title":{"rendered":"PROJECTE DE DIRECCI\u00d3"},"content":{"rendered":"<p>Espai reservat per al Projecte de Direcci\u00f3 &#8211; en revisi\u00f3 &#8211;<\/p>\n<p>El centre disposa, a part del Projecte Educatiu, per\u00f2 en estreta relaci\u00f3, un <a href=\"https:\/\/agora.xtec.cat\/ceipsantjordi-massanet\/general\/pla-de-comunicacio-digital\/\">Pla de Comunicaci\u00f3 Digital<\/a>.<br \/>\nNormativa<\/p>\n<p>Clica i accedeix al document<a href=\"https:\/\/docs.google.com\/document\/d\/1paMXbv230TKeoKN61zazxTYDipTDf66dG7zVSJMx3mo\/edit\"> NOFC, Normativa i Funcionament del Centre<\/a>.<\/p>\n<p>&nbsp;<\/p>\n","protected":false},"excerpt":{"rendered":"<p>Espai reservat per al Projecte de Direcci\u00f3 &#8211; en revisi\u00f3 &#8211;<br \/>\nEl centre disposa, a part del Projecte Educatiu, per\u00f2 en estreta relaci\u00f3, un <a href=\"https:\/\/agora.xtec.cat\/ceipsantjordi-massanet\/general\/pla-de-comunicacio-digital\/\">Pla de Comunicaci\u00f3 Digital<\/a>.<br \/>\nNormativa<br \/>\nClica i accedeix al document<a href=\"https:\/\/docs.google.com\/document\/d\/1paMXbv230TKeoKN61zazxTYDipTDf66dG7zVSJMx3mo\/edit\"> NOFC, Normativa i Funcionament del Centre<\/a>.<br \/>\n&nbsp;<\/p>\n","protected":false},"author":4,"featured_media":0,"parent":64,"menu_order":0,"comment_status":"closed","ping_status":"closed","template":"","meta":{"_bbp_topic_count":0,"_bbp_reply_count":0,"_bbp_total_topic_count":0,"_bbp_total_reply_count":0,"_bbp_voice_count":0,"_bbp_anonymous_reply_count":0,"_bbp_topic_count_hidden":0,"_bbp_reply_count_hidden":0,"_bbp_forum_subforum_count":0,"footnotes":""},"class_list":["post-8333","page","type-page","status-publish","hentry"],"post_mailing_queue_ids":[],"_links":{"self":[{"href":"https:\/\/agora.xtec.cat\/ceipsantjordi-massanet\/wp-json\/wp\/v2\/pages\/8333","targetHints":{"allow":["GET"]}}],"collection":[{"href":"https:\/\/agora.xtec.cat\/ceipsantjordi-massanet\/wp-json\/wp\/v2\/pages"}],"about":[{"href":"https:\/\/agora.xtec.cat\/ceipsantjordi-massanet\/wp-json\/wp\/v2\/types\/page"}],"author":[{"embeddable":true,"href":"https:\/\/agora.xtec.cat\/ceipsantjordi-massanet\/wp-json\/wp\/v2\/users\/4"}],"replies":[{"embeddable":true,"href":"https:\/\/agora.xtec.cat\/ceipsantjordi-massanet\/wp-json\/wp\/v2\/comments?post=8333"}],"version-history":[{"count":3,"href":"https:\/\/agora.xtec.cat\/ceipsantjordi-massanet\/wp-json\/wp\/v2\/pages\/8333\/revisions"}],"predecessor-version":[{"id":9806,"href":"https:\/\/agora.xtec.cat\/ceipsantjordi-massanet\/wp-json\/wp\/v2\/pages\/8333\/revisions\/9806"}],"up":[{"embeddable":true,"href":"https:\/\/agora.xtec.cat\/ceipsantjordi-massanet\/wp-json\/wp\/v2\/pages\/64"}],"wp:attachment":[{"href":"https:\/\/agora.xtec.cat\/ceipsantjordi-massanet\/wp-json\/wp\/v2\/media?parent=8333"}],"curies":[{"name":"wp","href":"https:\/\/api.w.org\/{rel}","templated":true}]}}

PROJECTE DE DIRECCIÓ

<p>Espai reservat per al Projecte de Direcció &#8211; en revisió &#8211;</p>
<p>El centre disposa, a part del Projecte Educatiu, però en estreta relació, un <a href="https://agora.xtec.cat/ceipsantjordi-massanet/general/pla-de-comunicacio-digital/">Pla de Comunicació Digital</a>.<br />
Normativa</p>
<p>Clica i accedeix al document<a href="https://docs.google.com/document/d/1paMXbv230TKeoKN61zazxTYDipTDf66dG7zVSJMx3mo/edit"> NOFC, Normativa i Funcionament del Centre</a>.</p>
<p>&nbsp;</p>

<p>Espai reservat per al Projecte de Direcció &#8211; en revisió &#8211;<br />
El centre disposa, a part del Projecte Educatiu, però en estreta relació, un <a href="https://agora.xtec.cat/ceipsantjordi-massanet/general/pla-de-comunicacio-digital/">Pla de Comunicació Digital</a>.<br />
Normativa<br />
Clica i accedeix al document<a href="https://docs.google.com/document/d/1paMXbv230TKeoKN61zazxTYDipTDf66dG7zVSJMx3mo/edit"> NOFC, Normativa i Funcionament del Centre</a>.<br />
&nbsp;</p>
