{"id":8324,"date":"2018-12-10T22:43:59","date_gmt":"2018-12-10T21:43:59","guid":{"rendered":"http:\/\/agora.xtec.cat\/ceipsantjordi-massanet\/?page_id=8324"},"modified":"2019-01-09T21:59:01","modified_gmt":"2019-01-09T20:59:01","slug":"robotica-i-llenguatge-computacional","status":"publish","type":"page","link":"https:\/\/agora.xtec.cat\/ceipsantjordi-massanet\/projecte-educatiu\/robotica-i-llenguatge-computacional\/","title":{"rendered":"Rob\u00f2tica i llenguatge computacional"},"content":{"rendered":"<ul id=\"menuInici\">\n<li><a href=\"https:\/\/agora.xtec.cat\/ceipsantjordi-massanet\/projecte-educatiu\/projecte-de-direccio\/\">Direcci\u00f3<\/a><\/li>\n<li><a href=\"https:\/\/agora.xtec.cat\/ceipsantjordi-massanet\/projecte-educatiu\/projecte-linguistic\/\">Ling\u00fc\u00edstic<\/a><\/li>\n<li><a href=\"https:\/\/agora.xtec.cat\/ceipsantjordi-massanet\/categoria\/projectes\/comunitat\/\">Comunitat<\/a><\/li>\n<li><a href=\"https:\/\/agora.xtec.cat\/ceipsantjordi-massanet\/projecte-educatiu\/projecte-musical\/\">M\u00fasica<\/a><\/li>\n<li><a href=\"https:\/\/agora.xtec.cat\/ceipsantjordi-massanet\/projecte-educatiu\/robotica-i-llenguatge-computacional\/\">Rob\u00f2tica<\/a><\/li>\n<li><a href=\"https:\/\/agora.xtec.cat\/ceipsantjordi-massanet\/primaria\/informatica\/\">Inform\u00e0tica<\/a><\/li>\n<li><a href=\"https:\/\/agora.xtec.cat\/ceipsantjordi-massanet\/projecte-educatiu\/unesco\/\">Unesco<\/a><\/li>\n<li><a href=\"https:\/\/agora.xtec.cat\/ceipsantjordi-massanet\/projecte-educatiu\/ambients\/\">Intertallers<\/a><\/li>\n<li><a href=\"https:\/\/agora.xtec.cat\/ceipsantjordi-massanet\/projecte-educatiu\/projecte-interdisciplinari-2018\/\">Interdisciplinari<\/a><\/li>\n<li><a href=\"https:\/\/agora.xtec.cat\/ceipsantjordi-massanet\/projecte-educatiu\/fem-ciencia\/\">Ci\u00e8ncia<\/a><\/li>\n<\/ul>\n<p>&nbsp;<\/p>\n<div class=\"hJDwNd-AhqUyc-OwsYgb purZT-AhqUyc-II5mzb pSzOP-AhqUyc-qWD73c JNdkSc\">\n<div class=\"oKdM2c\">\n<div id=\"h.p_5YKJmq8Xvw3C\" class=\"hJDwNd-AhqUyc-OwsYgb jXK9ad D2fZ2 OjCsFc wHaque GNzUNc\">\n<div class=\"jXK9ad-SmKAyb jXK9ad-SmKAyb-c4YZDc\">\n<div class=\"tyJCtd mGzaTb baZpAe\">\n<p><a href=\"https:\/\/sites.google.com\/santjordim.cat\/robotica\/inici\"><img loading=\"lazy\" decoding=\"async\" class=\"alignleft\" src=\"http:\/\/dondehaytrabajo.com\/wp-content\/uploads\/2015\/04\/ID-100169498.jpg\" width=\"129\" height=\"132\" \/><\/a>FES CLIC AL ROBOT I VES AL WIKI DE ROB\u00d2TICA!<\/p>\n<p id=\"h.p_J3XLXSI_vw3K\" class=\"zfr3Q\">A l\u2019escola Sant Jordi treballem el pensament computacional amb activitats de CODI i tamb\u00e9 amb el programa SCRATCH virtual i aplicat a la rob\u00f2tica. El pensament computacional implica un conjunt de t\u00e8cniques i habilitats de resoluci\u00f3 de problemes que els programadors utilitzen per escriure els programes que conformen les aplicacions inform\u00e0tiques que utilitzem a diari. Si voleu podeu llegir <a href=\"https:\/\/docs.google.com\/document\/d\/1C9PLGbXa_Eh9j3MpAaADTmkDMh9YIoUnggYISIT6dJw\/edit\">les bases del proc\u00e9s de treball rob\u00f2tic<\/a> tal i com l&#8217;entenem a l&#8217;Escola Sant Jordi.<\/p>\n<p id=\"h.p_25J2g1BkwBDa\" class=\"zfr3Q\">(font: <a class=\"dhtgD\" href=\"http:\/\/www.google.com\/url?q=http%3A%2F%2Fcodelearn.cat%2Fbeneficis-del-pensament-computacional%2F&amp;sa=D&amp;sntz=1&amp;usg=AFQjCNFKA3b0jIulCnRSI5RkLCHNZp3fBw\" target=\"_blank\" rel=\"noopener\">http:\/\/codelearn.cat\/beneficis-del-pensament-computacional\/<\/a>)<\/p>\n<p id=\"h.p_yLxF9huBwBDn\" class=\"zfr3Q\">Les t\u00e8cniques i processos m\u00e9s rellevants del llenguatge computacional s\u00f3n:<\/p>\n<p id=\"h.p_PV-Y0te0wBD0\" class=\"zfr3Q\"><strong>Descomposici\u00f3.<\/strong> Un exemple seria la capacitat d\u2019identificar els ingredients d\u2019un plat desconegut basant-nos en el seu sabor.<\/p>\n<p id=\"h.p_Df2T77YewBD9\" class=\"zfr3Q\"><strong>Reconeixement de patrons.<\/strong> Com els pagesos que reconeixen en les plantes d\u2019un hort que els fa falta o qu\u00e8 els sobre segons el seu aspecte, el creixement.<\/p>\n<p id=\"h.p_4iVDduOewBEC\" class=\"zfr3Q\"><strong>Generalitzaci\u00f3 de patrons i abstracci\u00f3.<\/strong> Per exemple en una agenda utilitzem l\u2019abstracci\u00f3 per a representar una setmana en termes de dies i hores per a poder organitzar millor el nostre temps.<\/p>\n<p id=\"h.p_A_pEf-diwBEK\" class=\"zfr3Q\"><strong>Disseny algor\u00edtmic.<\/strong> Per exemple quan un cuiner escriu una recepta est\u00e0 creant un algoritme que permet que d\u2019altres persones el puguin seguir per a obtenir el plat.<\/p>\n<p id=\"h.p_3EtcOhQjwBEO\" class=\"zfr3Q\">Aix\u00ed doncs, pensar computacionalment vol dir pensar per a organitzar les idees en instruccions que serveixin despr\u00e9s per a fer coses, organitzar el pensament per crear i ordenar \u201cprogrames potents\u201d per a fer qualsevol cosa, \u00e9s millorar l\u2019efic\u00e0cia del pensament i entrenar la intel\u00b7lig\u00e8ncia i les habilitats per a fer-se m\u00e9s h\u00e0bils i segurament m\u00e9s competents\u2026 i tamb\u00e9 m\u00e9s savis i s\u00e0vies!<\/p>\n<\/div>\n<\/div>\n<\/div>\n<\/div>\n<\/div>\n","protected":false},"excerpt":{"rendered":"<ul id=\"menuInici\">\n<li><a href=\"https:\/\/agora.xtec.cat\/ceipsantjordi-massanet\/projecte-educatiu\/projecte-de-direccio\/\">Direcci\u00f3<\/a><\/li>\n<li><a href=\"https:\/\/agora.xtec.cat\/ceipsantjordi-massanet\/projecte-educatiu\/projecte-linguistic\/\">Ling\u00fc\u00edstic<\/a><\/li>\n<li><a href=\"https:\/\/agora.xtec.cat\/ceipsantjordi-massanet\/categoria\/projectes\/comunitat\/\">Comunitat<\/a><\/li>\n<li><a href=\"https:\/\/agora.xtec.cat\/ceipsantjordi-massanet\/projecte-educatiu\/projecte-musical\/\">M\u00fasica<\/a><\/li>\n<li><a href=\"https:\/\/agora.xtec.cat\/ceipsantjordi-massanet\/projecte-educatiu\/robotica-i-llenguatge-computacional\/\">Rob\u00f2tica<\/a><\/li>\n<li><a href=\"https:\/\/agora.xtec.cat\/ceipsantjordi-massanet\/primaria\/informatica\/\">Inform\u00e0tica<\/a><\/li>\n<li><a href=\"https:\/\/agora.xtec.cat\/ceipsantjordi-massanet\/projecte-educatiu\/unesco\/\">Unesco<\/a><\/li>\n<li><a href=\"https:\/\/agora.xtec.cat\/ceipsantjordi-massanet\/projecte-educatiu\/ambients\/\">Intertallers<\/a><\/li>\n<li><a href=\"https:\/\/agora.xtec.cat\/ceipsantjordi-massanet\/projecte-educatiu\/projecte-interdisciplinari-2018\/\">Interdisciplinari<\/a><\/li>\n<li><a href=\"https:\/\/agora.xtec.cat\/ceipsantjordi-massanet\/projecte-educatiu\/fem-ciencia\/\">Ci\u00e8ncia<\/a><\/li>\n<\/ul>\n<p>&nbsp;<\/p>\n<p><a href=\"https:\/\/sites.google.com\/santjordim.cat\/robotica\/inici\"><\/a>FES CLIC AL ROBOT I VES AL WIKI DE ROB\u00d2TICA!<br \/>\nA l\u2019escola Sant Jordi treballem el pensament computacional amb activitats de CODI i tamb\u00e9 amb el programa SCRATCH virtual i aplicat a la rob\u00f2tica.&hellip;  <a href=\"https:\/\/agora.xtec.cat\/ceipsantjordi-massanet\/projecte-educatiu\/robotica-i-llenguatge-computacional\/\" title=\"Read Rob\u00f2tica i llenguatge computacional\">Llegeix m\u00e9s\u00bb<\/a><\/p>\n","protected":false},"author":4,"featured_media":0,"parent":64,"menu_order":3,"comment_status":"closed","ping_status":"closed","template":"","meta":{"_bbp_topic_count":0,"_bbp_reply_count":0,"_bbp_total_topic_count":0,"_bbp_total_reply_count":0,"_bbp_voice_count":0,"_bbp_anonymous_reply_count":0,"_bbp_topic_count_hidden":0,"_bbp_reply_count_hidden":0,"_bbp_forum_subforum_count":0,"footnotes":""},"class_list":["post-8324","page","type-page","status-publish","hentry"],"post_mailing_queue_ids":[],"_links":{"self":[{"href":"https:\/\/agora.xtec.cat\/ceipsantjordi-massanet\/wp-json\/wp\/v2\/pages\/8324","targetHints":{"allow":["GET"]}}],"collection":[{"href":"https:\/\/agora.xtec.cat\/ceipsantjordi-massanet\/wp-json\/wp\/v2\/pages"}],"about":[{"href":"https:\/\/agora.xtec.cat\/ceipsantjordi-massanet\/wp-json\/wp\/v2\/types\/page"}],"author":[{"embeddable":true,"href":"https:\/\/agora.xtec.cat\/ceipsantjordi-massanet\/wp-json\/wp\/v2\/users\/4"}],"replies":[{"embeddable":true,"href":"https:\/\/agora.xtec.cat\/ceipsantjordi-massanet\/wp-json\/wp\/v2\/comments?post=8324"}],"version-history":[{"count":3,"href":"https:\/\/agora.xtec.cat\/ceipsantjordi-massanet\/wp-json\/wp\/v2\/pages\/8324\/revisions"}],"predecessor-version":[{"id":9605,"href":"https:\/\/agora.xtec.cat\/ceipsantjordi-massanet\/wp-json\/wp\/v2\/pages\/8324\/revisions\/9605"}],"up":[{"embeddable":true,"href":"https:\/\/agora.xtec.cat\/ceipsantjordi-massanet\/wp-json\/wp\/v2\/pages\/64"}],"wp:attachment":[{"href":"https:\/\/agora.xtec.cat\/ceipsantjordi-massanet\/wp-json\/wp\/v2\/media?parent=8324"}],"curies":[{"name":"wp","href":"https:\/\/api.w.org\/{rel}","templated":true}]}}

Robòtica i llenguatge computacional

<ul id="menuInici">
<li><a href="https://agora.xtec.cat/ceipsantjordi-massanet/projecte-educatiu/projecte-de-direccio/">Direcció</a></li>
<li><a href="https://agora.xtec.cat/ceipsantjordi-massanet/projecte-educatiu/projecte-linguistic/">Lingüístic</a></li>
<li><a href="https://agora.xtec.cat/ceipsantjordi-massanet/categoria/projectes/comunitat/">Comunitat</a></li>
<li><a href="https://agora.xtec.cat/ceipsantjordi-massanet/projecte-educatiu/projecte-musical/">Música</a></li>
<li><a href="https://agora.xtec.cat/ceipsantjordi-massanet/projecte-educatiu/robotica-i-llenguatge-computacional/">Robòtica</a></li>
<li><a href="https://agora.xtec.cat/ceipsantjordi-massanet/primaria/informatica/">Informàtica</a></li>
<li><a href="https://agora.xtec.cat/ceipsantjordi-massanet/projecte-educatiu/unesco/">Unesco</a></li>
<li><a href="https://agora.xtec.cat/ceipsantjordi-massanet/projecte-educatiu/ambients/">Intertallers</a></li>
<li><a href="https://agora.xtec.cat/ceipsantjordi-massanet/projecte-educatiu/projecte-interdisciplinari-2018/">Interdisciplinari</a></li>
<li><a href="https://agora.xtec.cat/ceipsantjordi-massanet/projecte-educatiu/fem-ciencia/">Ciència</a></li>
</ul>
<p>&nbsp;</p>
<div class="hJDwNd-AhqUyc-OwsYgb purZT-AhqUyc-II5mzb pSzOP-AhqUyc-qWD73c JNdkSc">
<div class="oKdM2c">
<div id="h.p_5YKJmq8Xvw3C" class="hJDwNd-AhqUyc-OwsYgb jXK9ad D2fZ2 OjCsFc wHaque GNzUNc">
<div class="jXK9ad-SmKAyb jXK9ad-SmKAyb-c4YZDc">
<div class="tyJCtd mGzaTb baZpAe">
<p><a href="https://sites.google.com/santjordim.cat/robotica/inici"><img loading="lazy" decoding="async" class="alignleft" src="http://dondehaytrabajo.com/wp-content/uploads/2015/04/ID-100169498.jpg" width="129" height="132" /></a>FES CLIC AL ROBOT I VES AL WIKI DE ROBÒTICA!</p>
<p id="h.p_J3XLXSI_vw3K" class="zfr3Q">A l’escola Sant Jordi treballem el pensament computacional amb activitats de CODI i també amb el programa SCRATCH virtual i aplicat a la robòtica. El pensament computacional implica un conjunt de tècniques i habilitats de resolució de problemes que els programadors utilitzen per escriure els programes que conformen les aplicacions informàtiques que utilitzem a diari. Si voleu podeu llegir <a href="https://docs.google.com/document/d/1C9PLGbXa_Eh9j3MpAaADTmkDMh9YIoUnggYISIT6dJw/edit">les bases del procés de treball robòtic</a> tal i com l&#8217;entenem a l&#8217;Escola Sant Jordi.</p>
<p id="h.p_25J2g1BkwBDa" class="zfr3Q">(font: <a class="dhtgD" href="http://www.google.com/url?q=http%3A%2F%2Fcodelearn.cat%2Fbeneficis-del-pensament-computacional%2F&amp;sa=D&amp;sntz=1&amp;usg=AFQjCNFKA3b0jIulCnRSI5RkLCHNZp3fBw" target="_blank" rel="noopener">http://codelearn.cat/beneficis-del-pensament-computacional/</a>)</p>
<p id="h.p_yLxF9huBwBDn" class="zfr3Q">Les tècniques i processos més rellevants del llenguatge computacional són:</p>
<p id="h.p_PV-Y0te0wBD0" class="zfr3Q"><strong>Descomposició.</strong> Un exemple seria la capacitat d’identificar els ingredients d’un plat desconegut basant-nos en el seu sabor.</p>
<p id="h.p_Df2T77YewBD9" class="zfr3Q"><strong>Reconeixement de patrons.</strong> Com els pagesos que reconeixen en les plantes d’un hort que els fa falta o què els sobre segons el seu aspecte, el creixement.</p>
<p id="h.p_4iVDduOewBEC" class="zfr3Q"><strong>Generalització de patrons i abstracció.</strong> Per exemple en una agenda utilitzem l’abstracció per a representar una setmana en termes de dies i hores per a poder organitzar millor el nostre temps.</p>
<p id="h.p_A_pEf-diwBEK" class="zfr3Q"><strong>Disseny algorítmic.</strong> Per exemple quan un cuiner escriu una recepta està creant un algoritme que permet que d’altres persones el puguin seguir per a obtenir el plat.</p>
<p id="h.p_3EtcOhQjwBEO" class="zfr3Q">Així doncs, pensar computacionalment vol dir pensar per a organitzar les idees en instruccions que serveixin després per a fer coses, organitzar el pensament per crear i ordenar “programes potents” per a fer qualsevol cosa, és millorar l’eficàcia del pensament i entrenar la intel·ligència i les habilitats per a fer-se més hàbils i segurament més competents… i també més savis i sàvies!</p>
</div>
</div>
</div>
</div>
</div>

<ul id="menuInici">
<li><a href="https://agora.xtec.cat/ceipsantjordi-massanet/projecte-educatiu/projecte-de-direccio/">Direcció</a></li>
<li><a href="https://agora.xtec.cat/ceipsantjordi-massanet/projecte-educatiu/projecte-linguistic/">Lingüístic</a></li>
<li><a href="https://agora.xtec.cat/ceipsantjordi-massanet/categoria/projectes/comunitat/">Comunitat</a></li>
<li><a href="https://agora.xtec.cat/ceipsantjordi-massanet/projecte-educatiu/projecte-musical/">Música</a></li>
<li><a href="https://agora.xtec.cat/ceipsantjordi-massanet/projecte-educatiu/robotica-i-llenguatge-computacional/">Robòtica</a></li>
<li><a href="https://agora.xtec.cat/ceipsantjordi-massanet/primaria/informatica/">Informàtica</a></li>
<li><a href="https://agora.xtec.cat/ceipsantjordi-massanet/projecte-educatiu/unesco/">Unesco</a></li>
<li><a href="https://agora.xtec.cat/ceipsantjordi-massanet/projecte-educatiu/ambients/">Intertallers</a></li>
<li><a href="https://agora.xtec.cat/ceipsantjordi-massanet/projecte-educatiu/projecte-interdisciplinari-2018/">Interdisciplinari</a></li>
<li><a href="https://agora.xtec.cat/ceipsantjordi-massanet/projecte-educatiu/fem-ciencia/">Ciència</a></li>
</ul>
<p>&nbsp;</p>
<p><a href="https://sites.google.com/santjordim.cat/robotica/inici"></a>FES CLIC AL ROBOT I VES AL WIKI DE ROBÒTICA!<br />
A l’escola Sant Jordi treballem el pensament computacional amb activitats de CODI i també amb el programa SCRATCH virtual i aplicat a la robòtica.&hellip;  <a href="https://agora.xtec.cat/ceipsantjordi-massanet/projecte-educatiu/robotica-i-llenguatge-computacional/" title="Read Robòtica i llenguatge computacional">Llegeix més»</a></p>
