{"id":64,"date":"2014-09-18T12:39:08","date_gmt":"2014-09-18T12:39:08","guid":{"rendered":"http:\/\/agora.xtec.cat\/ceipsantjordi-massanet\/?page_id=64"},"modified":"2021-09-23T14:06:27","modified_gmt":"2021-09-23T12:06:27","slug":"projecte-educatiu","status":"publish","type":"page","link":"https:\/\/agora.xtec.cat\/ceipsantjordi-massanet\/projecte-educatiu\/","title":{"rendered":"Projecte educatiu"},"content":{"rendered":"<p><a href=\"https:\/\/drive.google.com\/file\/d\/112CRSQXerUQEHMXetCfVaAexq2HkCN2T\/view?usp=sharing\"><img loading=\"lazy\" decoding=\"async\" class=\" wp-image-8321 alignleft\" src=\"https:\/\/agora.xtec.cat\/ceipsantjordi-massanet\/wp-content\/uploads\/usu391\/2018\/12\/Library-Mac-icon.png\" alt=\"\" width=\"119\" height=\"119\" srcset=\"https:\/\/agora.xtec.cat\/ceipsantjordi-massanet\/wp-content\/uploads\/usu391\/2018\/12\/Library-Mac-icon.png 256w, https:\/\/agora.xtec.cat\/ceipsantjordi-massanet\/wp-content\/uploads\/usu391\/2018\/12\/Library-Mac-icon-150x150.png 150w\" sizes=\"auto, (max-width: 119px) 100vw, 119px\" \/>DOCUMENT DEL PROJECTE EN FORMAT PDF<\/a><\/p>\n<p>D&#8217;acord amb la <a title=\"Article 91 LEC\" href=\"http:\/\/www20.gencat.cat\/portal\/site\/portaljuridic\/menuitem.d15a4e5dfb99396dc366ec10b0c0e1a0\/?vgnextoid=b85297b5a87d6210VgnVCM1000000b0c1e0aRCRD&amp;vgnextchannel=b85297b5a87d6210VgnVCM1000000b0c1e0aRCRD&amp;vgnextfmt=default&amp;action=fitxa&amp;portalId=1&amp;documentId=480169&amp;newLang=ca_ES#fragment-1182442\" target=\"_blank\" rel=\"noopener noreferrer\">Llei d&#8217;Educaci\u00f3 de Catalunya<\/a>, el projecte educatiu incorpora el car\u00e0cter propi del centre i cont\u00e9 els elements seg\u00fcents:<\/p>\n<p>&nbsp;<\/p>\n<ul>\n<li>Criteris d&#8217;ordenaci\u00f3 pedag\u00f2gica, prioritats i plantejaments educatius, procediments d&#8217;inclusi\u00f3 i altres actuacions que caracteritzen el centre.<\/li>\n<li>Indicadors<\/li>\n<li>Concreci\u00f3 i desenvolupament dels curr\u00edculums.<\/li>\n<li>Criteris que defineixen l&#8217;estructura organitzativa.<\/li>\n<li>Projecte ling\u00fc\u00edstic.<\/li>\n<li>Car\u00e0cter propi del centre.<\/li>\n<li>Tamb\u00e9 hi podreu trobar els projectes de centre als llocs de m\u00fasica, rob\u00f2tica i projecte intertallers<\/li>\n<\/ul>\n<p><strong>Normativa<\/strong><\/p>\n<p>Clica i accedeix al document <a href=\"https:\/\/drive.google.com\/file\/d\/1vWqh-59BRhGNQqBvId9-BjtqlgegkSS6\/view\">NOFC, Normativa i Funcionament del Centre<\/a>.<\/p>\n<p><strong>Pla de Comunicaci\u00f3 digital<\/strong><\/p>\n<p>Clica i accedeix al\u00a0<a href=\"https:\/\/docs.google.com\/document\/d\/109L1XUQ0aQxHzDRcKnvq-nZiHTk14oSrpy2ixsw9LWM\/edit?usp=sharing\">Pla de Comunicaci\u00f3 Digital<\/a>.<\/p>\n","protected":false},"excerpt":{"rendered":"<p><a href=\"https:\/\/drive.google.com\/file\/d\/112CRSQXerUQEHMXetCfVaAexq2HkCN2T\/view?usp=sharing\">DOCUMENT DEL PROJECTE EN FORMAT PDF<\/a><br \/>\nD&#8217;acord amb la <a title=\"Article 91 LEC\" href=\"http:\/\/www20.gencat.cat\/portal\/site\/portaljuridic\/menuitem.d15a4e5dfb99396dc366ec10b0c0e1a0\/?vgnextoid=b85297b5a87d6210VgnVCM1000000b0c1e0aRCRD&amp;vgnextchannel=b85297b5a87d6210VgnVCM1000000b0c1e0aRCRD&amp;vgnextfmt=default&amp;action=fitxa&amp;portalId=1&amp;documentId=480169&amp;newLang=ca_ES#fragment-1182442\" target=\"_blank\" rel=\"noopener noreferrer\">Llei d&#8217;Educaci\u00f3 de Catalunya<\/a>, el projecte educatiu incorpora el car\u00e0cter propi del centre i cont\u00e9 els elements seg\u00fcents:<br \/>\n&nbsp;<\/p>\n<ul>\n<li>Criteris d&#8217;ordenaci\u00f3 pedag\u00f2gica, prioritats i plantejaments educatius, procediments d&#8217;inclusi\u00f3 i altres actuacions&hellip;  <a href=\"https:\/\/agora.xtec.cat\/ceipsantjordi-massanet\/projecte-educatiu\/\" title=\"Read Projecte educatiu\">Llegeix m\u00e9s\u00bb<\/a><br \/>\n","protected":false},"author":2,"featured_media":0,"parent":0,"menu_order":0,"comment_status":"closed","ping_status":"closed","template":"","meta":{"_bbp_topic_count":0,"_bbp_reply_count":0,"_bbp_total_topic_count":0,"_bbp_total_reply_count":0,"_bbp_voice_count":0,"_bbp_anonymous_reply_count":0,"_bbp_topic_count_hidden":0,"_bbp_reply_count_hidden":0,"_bbp_forum_subforum_count":0,"footnotes":""},"class_list":["post-64","page","type-page","status-publish","hentry"],"post_mailing_queue_ids":[],"_links":{"self":[{"href":"https:\/\/agora.xtec.cat\/ceipsantjordi-massanet\/wp-json\/wp\/v2\/pages\/64","targetHints":{"allow":["GET"]}}],"collection":[{"href":"https:\/\/agora.xtec.cat\/ceipsantjordi-massanet\/wp-json\/wp\/v2\/pages"}],"about":[{"href":"https:\/\/agora.xtec.cat\/ceipsantjordi-massanet\/wp-json\/wp\/v2\/types\/page"}],"author":[{"embeddable":true,"href":"https:\/\/agora.xtec.cat\/ceipsantjordi-massanet\/wp-json\/wp\/v2\/users\/2"}],"replies":[{"embeddable":true,"href":"https:\/\/agora.xtec.cat\/ceipsantjordi-massanet\/wp-json\/wp\/v2\/comments?post=64"}],"version-history":[{"count":4,"href":"https:\/\/agora.xtec.cat\/ceipsantjordi-massanet\/wp-json\/wp\/v2\/pages\/64\/revisions"}],"predecessor-version":[{"id":15011,"href":"https:\/\/agora.xtec.cat\/ceipsantjordi-massanet\/wp-json\/wp\/v2\/pages\/64\/revisions\/15011"}],"wp:attachment":[{"href":"https:\/\/agora.xtec.cat\/ceipsantjordi-massanet\/wp-json\/wp\/v2\/media?parent=64"}],"curies":[{"name":"wp","href":"https:\/\/api.w.org\/{rel}","templated":true}]}}

<p><a href="https://drive.google.com/file/d/112CRSQXerUQEHMXetCfVaAexq2HkCN2T/view?usp=sharing"><img loading="lazy" decoding="async" class=" wp-image-8321 alignleft" src="https://agora.xtec.cat/ceipsantjordi-massanet/wp-content/uploads/usu391/2018/12/Library-Mac-icon.png" alt="" width="119" height="119" srcset="https://agora.xtec.cat/ceipsantjordi-massanet/wp-content/uploads/usu391/2018/12/Library-Mac-icon.png 256w, https://agora.xtec.cat/ceipsantjordi-massanet/wp-content/uploads/usu391/2018/12/Library-Mac-icon-150x150.png 150w" sizes="auto, (max-width: 119px) 100vw, 119px" />DOCUMENT DEL PROJECTE EN FORMAT PDF</a></p>
<p>D&#8217;acord amb la <a title="Article 91 LEC" href="http://www20.gencat.cat/portal/site/portaljuridic/menuitem.d15a4e5dfb99396dc366ec10b0c0e1a0/?vgnextoid=b85297b5a87d6210VgnVCM1000000b0c1e0aRCRD&amp;vgnextchannel=b85297b5a87d6210VgnVCM1000000b0c1e0aRCRD&amp;vgnextfmt=default&amp;action=fitxa&amp;portalId=1&amp;documentId=480169&amp;newLang=ca_ES#fragment-1182442" target="_blank" rel="noopener noreferrer">Llei d&#8217;Educació de Catalunya</a>, el projecte educatiu incorpora el caràcter propi del centre i conté els elements següents:</p>
<p>&nbsp;</p>
<ul>
<li>Criteris d&#8217;ordenació pedagògica, prioritats i plantejaments educatius, procediments d&#8217;inclusió i altres actuacions que caracteritzen el centre.</li>
<li>Indicadors</li>
<li>Concreció i desenvolupament dels currículums.</li>
<li>Criteris que defineixen l&#8217;estructura organitzativa.</li>
<li>Projecte lingüístic.</li>
<li>Caràcter propi del centre.</li>
<li>També hi podreu trobar els projectes de centre als llocs de música, robòtica i projecte intertallers</li>
</ul>
<p><strong>Normativa</strong></p>
<p>Clica i accedeix al document <a href="https://drive.google.com/file/d/1vWqh-59BRhGNQqBvId9-BjtqlgegkSS6/view">NOFC, Normativa i Funcionament del Centre</a>.</p>
<p><strong>Pla de Comunicació digital</strong></p>
<p>Clica i accedeix al <a href="https://docs.google.com/document/d/109L1XUQ0aQxHzDRcKnvq-nZiHTk14oSrpy2ixsw9LWM/edit?usp=sharing">Pla de Comunicació Digital</a>.</p>

<p><a href="https://drive.google.com/file/d/112CRSQXerUQEHMXetCfVaAexq2HkCN2T/view?usp=sharing">DOCUMENT DEL PROJECTE EN FORMAT PDF</a><br />
D&#8217;acord amb la <a title="Article 91 LEC" href="http://www20.gencat.cat/portal/site/portaljuridic/menuitem.d15a4e5dfb99396dc366ec10b0c0e1a0/?vgnextoid=b85297b5a87d6210VgnVCM1000000b0c1e0aRCRD&amp;vgnextchannel=b85297b5a87d6210VgnVCM1000000b0c1e0aRCRD&amp;vgnextfmt=default&amp;action=fitxa&amp;portalId=1&amp;documentId=480169&amp;newLang=ca_ES#fragment-1182442" target="_blank" rel="noopener noreferrer">Llei d&#8217;Educació de Catalunya</a>, el projecte educatiu incorpora el caràcter propi del centre i conté els elements següents:<br />
&nbsp;</p>
<ul>
<li>Criteris d&#8217;ordenació pedagògica, prioritats i plantejaments educatius, procediments d&#8217;inclusió i altres actuacions&hellip;  <a href="https://agora.xtec.cat/ceipsantjordi-massanet/projecte-educatiu/" title="Read Projecte educatiu">Llegeix més»</a><br />
