{"id":603,"date":"2015-06-06T13:08:00","date_gmt":"2015-06-06T12:08:00","guid":{"rendered":"http:\/\/agora.xtec.cat\/ceipsantjordi-massanet\/?page_id=603"},"modified":"2019-11-14T15:53:25","modified_gmt":"2019-11-14T14:53:25","slug":"religio","status":"publish","type":"page","link":"https:\/\/agora.xtec.cat\/ceipsantjordi-massanet\/religio\/","title":{"rendered":"Religi\u00f3"},"content":{"rendered":"<h1 class=\"entry-title\" style=\"text-align: justify;\">Assignatura de religi\u00f3<\/h1>\n<div class=\"entry-content\">\n<p style=\"text-align: justify;\">En aquesta assignatura donem a\u00a0con\u00e8ixer\u00a0<strong>les claus per entendre la nostra tradici\u00f3 cristiana<\/strong>. Volem donar contingut a paraules com<a href=\"http:\/\/blocs.xtec.cat\/religioescolafranca\/files\/2014\/04\/Clases-de-religi%C3%B3n-e1348995599712.jpg\"><img loading=\"lazy\" decoding=\"async\" class=\"wp-image-123 alignright\" src=\"http:\/\/blocs.xtec.cat\/religioescolafranca\/files\/2014\/04\/Clases-de-religi%C3%B3n-e1348995599712-300x251.jpg\" sizes=\"auto, (max-width: 240px) 100vw, 240px\" srcset=\"https:\/\/blocs.xtec.cat\/religioescolafranca\/files\/2014\/04\/Clases-de-religi\u00f3n-e1348995599712-300x251.jpg 300w, https:\/\/blocs.xtec.cat\/religioescolafranca\/files\/2014\/04\/Clases-de-religi\u00f3n-e1348995599712.jpg 600w\" alt=\"Clases-de-religi\u00f3n-e1348995599712\" width=\"240\" height=\"201\" \/><\/a><strong>\u00a0Jes\u00fas\u00a0de Natzaret\u00a0<\/strong>i\u00a0<strong>els seus valors\u00a0<\/strong>d\u2019amor, just\u00edcia, perd\u00f3 i servei als altres, i experimentar que seguint\u00a0aquests valors creixem com a persones.<\/p>\n<p style=\"text-align: justify;\">A\u00a0<strong>cicle inicial<\/strong>\u00a0introdu\u00efm als nens i nenes en les tradicions, personatges i simbologia cristiana.<\/p>\n<p style=\"text-align: justify;\">A\u00a0<a href=\"http:\/\/agora.xtec.cat\/ceipsantjordi-massanet\/reli-cicle-mitja\/\"><strong>cicle mitj\u00e0<\/strong><\/a>\u00a0ens iniciem en el coneixement de la B\u00edblia, els seu personatges m\u00e9s rellevants i la import\u00e0ncia que t\u00e9 per entendre l\u2019art de moltes \u00e8poques.<\/p>\n<p style=\"text-align: justify;\">A\u00a0<strong>cicle superior<\/strong>\u00a0investiguem sobre el Jes\u00fas hist\u00f2ric, la dimensi\u00f3 espiritual de la persona, les religions m\u00e9s importants, entre altres temes.<\/p>\n<\/div>\n","protected":false},"excerpt":{"rendered":"<p>Assignatura de religi\u00f3<\/p>\n<p>En aquesta assignatura donem a\u00a0con\u00e8ixer\u00a0les claus per entendre la nostra tradici\u00f3 cristiana. Volem donar contingut a paraules com<a href=\"http:\/\/blocs.xtec.cat\/religioescolafranca\/files\/2014\/04\/Clases-de-religi%C3%B3n-e1348995599712.jpg\"><\/a>\u00a0Jes\u00fas\u00a0de Natzaret\u00a0i\u00a0els seus valors\u00a0d\u2019amor, just\u00edcia, perd\u00f3 i servei als altres, i experimentar que seguint\u00a0aquests valors creixem com a persones.<br \/>\nA\u00a0cicle inicial\u00a0introdu\u00efm als nens i nenes en&hellip;  <a href=\"https:\/\/agora.xtec.cat\/ceipsantjordi-massanet\/religio\/\" title=\"Read Religi\u00f3\">Llegeix m\u00e9s\u00bb<\/a><\/p>\n","protected":false},"author":4,"featured_media":0,"parent":0,"menu_order":0,"comment_status":"closed","ping_status":"closed","template":"","meta":{"_bbp_topic_count":0,"_bbp_reply_count":0,"_bbp_total_topic_count":0,"_bbp_total_reply_count":0,"_bbp_voice_count":0,"_bbp_anonymous_reply_count":0,"_bbp_topic_count_hidden":0,"_bbp_reply_count_hidden":0,"_bbp_forum_subforum_count":0,"footnotes":""},"class_list":["post-603","page","type-page","status-publish","hentry"],"post_mailing_queue_ids":[],"_links":{"self":[{"href":"https:\/\/agora.xtec.cat\/ceipsantjordi-massanet\/wp-json\/wp\/v2\/pages\/603","targetHints":{"allow":["GET"]}}],"collection":[{"href":"https:\/\/agora.xtec.cat\/ceipsantjordi-massanet\/wp-json\/wp\/v2\/pages"}],"about":[{"href":"https:\/\/agora.xtec.cat\/ceipsantjordi-massanet\/wp-json\/wp\/v2\/types\/page"}],"author":[{"embeddable":true,"href":"https:\/\/agora.xtec.cat\/ceipsantjordi-massanet\/wp-json\/wp\/v2\/users\/4"}],"replies":[{"embeddable":true,"href":"https:\/\/agora.xtec.cat\/ceipsantjordi-massanet\/wp-json\/wp\/v2\/comments?post=603"}],"version-history":[{"count":4,"href":"https:\/\/agora.xtec.cat\/ceipsantjordi-massanet\/wp-json\/wp\/v2\/pages\/603\/revisions"}],"predecessor-version":[{"id":11484,"href":"https:\/\/agora.xtec.cat\/ceipsantjordi-massanet\/wp-json\/wp\/v2\/pages\/603\/revisions\/11484"}],"wp:attachment":[{"href":"https:\/\/agora.xtec.cat\/ceipsantjordi-massanet\/wp-json\/wp\/v2\/media?parent=603"}],"curies":[{"name":"wp","href":"https:\/\/api.w.org\/{rel}","templated":true}]}}

Religió

<h1 class="entry-title" style="text-align: justify;">Assignatura de religió</h1>
<div class="entry-content">
<p style="text-align: justify;">En aquesta assignatura donem a conèixer <strong>les claus per entendre la nostra tradició cristiana</strong>. Volem donar contingut a paraules com<a href="http://blocs.xtec.cat/religioescolafranca/files/2014/04/Clases-de-religi%C3%B3n-e1348995599712.jpg"><img loading="lazy" decoding="async" class="wp-image-123 alignright" src="http://blocs.xtec.cat/religioescolafranca/files/2014/04/Clases-de-religi%C3%B3n-e1348995599712-300x251.jpg" sizes="auto, (max-width: 240px) 100vw, 240px" srcset="https://blocs.xtec.cat/religioescolafranca/files/2014/04/Clases-de-religión-e1348995599712-300x251.jpg 300w, https://blocs.xtec.cat/religioescolafranca/files/2014/04/Clases-de-religión-e1348995599712.jpg 600w" alt="Clases-de-religión-e1348995599712" width="240" height="201" /></a><strong> Jesús de Natzaret </strong>i <strong>els seus valors </strong>d’amor, justícia, perdó i servei als altres, i experimentar que seguint aquests valors creixem com a persones.</p>
<p style="text-align: justify;">A <strong>cicle inicial</strong> introduïm als nens i nenes en les tradicions, personatges i simbologia cristiana.</p>
<p style="text-align: justify;">A <a href="http://agora.xtec.cat/ceipsantjordi-massanet/reli-cicle-mitja/"><strong>cicle mitjà</strong></a> ens iniciem en el coneixement de la Bíblia, els seu personatges més rellevants i la importància que té per entendre l’art de moltes èpoques.</p>
<p style="text-align: justify;">A <strong>cicle superior</strong> investiguem sobre el Jesús històric, la dimensió espiritual de la persona, les religions més importants, entre altres temes.</p>
</div>

<p>Assignatura de religió</p>
<p>En aquesta assignatura donem a conèixer les claus per entendre la nostra tradició cristiana. Volem donar contingut a paraules com<a href="http://blocs.xtec.cat/religioescolafranca/files/2014/04/Clases-de-religi%C3%B3n-e1348995599712.jpg"></a> Jesús de Natzaret i els seus valors d’amor, justícia, perdó i servei als altres, i experimentar que seguint aquests valors creixem com a persones.<br />
A cicle inicial introduïm als nens i nenes en&hellip;  <a href="https://agora.xtec.cat/ceipsantjordi-massanet/religio/" title="Read Religió">Llegeix més»</a></p>
