{"id":5472,"date":"2017-08-18T15:58:25","date_gmt":"2017-08-18T13:58:25","guid":{"rendered":"http:\/\/agora.xtec.cat\/ceipsantjordi-massanet\/?page_id=5472"},"modified":"2021-09-14T11:13:40","modified_gmt":"2021-09-14T09:13:40","slug":"sise","status":"publish","type":"page","link":"https:\/\/agora.xtec.cat\/ceipsantjordi-massanet\/projecte-educatiu\/projecte-musical\/sise\/","title":{"rendered":"Instrumentaci\u00f3 CS"},"content":{"rendered":"<p>&nbsp;<\/p>\n<p><a href=\"https:\/\/sites.google.com\/santjordim.cat\/ukelelandia\/presentaci%C3%B3\"><img loading=\"lazy\" decoding=\"async\" class=\"alignnone size-large wp-image-14944\" src=\"https:\/\/agora.xtec.cat\/ceipsantjordi-massanet\/wp-content\/uploads\/usu391\/2021\/09\/Captura-de-pantalla-2021-09-13-a-les-11.32.32-1024x256.png\" alt=\"\" width=\"1024\" height=\"256\" srcset=\"https:\/\/agora.xtec.cat\/ceipsantjordi-massanet\/wp-content\/uploads\/usu391\/2021\/09\/Captura-de-pantalla-2021-09-13-a-les-11.32.32-1024x256.png 1024w, https:\/\/agora.xtec.cat\/ceipsantjordi-massanet\/wp-content\/uploads\/usu391\/2021\/09\/Captura-de-pantalla-2021-09-13-a-les-11.32.32-300x75.png 300w, https:\/\/agora.xtec.cat\/ceipsantjordi-massanet\/wp-content\/uploads\/usu391\/2021\/09\/Captura-de-pantalla-2021-09-13-a-les-11.32.32-768x192.png 768w, https:\/\/agora.xtec.cat\/ceipsantjordi-massanet\/wp-content\/uploads\/usu391\/2021\/09\/Captura-de-pantalla-2021-09-13-a-les-11.32.32.png 1141w\" sizes=\"auto, (max-width: 1024px) 100vw, 1024px\" \/><\/a><\/p>\n<p>A sis\u00e8 completarem la formaci\u00f3 de guitarra que fan fins a quart treballant amb els ukeleles i tamb\u00e9 els carillons. A cada p\u00e0gina del lloc web Ukelel\u00e0ndia hi trobareu els materials i les can\u00e7ons que treballarem.<\/p>\n","protected":false},"excerpt":{"rendered":"<p>&nbsp;<br \/>\n<a href=\"https:\/\/sites.google.com\/santjordim.cat\/ukelelandia\/presentaci%C3%B3\"><\/a><br \/>\nA sis\u00e8 completarem la formaci\u00f3 de guitarra que fan fins a quart treballant amb els ukeleles i tamb\u00e9 els carillons. A cada p\u00e0gina del lloc web Ukelel\u00e0ndia hi trobareu els materials i les can\u00e7ons que treballarem.<\/p>\n","protected":false},"author":4,"featured_media":0,"parent":3504,"menu_order":9,"comment_status":"closed","ping_status":"closed","template":"","meta":{"_bbp_topic_count":0,"_bbp_reply_count":0,"_bbp_total_topic_count":0,"_bbp_total_reply_count":0,"_bbp_voice_count":0,"_bbp_anonymous_reply_count":0,"_bbp_topic_count_hidden":0,"_bbp_reply_count_hidden":0,"_bbp_forum_subforum_count":0,"footnotes":""},"class_list":["post-5472","page","type-page","status-publish","hentry"],"post_mailing_queue_ids":[],"_links":{"self":[{"href":"https:\/\/agora.xtec.cat\/ceipsantjordi-massanet\/wp-json\/wp\/v2\/pages\/5472","targetHints":{"allow":["GET"]}}],"collection":[{"href":"https:\/\/agora.xtec.cat\/ceipsantjordi-massanet\/wp-json\/wp\/v2\/pages"}],"about":[{"href":"https:\/\/agora.xtec.cat\/ceipsantjordi-massanet\/wp-json\/wp\/v2\/types\/page"}],"author":[{"embeddable":true,"href":"https:\/\/agora.xtec.cat\/ceipsantjordi-massanet\/wp-json\/wp\/v2\/users\/4"}],"replies":[{"embeddable":true,"href":"https:\/\/agora.xtec.cat\/ceipsantjordi-massanet\/wp-json\/wp\/v2\/comments?post=5472"}],"version-history":[{"count":4,"href":"https:\/\/agora.xtec.cat\/ceipsantjordi-massanet\/wp-json\/wp\/v2\/pages\/5472\/revisions"}],"predecessor-version":[{"id":14952,"href":"https:\/\/agora.xtec.cat\/ceipsantjordi-massanet\/wp-json\/wp\/v2\/pages\/5472\/revisions\/14952"}],"up":[{"embeddable":true,"href":"https:\/\/agora.xtec.cat\/ceipsantjordi-massanet\/wp-json\/wp\/v2\/pages\/3504"}],"wp:attachment":[{"href":"https:\/\/agora.xtec.cat\/ceipsantjordi-massanet\/wp-json\/wp\/v2\/media?parent=5472"}],"curies":[{"name":"wp","href":"https:\/\/api.w.org\/{rel}","templated":true}]}}

Instrumentació CS

<p>&nbsp;</p>
<p><a href="https://sites.google.com/santjordim.cat/ukelelandia/presentaci%C3%B3"><img loading="lazy" decoding="async" class="alignnone size-large wp-image-14944" src="https://agora.xtec.cat/ceipsantjordi-massanet/wp-content/uploads/usu391/2021/09/Captura-de-pantalla-2021-09-13-a-les-11.32.32-1024x256.png" alt="" width="1024" height="256" srcset="https://agora.xtec.cat/ceipsantjordi-massanet/wp-content/uploads/usu391/2021/09/Captura-de-pantalla-2021-09-13-a-les-11.32.32-1024x256.png 1024w, https://agora.xtec.cat/ceipsantjordi-massanet/wp-content/uploads/usu391/2021/09/Captura-de-pantalla-2021-09-13-a-les-11.32.32-300x75.png 300w, https://agora.xtec.cat/ceipsantjordi-massanet/wp-content/uploads/usu391/2021/09/Captura-de-pantalla-2021-09-13-a-les-11.32.32-768x192.png 768w, https://agora.xtec.cat/ceipsantjordi-massanet/wp-content/uploads/usu391/2021/09/Captura-de-pantalla-2021-09-13-a-les-11.32.32.png 1141w" sizes="auto, (max-width: 1024px) 100vw, 1024px" /></a></p>
<p>A sisè completarem la formació de guitarra que fan fins a quart treballant amb els ukeleles i també els carillons. A cada pàgina del lloc web Ukelelàndia hi trobareu els materials i les cançons que treballarem.</p>

<p>&nbsp;<br />
<a href="https://sites.google.com/santjordim.cat/ukelelandia/presentaci%C3%B3"></a><br />
A sisè completarem la formació de guitarra que fan fins a quart treballant amb els ukeleles i també els carillons. A cada pàgina del lloc web Ukelelàndia hi trobareu els materials i les cançons que treballarem.</p>
