{"id":3518,"date":"2016-09-06T22:20:58","date_gmt":"2016-09-06T20:20:58","guid":{"rendered":"http:\/\/agora.xtec.cat\/ceipsantjordi-massanet\/?page_id=3518"},"modified":"2021-09-13T11:35:28","modified_gmt":"2021-09-13T09:35:28","slug":"instrumentacio","status":"publish","type":"page","link":"https:\/\/agora.xtec.cat\/ceipsantjordi-massanet\/projecte-educatiu\/projecte-musical\/instrumentacio\/","title":{"rendered":"Instrumentaci\u00f3: Carillons, guitarres i Ukeleles"},"content":{"rendered":"<p><strong>Carillons<\/strong><br \/>\nAquest curs introdu\u00efm a alguns cursos els carillons. Formen part del Projecte de Reutilitzaci\u00f3, aix\u00f2 vol dir que s&#8217;han de cuidar molt i que ens han de durar molts anys. Aquest model segueix la codificaci\u00f3 d&#8217;altres instruments que tenim, les campanes i els\u00a0<a class=\"gL9Hy\" href=\"https:\/\/www.google.com\/search?rlz=1C5CHFA_enES824ES824&amp;q=boomwhackers&amp;spell=1&amp;sa=X&amp;ved=0ahUKEwil08aJgdnfAhU-A2MBHVkoD7YQBQgoKAA\"><b><i>boomwhackers<\/i><\/b><\/a>, que s\u00f3n uns tubs musicals que es piquen amb diverses parts del cos i estan afinats amb les notes. Tamb\u00e9 \u00e9s la codificaci\u00f3 dels gots musicals de l&#8217;AEMCAT que fem servir per a treballar el llenguatge musical.<\/p>\n<table style=\"border-collapse: collapse; width: 100%;\" border=\"1\">\n<tbody>\n<tr>\n<td style=\"width: 25%;\"><img loading=\"lazy\" decoding=\"async\" class=\"aligncenter\" src=\"https:\/\/zinglamusica.com\/1228-large_default\/carrillon-angel-ax25n3-glockenspiel-laminas-colores.jpg\" width=\"155\" height=\"155\" \/><img loading=\"lazy\" decoding=\"async\" class=\"aligncenter wp-image-7905\" src=\"https:\/\/agora.xtec.cat\/ceipsantjordi-massanet\/wp-content\/uploads\/usu391\/2018\/11\/IMG-4295-1024x768.jpg\" alt=\"\" width=\"578\" height=\"433\" srcset=\"https:\/\/agora.xtec.cat\/ceipsantjordi-massanet\/wp-content\/uploads\/usu391\/2018\/11\/IMG-4295.jpg 1024w, https:\/\/agora.xtec.cat\/ceipsantjordi-massanet\/wp-content\/uploads\/usu391\/2018\/11\/IMG-4295-300x225.jpg 300w, https:\/\/agora.xtec.cat\/ceipsantjordi-massanet\/wp-content\/uploads\/usu391\/2018\/11\/IMG-4295-768x576.jpg 768w, https:\/\/agora.xtec.cat\/ceipsantjordi-massanet\/wp-content\/uploads\/usu391\/2018\/11\/IMG-4295-200x150.jpg 200w\" sizes=\"auto, (max-width: 578px) 100vw, 578px\" \/><\/td>\n<td style=\"width: 25%;\"><a href=\"https:\/\/agora.xtec.cat\/ceipsantjordi-massanet\/wp-content\/uploads\/usu391\/2019\/01\/10020253_800.jpg\"><img loading=\"lazy\" decoding=\"async\" class=\"wp-image-9349 aligncenter\" src=\"https:\/\/agora.xtec.cat\/ceipsantjordi-massanet\/wp-content\/uploads\/usu391\/2019\/01\/10020253_800.jpg\" alt=\"\" width=\"160\" height=\"261\" srcset=\"https:\/\/agora.xtec.cat\/ceipsantjordi-massanet\/wp-content\/uploads\/usu391\/2019\/01\/10020253_800.jpg 368w, https:\/\/agora.xtec.cat\/ceipsantjordi-massanet\/wp-content\/uploads\/usu391\/2019\/01\/10020253_800-184x300.jpg 184w\" sizes=\"auto, (max-width: 160px) 100vw, 160px\" \/><\/a><\/td>\n<td style=\"width: 25%;\"><a href=\"https:\/\/agora.xtec.cat\/ceipsantjordi-massanet\/wp-content\/uploads\/usu391\/2019\/01\/gots.jpg\"><img loading=\"lazy\" decoding=\"async\" class=\"size-full wp-image-9350 aligncenter\" src=\"https:\/\/agora.xtec.cat\/ceipsantjordi-massanet\/wp-content\/uploads\/usu391\/2019\/01\/gots.jpg\" alt=\"\" width=\"678\" height=\"960\" srcset=\"https:\/\/agora.xtec.cat\/ceipsantjordi-massanet\/wp-content\/uploads\/usu391\/2019\/01\/gots.jpg 678w, https:\/\/agora.xtec.cat\/ceipsantjordi-massanet\/wp-content\/uploads\/usu391\/2019\/01\/gots-212x300.jpg 212w\" sizes=\"auto, (max-width: 678px) 100vw, 678px\" \/><\/a><\/td>\n<td style=\"width: 25%;\"><a href=\"https:\/\/agora.xtec.cat\/ceipsantjordi-massanet\/wp-content\/uploads\/usu391\/2019\/01\/Captura-de-Pantalla-2019-01-06-a-les-12.12.08.png\"><img loading=\"lazy\" decoding=\"async\" class=\"size-full wp-image-9351 aligncenter\" src=\"https:\/\/agora.xtec.cat\/ceipsantjordi-massanet\/wp-content\/uploads\/usu391\/2019\/01\/Captura-de-Pantalla-2019-01-06-a-les-12.12.08.png\" alt=\"\" width=\"300\" height=\"380\" srcset=\"https:\/\/agora.xtec.cat\/ceipsantjordi-massanet\/wp-content\/uploads\/usu391\/2019\/01\/Captura-de-Pantalla-2019-01-06-a-les-12.12.08.png 300w, https:\/\/agora.xtec.cat\/ceipsantjordi-massanet\/wp-content\/uploads\/usu391\/2019\/01\/Captura-de-Pantalla-2019-01-06-a-les-12.12.08-237x300.png 237w\" sizes=\"auto, (max-width: 300px) 100vw, 300px\" \/><\/a><\/td>\n<\/tr>\n<\/tbody>\n<\/table>\n<p><strong>Guitarra<\/strong><\/p>\n<p>Amb la participaci\u00f3 dels professionals de l&#8217;Escola de M\u00fasica, en Rodolfo, els alumnes de primer fins a quart estudien guitarra en petits grups. L&#8217;Ajuntament i l&#8217;escola hi posem els instruments adequats a les necessitats dels alumne i tamb\u00e9 els professors que facin falta. Tots els nens i nenes hi participen. Analitzem com toquen la guitarra en l&#8217;estil flamenc i veiem com fa servir molt el dit gros i l&#8217;\u00edndex. Posa la guitarra en posici\u00f3 sobre el genoll dret. Tamb\u00e9 fa servir una celleta a la posici\u00f3 del segon trast. Nosaltres estem practicant amb el dit gros, el polze i amb el segon dit, l&#8217;\u00edndex. Ja sabem tocar una corda amb cada dit!<\/p>\n<table style=\"border-collapse: collapse; width: 100%;\" border=\"1\">\n<tbody>\n<tr>\n<td style=\"width: 50%;\"><img loading=\"lazy\" decoding=\"async\" class=\" aligncenter\" src=\"https:\/\/agora.xtec.cat\/ceipsantjordi-massanet\/wp-content\/uploads\/usu391\/2018\/11\/IMG-4057-1024x577.png\" width=\"560\" height=\"315\" \/><\/td>\n<td style=\"width: 50%;\"><center><iframe loading=\"lazy\" src=\"https:\/\/www.youtube.com\/embed\/HKep_YqBcm4\" width=\"560\" height=\"315\" frameborder=\"0\"><span data-mce-type=\"bookmark\" style=\"display: inline-block; width: 0px; overflow: hidden; line-height: 0;\" class=\"mce_SELRES_start\">\ufeff<\/span><\/iframe><\/center><\/td>\n<\/tr>\n<\/tbody>\n<\/table>\n<p><center><\/center><b>Ukelele<\/b><\/p>\n<p><a href=\"https:\/\/sites.google.com\/santjordim.cat\/ukelelandia\/presentaci%C3%B3\"><img loading=\"lazy\" decoding=\"async\" class=\"alignnone size-large wp-image-14944\" src=\"https:\/\/agora.xtec.cat\/ceipsantjordi-massanet\/wp-content\/uploads\/usu391\/2021\/09\/Captura-de-pantalla-2021-09-13-a-les-11.32.32-1024x256.png\" alt=\"\" width=\"1024\" height=\"256\" srcset=\"https:\/\/agora.xtec.cat\/ceipsantjordi-massanet\/wp-content\/uploads\/usu391\/2021\/09\/Captura-de-pantalla-2021-09-13-a-les-11.32.32-1024x256.png 1024w, https:\/\/agora.xtec.cat\/ceipsantjordi-massanet\/wp-content\/uploads\/usu391\/2021\/09\/Captura-de-pantalla-2021-09-13-a-les-11.32.32-300x75.png 300w, https:\/\/agora.xtec.cat\/ceipsantjordi-massanet\/wp-content\/uploads\/usu391\/2021\/09\/Captura-de-pantalla-2021-09-13-a-les-11.32.32-768x192.png 768w, https:\/\/agora.xtec.cat\/ceipsantjordi-massanet\/wp-content\/uploads\/usu391\/2021\/09\/Captura-de-pantalla-2021-09-13-a-les-11.32.32.png 1141w\" sizes=\"auto, (max-width: 1024px) 100vw, 1024px\" \/><\/a><\/p>\n","protected":false},"excerpt":{"rendered":"<p>Carillons<br \/>\nAquest curs introdu\u00efm a alguns cursos els carillons. Formen part del Projecte de Reutilitzaci\u00f3, aix\u00f2 vol dir que s&#8217;han de cuidar molt i que ens han de durar molts anys. Aquest model segueix la codificaci\u00f3 d&#8217;altres instruments que tenim, les campanes i els\u00a0<a class=\"gL9Hy\" href=\"https:\/\/www.google.com\/search?rlz=1C5CHFA_enES824ES824&amp;q=boomwhackers&amp;spell=1&amp;sa=X&amp;ved=0ahUKEwil08aJgdnfAhU-A2MBHVkoD7YQBQgoKAA\">boomwhackers<\/a>,&hellip;  <a href=\"https:\/\/agora.xtec.cat\/ceipsantjordi-massanet\/projecte-educatiu\/projecte-musical\/instrumentacio\/\" title=\"Read Instrumentaci\u00f3: Carillons, guitarres i Ukeleles\">Llegeix m\u00e9s\u00bb<\/a><\/p>\n","protected":false},"author":4,"featured_media":0,"parent":3504,"menu_order":5,"comment_status":"closed","ping_status":"closed","template":"","meta":{"_bbp_topic_count":0,"_bbp_reply_count":0,"_bbp_total_topic_count":0,"_bbp_total_reply_count":0,"_bbp_voice_count":0,"_bbp_anonymous_reply_count":0,"_bbp_topic_count_hidden":0,"_bbp_reply_count_hidden":0,"_bbp_forum_subforum_count":0,"footnotes":""},"class_list":["post-3518","page","type-page","status-publish","hentry"],"post_mailing_queue_ids":[],"_links":{"self":[{"href":"https:\/\/agora.xtec.cat\/ceipsantjordi-massanet\/wp-json\/wp\/v2\/pages\/3518","targetHints":{"allow":["GET"]}}],"collection":[{"href":"https:\/\/agora.xtec.cat\/ceipsantjordi-massanet\/wp-json\/wp\/v2\/pages"}],"about":[{"href":"https:\/\/agora.xtec.cat\/ceipsantjordi-massanet\/wp-json\/wp\/v2\/types\/page"}],"author":[{"embeddable":true,"href":"https:\/\/agora.xtec.cat\/ceipsantjordi-massanet\/wp-json\/wp\/v2\/users\/4"}],"replies":[{"embeddable":true,"href":"https:\/\/agora.xtec.cat\/ceipsantjordi-massanet\/wp-json\/wp\/v2\/comments?post=3518"}],"version-history":[{"count":4,"href":"https:\/\/agora.xtec.cat\/ceipsantjordi-massanet\/wp-json\/wp\/v2\/pages\/3518\/revisions"}],"predecessor-version":[{"id":14945,"href":"https:\/\/agora.xtec.cat\/ceipsantjordi-massanet\/wp-json\/wp\/v2\/pages\/3518\/revisions\/14945"}],"up":[{"embeddable":true,"href":"https:\/\/agora.xtec.cat\/ceipsantjordi-massanet\/wp-json\/wp\/v2\/pages\/3504"}],"wp:attachment":[{"href":"https:\/\/agora.xtec.cat\/ceipsantjordi-massanet\/wp-json\/wp\/v2\/media?parent=3518"}],"curies":[{"name":"wp","href":"https:\/\/api.w.org\/{rel}","templated":true}]}}

Instrumentació: Carillons, guitarres i Ukeleles

<p><strong>Carillons</strong><br />
Aquest curs introduïm a alguns cursos els carillons. Formen part del Projecte de Reutilització, això vol dir que s&#8217;han de cuidar molt i que ens han de durar molts anys. Aquest model segueix la codificació d&#8217;altres instruments que tenim, les campanes i els <a class="gL9Hy" href="https://www.google.com/search?rlz=1C5CHFA_enES824ES824&amp;q=boomwhackers&amp;spell=1&amp;sa=X&amp;ved=0ahUKEwil08aJgdnfAhU-A2MBHVkoD7YQBQgoKAA"><b><i>boomwhackers</i></b></a>, que són uns tubs musicals que es piquen amb diverses parts del cos i estan afinats amb les notes. També és la codificació dels gots musicals de l&#8217;AEMCAT que fem servir per a treballar el llenguatge musical.</p>
<table style="border-collapse: collapse; width: 100%;" border="1">
<tbody>
<tr>
<td style="width: 25%;"><img loading="lazy" decoding="async" class="aligncenter" src="https://zinglamusica.com/1228-large_default/carrillon-angel-ax25n3-glockenspiel-laminas-colores.jpg" width="155" height="155" /><img loading="lazy" decoding="async" class="aligncenter wp-image-7905" src="https://agora.xtec.cat/ceipsantjordi-massanet/wp-content/uploads/usu391/2018/11/IMG-4295-1024x768.jpg" alt="" width="578" height="433" srcset="https://agora.xtec.cat/ceipsantjordi-massanet/wp-content/uploads/usu391/2018/11/IMG-4295.jpg 1024w, https://agora.xtec.cat/ceipsantjordi-massanet/wp-content/uploads/usu391/2018/11/IMG-4295-300x225.jpg 300w, https://agora.xtec.cat/ceipsantjordi-massanet/wp-content/uploads/usu391/2018/11/IMG-4295-768x576.jpg 768w, https://agora.xtec.cat/ceipsantjordi-massanet/wp-content/uploads/usu391/2018/11/IMG-4295-200x150.jpg 200w" sizes="auto, (max-width: 578px) 100vw, 578px" /></td>
<td style="width: 25%;"><a href="https://agora.xtec.cat/ceipsantjordi-massanet/wp-content/uploads/usu391/2019/01/10020253_800.jpg"><img loading="lazy" decoding="async" class="wp-image-9349 aligncenter" src="https://agora.xtec.cat/ceipsantjordi-massanet/wp-content/uploads/usu391/2019/01/10020253_800.jpg" alt="" width="160" height="261" srcset="https://agora.xtec.cat/ceipsantjordi-massanet/wp-content/uploads/usu391/2019/01/10020253_800.jpg 368w, https://agora.xtec.cat/ceipsantjordi-massanet/wp-content/uploads/usu391/2019/01/10020253_800-184x300.jpg 184w" sizes="auto, (max-width: 160px) 100vw, 160px" /></a></td>
<td style="width: 25%;"><a href="https://agora.xtec.cat/ceipsantjordi-massanet/wp-content/uploads/usu391/2019/01/gots.jpg"><img loading="lazy" decoding="async" class="size-full wp-image-9350 aligncenter" src="https://agora.xtec.cat/ceipsantjordi-massanet/wp-content/uploads/usu391/2019/01/gots.jpg" alt="" width="678" height="960" srcset="https://agora.xtec.cat/ceipsantjordi-massanet/wp-content/uploads/usu391/2019/01/gots.jpg 678w, https://agora.xtec.cat/ceipsantjordi-massanet/wp-content/uploads/usu391/2019/01/gots-212x300.jpg 212w" sizes="auto, (max-width: 678px) 100vw, 678px" /></a></td>
<td style="width: 25%;"><a href="https://agora.xtec.cat/ceipsantjordi-massanet/wp-content/uploads/usu391/2019/01/Captura-de-Pantalla-2019-01-06-a-les-12.12.08.png"><img loading="lazy" decoding="async" class="size-full wp-image-9351 aligncenter" src="https://agora.xtec.cat/ceipsantjordi-massanet/wp-content/uploads/usu391/2019/01/Captura-de-Pantalla-2019-01-06-a-les-12.12.08.png" alt="" width="300" height="380" srcset="https://agora.xtec.cat/ceipsantjordi-massanet/wp-content/uploads/usu391/2019/01/Captura-de-Pantalla-2019-01-06-a-les-12.12.08.png 300w, https://agora.xtec.cat/ceipsantjordi-massanet/wp-content/uploads/usu391/2019/01/Captura-de-Pantalla-2019-01-06-a-les-12.12.08-237x300.png 237w" sizes="auto, (max-width: 300px) 100vw, 300px" /></a></td>
</tr>
</tbody>
</table>
<p><strong>Guitarra</strong></p>
<p>Amb la participació dels professionals de l&#8217;Escola de Música, en Rodolfo, els alumnes de primer fins a quart estudien guitarra en petits grups. L&#8217;Ajuntament i l&#8217;escola hi posem els instruments adequats a les necessitats dels alumne i també els professors que facin falta. Tots els nens i nenes hi participen. Analitzem com toquen la guitarra en l&#8217;estil flamenc i veiem com fa servir molt el dit gros i l&#8217;índex. Posa la guitarra en posició sobre el genoll dret. També fa servir una celleta a la posició del segon trast. Nosaltres estem practicant amb el dit gros, el polze i amb el segon dit, l&#8217;índex. Ja sabem tocar una corda amb cada dit!</p>
<table style="border-collapse: collapse; width: 100%;" border="1">
<tbody>
<tr>
<td style="width: 50%;"><img loading="lazy" decoding="async" class=" aligncenter" src="https://agora.xtec.cat/ceipsantjordi-massanet/wp-content/uploads/usu391/2018/11/IMG-4057-1024x577.png" width="560" height="315" /></td>
<td style="width: 50%;"><center><iframe loading="lazy" src="https://www.youtube.com/embed/HKep_YqBcm4" width="560" height="315" frameborder="0"><span data-mce-type="bookmark" style="display: inline-block; width: 0px; overflow: hidden; line-height: 0;" class="mce_SELRES_start">﻿</span></iframe></center></td>
</tr>
</tbody>
</table>
<p><center></center><b>Ukelele</b></p>
<p><a href="https://sites.google.com/santjordim.cat/ukelelandia/presentaci%C3%B3"><img loading="lazy" decoding="async" class="alignnone size-large wp-image-14944" src="https://agora.xtec.cat/ceipsantjordi-massanet/wp-content/uploads/usu391/2021/09/Captura-de-pantalla-2021-09-13-a-les-11.32.32-1024x256.png" alt="" width="1024" height="256" srcset="https://agora.xtec.cat/ceipsantjordi-massanet/wp-content/uploads/usu391/2021/09/Captura-de-pantalla-2021-09-13-a-les-11.32.32-1024x256.png 1024w, https://agora.xtec.cat/ceipsantjordi-massanet/wp-content/uploads/usu391/2021/09/Captura-de-pantalla-2021-09-13-a-les-11.32.32-300x75.png 300w, https://agora.xtec.cat/ceipsantjordi-massanet/wp-content/uploads/usu391/2021/09/Captura-de-pantalla-2021-09-13-a-les-11.32.32-768x192.png 768w, https://agora.xtec.cat/ceipsantjordi-massanet/wp-content/uploads/usu391/2021/09/Captura-de-pantalla-2021-09-13-a-les-11.32.32.png 1141w" sizes="auto, (max-width: 1024px) 100vw, 1024px" /></a></p>

<p>Carillons<br />
Aquest curs introduïm a alguns cursos els carillons. Formen part del Projecte de Reutilització, això vol dir que s&#8217;han de cuidar molt i que ens han de durar molts anys. Aquest model segueix la codificació d&#8217;altres instruments que tenim, les campanes i els <a class="gL9Hy" href="https://www.google.com/search?rlz=1C5CHFA_enES824ES824&amp;q=boomwhackers&amp;spell=1&amp;sa=X&amp;ved=0ahUKEwil08aJgdnfAhU-A2MBHVkoD7YQBQgoKAA">boomwhackers</a>,&hellip;  <a href="https://agora.xtec.cat/ceipsantjordi-massanet/projecte-educatiu/projecte-musical/instrumentacio/" title="Read Instrumentació: Carillons, guitarres i Ukeleles">Llegeix més»</a></p>
