{"id":3513,"date":"2016-09-06T22:14:51","date_gmt":"2016-09-06T20:14:51","guid":{"rendered":"http:\/\/agora.xtec.cat\/ceipsantjordi-massanet\/?page_id=3513"},"modified":"2022-09-30T13:38:46","modified_gmt":"2022-09-30T11:38:46","slug":"castanyada","status":"publish","type":"page","link":"https:\/\/agora.xtec.cat\/ceipsantjordi-massanet\/projecte-educatiu\/projecte-musical\/castanyada\/","title":{"rendered":"Castanyada: Ballada de danses"},"content":{"rendered":"<p>Cada curs dins del Projecte Musical treballem quatre danses tradicionals que es ballen a la festa de la Castanyada.\u00a0 Treballem aquestes danses tradicionals com element del curr\u00edculum procurant que totes i tots els alumnes en puguin aprendre un m\u00ednim de nou al llarg dels anys. Cada curs variem el repertori. Les danses es treballen a l&#8217;\u00e0rea de m\u00fasica.<\/p>\n<p><strong>I3 I4 I5:<\/strong><\/p>\n<p><iframe loading=\"lazy\" title=\"El ballet del rotlleto: passos\" width=\"500\" height=\"281\" src=\"https:\/\/www.youtube.com\/embed\/w4ICplZzomY?feature=oembed\" frameborder=\"0\" allow=\"accelerometer; autoplay; clipboard-write; encrypted-media; gyroscope; picture-in-picture; web-share\" referrerpolicy=\"strict-origin-when-cross-origin\" allowfullscreen><\/iframe><\/p>\n<p><strong>PRIMER I SEGON: JOAN DEL RIU (Trad Catalunya)<\/strong><\/p>\n<p><iframe loading=\"lazy\" title=\"Joan del riu\" width=\"500\" height=\"281\" src=\"https:\/\/www.youtube.com\/embed\/9keG7qhvrdY?feature=oembed\" frameborder=\"0\" allow=\"accelerometer; autoplay; clipboard-write; encrypted-media; gyroscope; picture-in-picture; web-share\" referrerpolicy=\"strict-origin-when-cross-origin\" allowfullscreen><\/iframe><\/p>\n<p><strong>TERCER I QUART: &#8220;A les planes llunyanes&#8221; (Trad Gr\u00e8cia)<\/strong><\/p>\n<p><iframe loading=\"lazy\" title=\"Dansa de 4t - Pera stus pera campus\" width=\"500\" height=\"281\" src=\"https:\/\/www.youtube.com\/embed\/4uydm4_ELpw?feature=oembed\" frameborder=\"0\" allow=\"accelerometer; autoplay; clipboard-write; encrypted-media; gyroscope; picture-in-picture; web-share\" referrerpolicy=\"strict-origin-when-cross-origin\" allowfullscreen><\/iframe><\/p>\n<p><strong>CINQU\u00c8: &#8220;Un vaixell necessita veles&#8221; (Trad Holanda)<\/strong><\/p>\n<p><iframe loading=\"lazy\" title=\"Schip moet zeilen\" width=\"500\" height=\"375\" src=\"https:\/\/www.youtube.com\/embed\/L_b2tHQ-ds0?feature=oembed\" frameborder=\"0\" allow=\"accelerometer; autoplay; clipboard-write; encrypted-media; gyroscope; picture-in-picture; web-share\" referrerpolicy=\"strict-origin-when-cross-origin\" allowfullscreen><\/iframe><\/p>\n<p><a href=\"http:\/\/agora.xtec.cat\/ceipsantjordi-massanet\/danses-anteriors\/\">Edicions anteriors<\/a><\/p>\n","protected":false},"excerpt":{"rendered":"<p>Cada curs dins del Projecte Musical treballem quatre danses tradicionals que es ballen a la festa de la Castanyada.\u00a0 Treballem aquestes danses tradicionals com element del curr\u00edculum procurant que totes i tots els alumnes en puguin aprendre un m\u00ednim de nou al llarg dels anys.&hellip;  <a href=\"https:\/\/agora.xtec.cat\/ceipsantjordi-massanet\/projecte-educatiu\/projecte-musical\/castanyada\/\" title=\"Read Castanyada: Ballada de danses\">Llegeix m\u00e9s\u00bb<\/a><\/p>\n","protected":false},"author":4,"featured_media":0,"parent":3504,"menu_order":0,"comment_status":"closed","ping_status":"closed","template":"","meta":{"_bbp_topic_count":0,"_bbp_reply_count":0,"_bbp_total_topic_count":0,"_bbp_total_reply_count":0,"_bbp_voice_count":0,"_bbp_anonymous_reply_count":0,"_bbp_topic_count_hidden":0,"_bbp_reply_count_hidden":0,"_bbp_forum_subforum_count":0,"footnotes":""},"class_list":["post-3513","page","type-page","status-publish","hentry"],"post_mailing_queue_ids":[],"_links":{"self":[{"href":"https:\/\/agora.xtec.cat\/ceipsantjordi-massanet\/wp-json\/wp\/v2\/pages\/3513","targetHints":{"allow":["GET"]}}],"collection":[{"href":"https:\/\/agora.xtec.cat\/ceipsantjordi-massanet\/wp-json\/wp\/v2\/pages"}],"about":[{"href":"https:\/\/agora.xtec.cat\/ceipsantjordi-massanet\/wp-json\/wp\/v2\/types\/page"}],"author":[{"embeddable":true,"href":"https:\/\/agora.xtec.cat\/ceipsantjordi-massanet\/wp-json\/wp\/v2\/users\/4"}],"replies":[{"embeddable":true,"href":"https:\/\/agora.xtec.cat\/ceipsantjordi-massanet\/wp-json\/wp\/v2\/comments?post=3513"}],"version-history":[{"count":4,"href":"https:\/\/agora.xtec.cat\/ceipsantjordi-massanet\/wp-json\/wp\/v2\/pages\/3513\/revisions"}],"predecessor-version":[{"id":16788,"href":"https:\/\/agora.xtec.cat\/ceipsantjordi-massanet\/wp-json\/wp\/v2\/pages\/3513\/revisions\/16788"}],"up":[{"embeddable":true,"href":"https:\/\/agora.xtec.cat\/ceipsantjordi-massanet\/wp-json\/wp\/v2\/pages\/3504"}],"wp:attachment":[{"href":"https:\/\/agora.xtec.cat\/ceipsantjordi-massanet\/wp-json\/wp\/v2\/media?parent=3513"}],"curies":[{"name":"wp","href":"https:\/\/api.w.org\/{rel}","templated":true}]}}

<p>Cada curs dins del Projecte Musical treballem quatre danses tradicionals que es ballen a la festa de la Castanyada.  Treballem aquestes danses tradicionals com element del currículum procurant que totes i tots els alumnes en puguin aprendre un mínim de nou al llarg dels anys. Cada curs variem el repertori. Les danses es treballen a l&#8217;àrea de música.</p>
<p><strong>I3 I4 I5:</strong></p>
<p><iframe loading="lazy" title="El ballet del rotlleto: passos" width="500" height="281" src="https://www.youtube.com/embed/w4ICplZzomY?feature=oembed" frameborder="0" allow="accelerometer; autoplay; clipboard-write; encrypted-media; gyroscope; picture-in-picture; web-share" referrerpolicy="strict-origin-when-cross-origin" allowfullscreen></iframe></p>
<p><strong>PRIMER I SEGON: JOAN DEL RIU (Trad Catalunya)</strong></p>
<p><iframe loading="lazy" title="Joan del riu" width="500" height="281" src="https://www.youtube.com/embed/9keG7qhvrdY?feature=oembed" frameborder="0" allow="accelerometer; autoplay; clipboard-write; encrypted-media; gyroscope; picture-in-picture; web-share" referrerpolicy="strict-origin-when-cross-origin" allowfullscreen></iframe></p>
<p><strong>TERCER I QUART: &#8220;A les planes llunyanes&#8221; (Trad Grècia)</strong></p>
<p><iframe loading="lazy" title="Dansa de 4t - Pera stus pera campus" width="500" height="281" src="https://www.youtube.com/embed/4uydm4_ELpw?feature=oembed" frameborder="0" allow="accelerometer; autoplay; clipboard-write; encrypted-media; gyroscope; picture-in-picture; web-share" referrerpolicy="strict-origin-when-cross-origin" allowfullscreen></iframe></p>
<p><strong>CINQUÈ: &#8220;Un vaixell necessita veles&#8221; (Trad Holanda)</strong></p>
<p><iframe loading="lazy" title="Schip moet zeilen" width="500" height="375" src="https://www.youtube.com/embed/L_b2tHQ-ds0?feature=oembed" frameborder="0" allow="accelerometer; autoplay; clipboard-write; encrypted-media; gyroscope; picture-in-picture; web-share" referrerpolicy="strict-origin-when-cross-origin" allowfullscreen></iframe></p>
<p><a href="http://agora.xtec.cat/ceipsantjordi-massanet/danses-anteriors/">Edicions anteriors</a></p>

<p>Cada curs dins del Projecte Musical treballem quatre danses tradicionals que es ballen a la festa de la Castanyada.  Treballem aquestes danses tradicionals com element del currículum procurant que totes i tots els alumnes en puguin aprendre un mínim de nou al llarg dels anys.&hellip;  <a href="https://agora.xtec.cat/ceipsantjordi-massanet/projecte-educatiu/projecte-musical/castanyada/" title="Read Castanyada: Ballada de danses">Llegeix més»</a></p>
