{"id":3504,"date":"2016-09-06T22:04:36","date_gmt":"2016-09-06T20:04:36","guid":{"rendered":"http:\/\/agora.xtec.cat\/ceipsantjordi-massanet\/?page_id=3504"},"modified":"2024-09-19T13:12:55","modified_gmt":"2024-09-19T11:12:55","slug":"projecte-musical","status":"publish","type":"page","link":"https:\/\/agora.xtec.cat\/ceipsantjordi-massanet\/projecte-educatiu\/projecte-musical\/","title":{"rendered":"Projecte musical"},"content":{"rendered":"<p style=\"text-align: left;\"><strong><span style=\"color: steelblue;\">PER QU\u00c8 UN PROJECTE D\u2019EDUCACI\u00d3 MUSICAL?<\/span><\/strong><\/p>\n<p>A l&#8217;Escola Sant Jordi hi ha diversitat de cultures. El projecte musical es basa en poder oferir a tot l&#8217;alumnat l&#8217;acc\u00e9s a les diferents disciplines musicals per poder desenvolupar la seva pr\u00f2pia educaci\u00f3 des d&#8217;una perspectiva integral, alhora que potencia les relacions socials i de comunitat.<\/p>\n<p><img loading=\"lazy\" decoding=\"async\" class=\"size-large wp-image-18105 aligncenter\" src=\"https:\/\/agora.xtec.cat\/ceipsantjordi-massanet\/wp-content\/uploads\/usu391\/2023\/03\/e2a53c68-4008-4c4e-9e4a-9d91bb272acd-1-1024x768.jpg\" alt=\"\" width=\"1024\" height=\"768\" srcset=\"https:\/\/agora.xtec.cat\/ceipsantjordi-massanet\/wp-content\/uploads\/usu391\/2023\/03\/e2a53c68-4008-4c4e-9e4a-9d91bb272acd-1-1024x768.jpg 1024w, https:\/\/agora.xtec.cat\/ceipsantjordi-massanet\/wp-content\/uploads\/usu391\/2023\/03\/e2a53c68-4008-4c4e-9e4a-9d91bb272acd-1-300x225.jpg 300w, https:\/\/agora.xtec.cat\/ceipsantjordi-massanet\/wp-content\/uploads\/usu391\/2023\/03\/e2a53c68-4008-4c4e-9e4a-9d91bb272acd-1-768x576.jpg 768w, https:\/\/agora.xtec.cat\/ceipsantjordi-massanet\/wp-content\/uploads\/usu391\/2023\/03\/e2a53c68-4008-4c4e-9e4a-9d91bb272acd-1-1536x1153.jpg 1536w, https:\/\/agora.xtec.cat\/ceipsantjordi-massanet\/wp-content\/uploads\/usu391\/2023\/03\/e2a53c68-4008-4c4e-9e4a-9d91bb272acd-1-200x150.jpg 200w, https:\/\/agora.xtec.cat\/ceipsantjordi-massanet\/wp-content\/uploads\/usu391\/2023\/03\/e2a53c68-4008-4c4e-9e4a-9d91bb272acd-1.jpg 1599w\" sizes=\"auto, (max-width: 1024px) 100vw, 1024px\" \/><\/p>\n<p>Aquest curs iniciem el sis\u00e8 any del projecte d\u2019Educaci\u00f3 Musical a l\u2019Escola Sant Jordi de Ma\u00e7anet de la Selva motivats pel desig de crear una l\u00ednia d\u2019escola inclusiva a trav\u00e9s de l\u2019ensenyament art\u00edstic i de la possibilitat de comptar amb docents amb voluntat de treballar i consolidar-lo.<\/p>\n<p>El projecte implica portar a terme una s\u00e8rie d\u2019activitats destinades a tots els nens i nenes de l\u2019escola:<\/p>\n<p style=\"text-align: center;\"><strong><span style=\"color: steelblue;\">(Cliqueu els t\u00edtols de cada apartat, alguns contenen ampliacions del contingut)<\/span><\/strong><\/p>\n<p><strong><span style=\"color: steelblue;\">AMBIENT DE M\u00daSICA<\/span><\/strong><br \/>\nDins del projecte d&#8217;Espais a Educaci\u00f3 Infantil hem iniciat una activitat internivells que inclou una s\u00e8ria d&#8217;ambients, un dels quals \u00e9s dedicat a l&#8217;Educaci\u00f3 Musical. \u00c9s un espai d&#8217;activitats musicals on els alumnes assisteixen amb altres companys i companyes d&#8217;altres cursos i on s&#8217;hi treballen can\u00e7ons, danses i instruments.<\/p>\n<p><a href=\"https:\/\/agora.xtec.cat\/ceipsantjordi-massanet\/wp-content\/uploads\/usu391\/2019\/01\/Captura-de-Pantalla-2019-01-03-a-les-23.32.17.png\"><img loading=\"lazy\" decoding=\"async\" class=\"size-large wp-image-8930 aligncenter\" src=\"https:\/\/agora.xtec.cat\/ceipsantjordi-massanet\/wp-content\/uploads\/usu391\/2019\/01\/Captura-de-Pantalla-2019-01-03-a-les-23.32.17-1024x241.png\" alt=\"\" width=\"1024\" height=\"237\" \/><\/a><\/p>\n<p>&nbsp;<\/p>\n<p><a href=\"https:\/\/agora.xtec.cat\/ceipsantjordi-massanet\/projecte-educatiu\/projecte-musical\/auditori\/\"><strong>AUDICIONS A BARCELONA i GIRONA<\/strong><\/a><\/p>\n<p>La majoria del nostre alumnat mai ha assistit \u00a0a un concert d\u2019aquestes caracter\u00edstiques i volem fomentar la participaci\u00f3 com a p\u00fablic en espais de refer\u00e8ncia de Catalunya. Creiem important donar l&#8217;oportunitat d&#8217;assistir a espectacles musicals professionals i de qualitat, \u00e9s per aix\u00f2 que tots els grups (des d&#8217;I3 fins a 6\u00e8) podran gaudir dels concerts a l&#8217;Auditori de Girona, el Gran Teatre del Liceu, el Palau de la M\u00fasica Catalana i l&#8217;Auditori de Barcelona, fent un treball previ a l\u2019aula.<\/p>\n<p><a href=\"https:\/\/agora.xtec.cat\/ceipsantjordi-massanet\/wp-content\/uploads\/usu391\/2019\/01\/Captura-de-Pantalla-2019-01-03-a-les-23.26.40.png\"><img loading=\"lazy\" decoding=\"async\" class=\"size-large wp-image-8928 aligncenter\" src=\"https:\/\/agora.xtec.cat\/ceipsantjordi-massanet\/wp-content\/uploads\/usu391\/2019\/01\/Captura-de-Pantalla-2019-01-03-a-les-23.26.40-1024x227.png\" alt=\"\" width=\"1024\" height=\"237\" \/><\/a><\/p>\n<p>Com a escola, ens esforcem per aconseguir un finan\u00e7ament extraortinari que disminueixi la despesa d&#8217;aquestes sortides per tal que totes les fam\u00edlies puguin assumir-la i que les condicions econ\u00f2miques no siguin un impediment a la participaci\u00f3 de l&#8217;activitat.<\/p>\n<p>&nbsp;<\/p>\n<p><a href=\"https:\/\/agora.xtec.cat\/ceipsantjordi-massanet\/projecte-educatiu\/projecte-musical\/cantania\/\"><strong>CANT\u00c0NIA<\/strong><\/a><\/p>\n<p>Els alumnes de cinqu\u00e8 curs participaran &#8211; si ens toca &#8211; en aquesta activitat a l\u2019Auditori de Barcelona. El centre ha posat a disposici\u00f3 del grup un mestre de refor\u00e7 per a treballar-la. Donat el treball de la Trobada de Corals del curs anterior i les caracter\u00edstiques d\u2019aquest grup hem pensat que era el destinatari m\u00e9s encertat per a l\u2019activitat. Aquesta activitat necessita despla\u00e7ar al tercer trimestre tot el grup una vegada per fer l\u2019assaig general i el concert de cloenda. L&#8217;any passat vam fer l&#8217;espectacle de &#8220;La nit dels malsons&#8221; i aquest curs &#8220;Part\u00edcules&#8221;.<\/p>\n<p><a href=\"https:\/\/agora.xtec.cat\/ceipsantjordi-massanet\/wp-content\/uploads\/usu391\/2019\/01\/Captura-de-Pantalla-2019-01-03-a-les-23.18.26.png\"><img loading=\"lazy\" decoding=\"async\" class=\"size-large wp-image-8926 aligncenter\" src=\"https:\/\/agora.xtec.cat\/ceipsantjordi-massanet\/wp-content\/uploads\/usu391\/2019\/01\/Captura-de-Pantalla-2019-01-03-a-les-23.18.26-1024x254.png\" alt=\"\" width=\"1024\" height=\"237\" \/><\/a><\/p>\n<p><a href=\"https:\/\/agora.xtec.cat\/ceipsantjordi-massanet\/projecte-educatiu\/projecte-musical\/trobada-de-corals\/\"><strong>TROBADA DE CORALS DE LA COMARCA SELVA<\/strong><\/a><\/p>\n<p>Com el curs anterior el curs de 4t assistir\u00e0 a la Trobada de Corals. En centre ha destinat unes hores setmanals de suport de m\u00fasica a fi i efecte de disposar de pianista per a la coral. La trobada es far\u00e0 &#8211; si no hi ha canvis &#8211; a Santa Coloma de Farners i el grup de 4t s\u2019hi despla\u00e7ar\u00e0 un sol cop al segon trimestre.<\/p>\n<p><a href=\"https:\/\/agora.xtec.cat\/ceipsantjordi-massanet\/wp-content\/uploads\/usu391\/2019\/01\/HDRMUSICA.jpg\"><img loading=\"lazy\" decoding=\"async\" class=\" wp-image-8922 aligncenter\" src=\"https:\/\/agora.xtec.cat\/ceipsantjordi-massanet\/wp-content\/uploads\/usu391\/2019\/01\/HDRMUSICA.jpg\" alt=\"\" width=\"1024\" height=\"237\" \/><\/a><\/p>\n<p><strong><span style=\"color: steelblue;\">SARDANA A L\u2019ESCOLA<\/span><\/strong><\/p>\n<p>El curs anterior, excepcionalment, vam treballar amb una persona volunt\u00e0ria del poble, tot i que en altres anys ho hav\u00edem fet amb l\u2019activitat proposada per la Diputaci\u00f3 de Girona. Els alumnes de 3r s\u00f3n els destinataris d\u2019aquesta activitat.<\/p>\n<p><a href=\"https:\/\/agora.xtec.cat\/ceipsantjordi-massanet\/wp-content\/uploads\/usu391\/2019\/01\/Captura-de-Pantalla-2019-01-03-a-les-23.42.57.png\"><img loading=\"lazy\" decoding=\"async\" class=\"wp-image-8935 aligncenter\" src=\"https:\/\/agora.xtec.cat\/ceipsantjordi-massanet\/wp-content\/uploads\/usu391\/2019\/01\/Captura-de-Pantalla-2019-01-03-a-les-23.42.57-1024x316.png\" alt=\"\" width=\"1024\" height=\"237\" \/><\/a><\/p>\n<p><a href=\"https:\/\/agora.xtec.cat\/ceipsantjordi-massanet\/projecte-educatiu\/projecte-musical\/castanyada\/\"><strong>DANSA TRADICIONAL<\/strong><\/a><\/p>\n<p>El centre fa una activitat de danses tradicionals amb totes i tots els alumnes al primer trimestre. Hi ha proposada una trobada de danses a la qual assistirien els alumnes de segon curs i que tamb\u00e9 demanaria despla\u00e7ar-los a la seu escollida.<\/p>\n<p><a href=\"https:\/\/agora.xtec.cat\/ceipsantjordi-massanet\/wp-content\/uploads\/usu391\/2019\/01\/Captura-de-Pantalla-2019-01-03-a-les-23.08.55.png\"><img loading=\"lazy\" decoding=\"async\" class=\"size-large wp-image-8923 aligncenter\" src=\"https:\/\/agora.xtec.cat\/ceipsantjordi-massanet\/wp-content\/uploads\/usu391\/2019\/01\/Captura-de-Pantalla-2019-01-03-a-les-23.08.55-1024x183.png\" alt=\"\" width=\"1024\" height=\"237\" \/><\/a><\/p>\n<p><a href=\"https:\/\/agora.xtec.cat\/ceipsantjordi-massanet\/projecte-educatiu\/projecte-musical\/pastorets-2018\/\"><strong>CANTATA DELS PASTORETS<\/strong><\/a><\/p>\n<p>Cada curs s\u2019ha fet una cantada de nadales a La Societat, per\u00f2 aquest curs comencem un nou model d\u2019espectacle basat en una cantata dels pastorets, &#8220;Les figures del pessebre&#8221;.<\/p>\n<p><a href=\"https:\/\/agora.xtec.cat\/ceipsantjordi-massanet\/wp-content\/uploads\/usu391\/2019\/01\/Captura-de-Pantalla-2019-01-03-a-les-23.10.21.png\"><img loading=\"lazy\" decoding=\"async\" class=\"size-large wp-image-8924 aligncenter\" src=\"https:\/\/agora.xtec.cat\/ceipsantjordi-massanet\/wp-content\/uploads\/usu391\/2019\/01\/Captura-de-Pantalla-2019-01-03-a-les-23.10.21-1024x223.png\" alt=\"\" width=\"1024\" height=\"237\" \/><\/a><\/p>\n<p><strong><span style=\"color: steelblue;\">CANTATA D&#8217;EN PIVERD I LA ROSETA I AUDICIONS ESCOLA MUNICIPAL DE M\u00dcSICA<\/span><\/strong><\/p>\n<p>Despr\u00e9s de la Trobada de Corals la coral de quart participar\u00e0 a la cantata de l&#8217;Escola de M\u00fasica Municipal &#8220;En Piverd i la Roseta&#8221; que s\u00f3n els gegants de Ma\u00e7anet amb la interpretaci\u00f3 de dues de les can\u00e7ons que hi surten.<\/p>\n<p><center><iframe loading=\"lazy\" src=\"https:\/\/www.kizoa.com\/embed-251583463-5474295o2l1\" width=\"800\" height=\"600\" frameborder=\"0\" allowfullscreen=\"allowfullscreen\"><\/iframe><\/center><center><\/center>&nbsp;<\/p>\n<p><a href=\"https:\/\/agora.xtec.cat\/ceipsantjordi-massanet\/projecte-educatiu\/projecte-musical\/sant-jordi\/\"><strong>ESPECTACLE DE SANT JORDI<\/strong><\/a><\/p>\n<p>La festa de l\u2019\u2019escola es celebra amb un espectacle de coreografia al Pavell\u00f3 Municipal on es treballa per \u00e0rees tem\u00e0tiques (Cinema, Musicals, Festes, Tradicions d\u2019arreu del m\u00f3n, tradicions catalanes, llibres,&#8230;) on hi participa tota la comunitat educativa &#8211; incloses les fam\u00edlies i, naturalment, el professorat- .<\/p>\n<p><a href=\"https:\/\/agora.xtec.cat\/ceipsantjordi-massanet\/wp-content\/uploads\/usu391\/2019\/01\/Captura-de-Pantalla-2019-01-03-a-les-23.12.29.png\"><img loading=\"lazy\" decoding=\"async\" class=\"size-large wp-image-8925 aligncenter\" src=\"https:\/\/agora.xtec.cat\/ceipsantjordi-massanet\/wp-content\/uploads\/usu391\/2019\/01\/Captura-de-Pantalla-2019-01-03-a-les-23.12.29-1024x247.png\" alt=\"\" width=\"1024\" height=\"237\" \/><\/a><\/p>\n<p><strong><span style=\"color: steelblue;\">CAN\u00c7ONER \u201cFons de m\u00fasica tradicional \u201c CSIC<\/span><\/strong><\/p>\n<p>Els alumnes participaran en diversos enregistraments per a una col\u00b7lecci\u00f3 de patrimoni musical \u201cMisiones folkl\u00f3ricas\u201d del CSIC (1944-1960) de repertori tradicional.<\/p>\n<p><a href=\"https:\/\/agora.xtec.cat\/ceipsantjordi-massanet\/projecte-educatiu\/projecte-musical\/instrumentacio\/\"><strong>INSTRUMENTACI\u00d3 CARILLONS I UKELELES A LA CLASSE I GUITARRES I AUDICIONS AMB L&#8217;ESCOLA DE M\u00daSICA MUNICIPAL<\/strong><\/a><\/p>\n<p>Actualment treballem amb carillons crom\u00e0tics com a instrument per al desenvolupament de la melodia i tamb\u00e9 existeix el comprom\u00eds que l\u2019EMM participar\u00e0 fent classes de guitarra al centre i tamb\u00e9 audicions i tallers per als diferents cicles educatius. Comencen les classes de guitarra a cicle inicial amb el suport de l&#8217;Ajuntament de Ma\u00e7anet de la Selva.<\/p>\n<p><a href=\"https:\/\/agora.xtec.cat\/ceipsantjordi-massanet\/wp-content\/uploads\/usu391\/2019\/01\/Captura-de-Pantalla-2019-01-03-a-les-23.20.29.png\"><img loading=\"lazy\" decoding=\"async\" class=\" wp-image-8927 aligncenter\" src=\"https:\/\/agora.xtec.cat\/ceipsantjordi-massanet\/wp-content\/uploads\/usu391\/2019\/01\/Captura-de-Pantalla-2019-01-03-a-les-23.20.29.png\" alt=\"\" width=\"1024\" height=\"237\" \/><\/a><\/p>\n<p><a href=\"https:\/\/agora.xtec.cat\/ceipsantjordi-massanet\/projecte-educatiu\/projecte-musical\/timbres-amb-musica\/\"><strong>TIMBRES AMB M\u00daSICA<\/strong><\/a><\/p>\n<p>El centre treballa en un centre d\u2019inter\u00e8s mensual sobre els diversos tipus de m\u00fasica que acompanyen la vida de l\u2019escola a les entrades i sortides dels alumnes i les alumnes. Cada mes hi ha una tem\u00e0tica o un estil musical que \u00e9s el protagonista i es treballa a l\u2019aula.<\/p>\n<p><strong><span style=\"color: steelblue;\">ENTRADES EDUCACI\u00d3 INFANTIL<\/span><\/strong><\/p>\n<p>Les crides a entrar d\u2019Educaci\u00f3 Infantil es faran amb instruments musicals.<\/p>\n<p>&nbsp;<\/p>\n<p><strong><span style=\"color: steelblue;\">COMENCEM EL DIA AMB M\u00daSICA<\/span><\/strong><\/p>\n<p>Els alumnes de cicle superior comencen cada dia la feina escolar amb uns minuts de relaxaci\u00f3 a l\u2019entrada a les 8:30 del mat\u00ed amb m\u00fasiques seleccionades.<b> <\/b><\/p>\n<p>&nbsp;<\/p>\n","protected":false},"excerpt":{"rendered":"<p>PER QU\u00c8 UN PROJECTE D\u2019EDUCACI\u00d3 MUSICAL?<br \/>\nA l&#8217;Escola Sant Jordi hi ha diversitat de cultures. El projecte musical es basa en poder oferir a tot l&#8217;alumnat l&#8217;acc\u00e9s a les diferents disciplines musicals per poder desenvolupar la seva pr\u00f2pia educaci\u00f3 des d&#8217;una perspectiva integral, alhora que potencia&hellip;  <a href=\"https:\/\/agora.xtec.cat\/ceipsantjordi-massanet\/projecte-educatiu\/projecte-musical\/\" title=\"Read Projecte musical\">Llegeix m\u00e9s\u00bb<\/a><\/p>\n","protected":false},"author":4,"featured_media":0,"parent":64,"menu_order":2,"comment_status":"closed","ping_status":"closed","template":"","meta":{"_bbp_topic_count":0,"_bbp_reply_count":0,"_bbp_total_topic_count":0,"_bbp_total_reply_count":0,"_bbp_voice_count":0,"_bbp_anonymous_reply_count":0,"_bbp_topic_count_hidden":0,"_bbp_reply_count_hidden":0,"_bbp_forum_subforum_count":0,"footnotes":""},"class_list":["post-3504","page","type-page","status-publish","hentry"],"post_mailing_queue_ids":[],"_links":{"self":[{"href":"https:\/\/agora.xtec.cat\/ceipsantjordi-massanet\/wp-json\/wp\/v2\/pages\/3504","targetHints":{"allow":["GET"]}}],"collection":[{"href":"https:\/\/agora.xtec.cat\/ceipsantjordi-massanet\/wp-json\/wp\/v2\/pages"}],"about":[{"href":"https:\/\/agora.xtec.cat\/ceipsantjordi-massanet\/wp-json\/wp\/v2\/types\/page"}],"author":[{"embeddable":true,"href":"https:\/\/agora.xtec.cat\/ceipsantjordi-massanet\/wp-json\/wp\/v2\/users\/4"}],"replies":[{"embeddable":true,"href":"https:\/\/agora.xtec.cat\/ceipsantjordi-massanet\/wp-json\/wp\/v2\/comments?post=3504"}],"version-history":[{"count":5,"href":"https:\/\/agora.xtec.cat\/ceipsantjordi-massanet\/wp-json\/wp\/v2\/pages\/3504\/revisions"}],"predecessor-version":[{"id":20114,"href":"https:\/\/agora.xtec.cat\/ceipsantjordi-massanet\/wp-json\/wp\/v2\/pages\/3504\/revisions\/20114"}],"up":[{"embeddable":true,"href":"https:\/\/agora.xtec.cat\/ceipsantjordi-massanet\/wp-json\/wp\/v2\/pages\/64"}],"wp:attachment":[{"href":"https:\/\/agora.xtec.cat\/ceipsantjordi-massanet\/wp-json\/wp\/v2\/media?parent=3504"}],"curies":[{"name":"wp","href":"https:\/\/api.w.org\/{rel}","templated":true}]}}