{"id":3268,"date":"2016-05-27T09:01:20","date_gmt":"2016-05-27T07:01:20","guid":{"rendered":"http:\/\/agora.xtec.cat\/ceipsantjordi-massanet\/?page_id=3268"},"modified":"2016-05-28T08:56:13","modified_gmt":"2016-05-28T06:56:13","slug":"itineraris","status":"publish","type":"page","link":"https:\/\/agora.xtec.cat\/ceipsantjordi-massanet\/projecte-interdisciplinari-2016\/mitja\/itineraris\/","title":{"rendered":"ITINERARIS"},"content":{"rendered":"<p><strong> Un itinerari pel poble<\/strong><\/p>\n<p>Avui els alumnes 4t de prim\u00e0ria hem anat a fer una ruta on, amb l\u2019ajuda d\u2019una mapa de Ma\u00e7anet, hem hagut d\u2019interpretar els diferents itineraris indicats.<\/p>\n<p>Ha estat molt interessant poder con\u00e8ixer la realitat del nostre poble a partir d\u2019un mapa.<\/p>\n<div><iframe loading=\"lazy\" src=\"http:\/\/www.kizoa.com\/embed-46384625-8540036o1l1\" width=\"560\" height=\"420\" frameborder=\"0\" allowfullscreen=\"allowfullscreen\"><\/iframe><br \/>\n<a href=\"http:\/\/www.kizoa.es\/Editar-Videos-Movie-Maker\/d46384625k8540036o2l1\/itinerari-4t\"><b>itinerari 4t<\/b><\/a> &#8211; <i><a href=\"http:\/\/www.kizoa.es\">Kizoa Editar Videos &#8211; Movie Maker<\/a><\/i><\/div>\n<p>&nbsp;<\/p>\n<p><strong>Llegim un mapa<\/strong><\/p>\n<p>Els alumnes de tercer hem hagut de descobrir quins serveis a la gent hi havia amagat darrere uns punts marcats en un mapa. No ha estat f\u00e0cil per\u00f2 ens ho hem passat molt b\u00e9! Finalment hem descobert on eren el Casal d&#8217;avis, la Farm\u00e0cia, Correus i la Societat!!<\/p>\n<p>&nbsp;<\/p>\n","protected":false},"excerpt":{"rendered":"<p> Un itinerari pel poble<br \/>\nAvui els alumnes 4t de prim\u00e0ria hem anat a fer una ruta on, amb l\u2019ajuda d\u2019una mapa de Ma\u00e7anet, hem hagut d\u2019interpretar els diferents itineraris indicats.<br \/>\nHa estat molt interessant poder con\u00e8ixer la realitat del nostre poble a partir d\u2019un mapa.<\/p>\n<p><a href=\"http:\/\/www.kizoa.es\/Editar-Videos-Movie-Maker\/d46384625k8540036o2l1\/itinerari-4t\">itinerari&hellip;  <a href=\"https:\/\/agora.xtec.cat\/ceipsantjordi-massanet\/projecte-interdisciplinari-2016\/mitja\/itineraris\/\" title=\"Read ITINERARIS\">Llegeix m\u00e9s\u00bb<\/a><\/p>\n","protected":false},"author":4,"featured_media":0,"parent":2794,"menu_order":0,"comment_status":"closed","ping_status":"closed","template":"page-templates\/side-menu.php","meta":{"_bbp_topic_count":0,"_bbp_reply_count":0,"_bbp_total_topic_count":0,"_bbp_total_reply_count":0,"_bbp_voice_count":0,"_bbp_anonymous_reply_count":0,"_bbp_topic_count_hidden":0,"_bbp_reply_count_hidden":0,"_bbp_forum_subforum_count":0,"footnotes":""},"class_list":["post-3268","page","type-page","status-publish","hentry"],"post_mailing_queue_ids":[],"_links":{"self":[{"href":"https:\/\/agora.xtec.cat\/ceipsantjordi-massanet\/wp-json\/wp\/v2\/pages\/3268","targetHints":{"allow":["GET"]}}],"collection":[{"href":"https:\/\/agora.xtec.cat\/ceipsantjordi-massanet\/wp-json\/wp\/v2\/pages"}],"about":[{"href":"https:\/\/agora.xtec.cat\/ceipsantjordi-massanet\/wp-json\/wp\/v2\/types\/page"}],"author":[{"embeddable":true,"href":"https:\/\/agora.xtec.cat\/ceipsantjordi-massanet\/wp-json\/wp\/v2\/users\/4"}],"replies":[{"embeddable":true,"href":"https:\/\/agora.xtec.cat\/ceipsantjordi-massanet\/wp-json\/wp\/v2\/comments?post=3268"}],"version-history":[{"count":3,"href":"https:\/\/agora.xtec.cat\/ceipsantjordi-massanet\/wp-json\/wp\/v2\/pages\/3268\/revisions"}],"predecessor-version":[{"id":3297,"href":"https:\/\/agora.xtec.cat\/ceipsantjordi-massanet\/wp-json\/wp\/v2\/pages\/3268\/revisions\/3297"}],"up":[{"embeddable":true,"href":"https:\/\/agora.xtec.cat\/ceipsantjordi-massanet\/wp-json\/wp\/v2\/pages\/2794"}],"wp:attachment":[{"href":"https:\/\/agora.xtec.cat\/ceipsantjordi-massanet\/wp-json\/wp\/v2\/media?parent=3268"}],"curies":[{"name":"wp","href":"https:\/\/api.w.org\/{rel}","templated":true}]}}