{"id":3043,"date":"2016-05-23T12:20:34","date_gmt":"2016-05-23T10:20:34","guid":{"rendered":"http:\/\/agora.xtec.cat\/ceipsantjordi-massanet\/?page_id=3043"},"modified":"2016-05-25T11:32:22","modified_gmt":"2016-05-25T09:32:22","slug":"escola-de-musica","status":"publish","type":"page","link":"https:\/\/agora.xtec.cat\/ceipsantjordi-massanet\/projecte-interdisciplinari-2016\/mitja\/escola-de-musica\/","title":{"rendered":"ESCOLA DE M\u00daSICA"},"content":{"rendered":"<p>A l&#8217;Escola de M\u00fasica hem xalat d&#8217;all\u00f2 m\u00e9s:<\/p>\n<p>Primer ens han presentat uns quants instruments dels que es poden estudiar all\u00e0 i tamb\u00e9 els hem pogut escoltar a trav\u00e9s de petites grans audicions! Hem escoltat Beethoven, Mozart i fins i tot AC\/DC.<\/p>\n<p>Tamb\u00e9 hem apr\u00e8s a portar el ritme de la bateria amb el nostre cos!!!<\/p>\n<p>De ben segur que la Senyora Rica estar\u00e0 encantada de con\u00e8ixer aquesta Escola de M\u00fasica que tenim a Ma\u00e7anet!!!!<\/p>\n<p>Ens ha encantat veure com alummnes de l&#8217;escola ens han obsequiat amb una interpretaci\u00f3 de diferents temes, tant a la guitarra com a la bateria!!!<\/p>\n<p>I algun elementt sorpresa amb qui no hi compt\u00e0vem!!!!<\/p>\n<p>Podeu veure m\u00e9s informaci\u00f3 a la seva <a href=\"http:\/\/www.massanetdelaselva.org\/index.php\/escola-musica\">p\u00e0gina web<\/a><br \/>\n<iframe loading=\"lazy\" src=\"http:\/\/www.kizoa.com\/embed-45969842-5429683o1l1\" width=\"640\" height=\"400\" frameborder=\"0\" allowfullscreen=\"allowfullscreen\"><\/iframe><\/p>\n<p>&nbsp;<\/p>\n","protected":false},"excerpt":{"rendered":"<p>A l&#8217;Escola de M\u00fasica hem xalat d&#8217;all\u00f2 m\u00e9s:<br \/>\nPrimer ens han presentat uns quants instruments dels que es poden estudiar all\u00e0 i tamb\u00e9 els hem pogut escoltar a trav\u00e9s de petites grans audicions! Hem escoltat Beethoven, Mozart i fins i tot AC\/DC.<br \/>\nTamb\u00e9 hem apr\u00e8s a portar&hellip;  <a href=\"https:\/\/agora.xtec.cat\/ceipsantjordi-massanet\/projecte-interdisciplinari-2016\/mitja\/escola-de-musica\/\" title=\"Read ESCOLA DE M\u00daSICA\">Llegeix m\u00e9s\u00bb<\/a><\/p>\n","protected":false},"author":4,"featured_media":0,"parent":2794,"menu_order":0,"comment_status":"closed","ping_status":"closed","template":"page-templates\/side-menu.php","meta":{"_bbp_topic_count":0,"_bbp_reply_count":0,"_bbp_total_topic_count":0,"_bbp_total_reply_count":0,"_bbp_voice_count":0,"_bbp_anonymous_reply_count":0,"_bbp_topic_count_hidden":0,"_bbp_reply_count_hidden":0,"_bbp_forum_subforum_count":0,"footnotes":""},"class_list":["post-3043","page","type-page","status-publish","hentry"],"post_mailing_queue_ids":[],"_links":{"self":[{"href":"https:\/\/agora.xtec.cat\/ceipsantjordi-massanet\/wp-json\/wp\/v2\/pages\/3043","targetHints":{"allow":["GET"]}}],"collection":[{"href":"https:\/\/agora.xtec.cat\/ceipsantjordi-massanet\/wp-json\/wp\/v2\/pages"}],"about":[{"href":"https:\/\/agora.xtec.cat\/ceipsantjordi-massanet\/wp-json\/wp\/v2\/types\/page"}],"author":[{"embeddable":true,"href":"https:\/\/agora.xtec.cat\/ceipsantjordi-massanet\/wp-json\/wp\/v2\/users\/4"}],"replies":[{"embeddable":true,"href":"https:\/\/agora.xtec.cat\/ceipsantjordi-massanet\/wp-json\/wp\/v2\/comments?post=3043"}],"version-history":[{"count":3,"href":"https:\/\/agora.xtec.cat\/ceipsantjordi-massanet\/wp-json\/wp\/v2\/pages\/3043\/revisions"}],"predecessor-version":[{"id":3176,"href":"https:\/\/agora.xtec.cat\/ceipsantjordi-massanet\/wp-json\/wp\/v2\/pages\/3043\/revisions\/3176"}],"up":[{"embeddable":true,"href":"https:\/\/agora.xtec.cat\/ceipsantjordi-massanet\/wp-json\/wp\/v2\/pages\/2794"}],"wp:attachment":[{"href":"https:\/\/agora.xtec.cat\/ceipsantjordi-massanet\/wp-json\/wp\/v2\/media?parent=3043"}],"curies":[{"name":"wp","href":"https:\/\/api.w.org\/{rel}","templated":true}]}}

ESCOLA DE MÚSICA

<p>A l&#8217;Escola de Música hem xalat d&#8217;allò més:</p>
<p>Primer ens han presentat uns quants instruments dels que es poden estudiar allà i també els hem pogut escoltar a través de petites grans audicions! Hem escoltat Beethoven, Mozart i fins i tot AC/DC.</p>
<p>També hem après a portar el ritme de la bateria amb el nostre cos!!!</p>
<p>De ben segur que la Senyora Rica estarà encantada de conèixer aquesta Escola de Música que tenim a Maçanet!!!!</p>
<p>Ens ha encantat veure com alummnes de l&#8217;escola ens han obsequiat amb una interpretació de diferents temes, tant a la guitarra com a la bateria!!!</p>
<p>I algun elementt sorpresa amb qui no hi comptàvem!!!!</p>
<p>Podeu veure més informació a la seva <a href="http://www.massanetdelaselva.org/index.php/escola-musica">pàgina web</a><br />
<iframe loading="lazy" src="http://www.kizoa.com/embed-45969842-5429683o1l1" width="640" height="400" frameborder="0" allowfullscreen="allowfullscreen"></iframe></p>
<p>&nbsp;</p>

<p>A l&#8217;Escola de Música hem xalat d&#8217;allò més:<br />
Primer ens han presentat uns quants instruments dels que es poden estudiar allà i també els hem pogut escoltar a través de petites grans audicions! Hem escoltat Beethoven, Mozart i fins i tot AC/DC.<br />
També hem après a portar&hellip;  <a href="https://agora.xtec.cat/ceipsantjordi-massanet/projecte-interdisciplinari-2016/mitja/escola-de-musica/" title="Read ESCOLA DE MÚSICA">Llegeix més»</a></p>
