{"id":3040,"date":"2016-05-23T12:20:07","date_gmt":"2016-05-23T10:20:07","guid":{"rendered":"http:\/\/agora.xtec.cat\/ceipsantjordi-massanet\/?page_id=3040"},"modified":"2016-05-28T08:57:57","modified_gmt":"2016-05-28T06:57:57","slug":"serveis-socials","status":"publish","type":"page","link":"https:\/\/agora.xtec.cat\/ceipsantjordi-massanet\/projecte-interdisciplinari-2016\/mitja\/serveis-socials\/","title":{"rendered":"SERVEIS SOCIALS"},"content":{"rendered":"<p><strong>SERVEIS SOCIALS DE MA\u00c7ANET<\/strong> Els Serveis Socials s\u00f3n un conjunt de serveis i programes portats a\u00a0terme per professionals, orientats a garantir les necessitats socials\u00a0b\u00e0siques dels ciutadans de Ma\u00e7anet. Per accedir-hi cal demanar una cita amb les professionals a trav\u00e9s del tel\u00e8fon de\u00a0contacte o directament a les oficines de <strong>Can Fall\u00f3<\/strong>.<\/p>\n<table>\n<tbody>\n<tr>\n<td><a href=\"http:\/\/agora.xtec.cat\/ceipsantjordi-massanet\/wp-content\/uploads\/usu391\/2016\/05\/20160524_102144.jpg\"><img loading=\"lazy\" decoding=\"async\" class=\"alignnone  wp-image-3132\" src=\"http:\/\/agora.xtec.cat\/ceipsantjordi-massanet\/wp-content\/uploads\/usu391\/2016\/05\/20160524_102144-1024x614.jpg\" alt=\"20160524_102144\" width=\"297\" height=\"178\" srcset=\"https:\/\/agora.xtec.cat\/ceipsantjordi-massanet\/wp-content\/uploads\/usu391\/2016\/05\/20160524_102144-1024x614.jpg 1024w, https:\/\/agora.xtec.cat\/ceipsantjordi-massanet\/wp-content\/uploads\/usu391\/2016\/05\/20160524_102144-300x180.jpg 300w\" sizes=\"auto, (max-width: 297px) 100vw, 297px\" \/><\/a><\/td>\n<td>Edifici Can Fall\u00f3Catalunya 1517412 Ma\u00e7anet de la SelvaTel. 972 85 91 39 Horari d\u2019atenci\u00f3: de dilluns a divendres de 9 h. a 14 h.<\/td>\n<\/tr>\n<\/tbody>\n<\/table>\n<div><iframe loading=\"lazy\" src=\"http:\/\/www.kizoa.com\/embed-46838627-5402292o1l1\" width=\"560\" height=\"420\" frameborder=\"0\" allowfullscreen=\"allowfullscreen\"><\/iframe><\/div>\n<div><\/div>\n<p><strong>SIAD \u2013 Servei d\u2019Igualtat i Atenci\u00f3 a les Dones<\/strong><\/p>\n<p>Serveis que ofereix el SIAD: Atenci\u00f3 psicol\u00f2gica: Servei gratu\u00eft adre\u00e7at a dones que tenen conflictes o\u00a0dificultats en les seves relacions de parella. El servei compta amb una psic\u00f2loga\u00a0especialista en viol\u00e8ncia masclista. Atenci\u00f3 jur\u00eddica: Servei gratu\u00eft que orienta i assessora sobre separacions,\u00a0divorcis, guarda i cust\u00f2dia dels fills, etc. Tamb\u00e9 s\u2019ofereix la possibilitat de\u00a0demanar assist\u00e8ncia jur\u00eddica gratu\u00efta. El servei compta amb una advocada\u00a0especialista en viol\u00e8ncia masclista.<\/p>\n<p><strong>CDA Ma\u00e7anet \u2013 Centre de Distribuci\u00f3 d\u2019Aliments<\/strong><\/p>\n<p>El Centre de Distribuci\u00f3 d\u2019Aliments s\u2019orienta a les persones i fam\u00edlies amb greus\u00a0mancances econ\u00f2miques per tal d\u2019ajudar-los en l\u2019alimentaci\u00f3 b\u00e0sica. La gesti\u00f3 i el funcionament del CDA Ma\u00e7anet est\u00e0 a c\u00e0rrec de persones\u00a0volunt\u00e0ries. Les persones i\/o fam\u00edlies s\u00f3n derivades pels Serveis Socials. El CDA Ma\u00e7anet es nodreix de donacions en productes alimentaris de diferents\u00a0empreses i entitats. Des de la Regidoria de Benestar Social es complementa\u00a0l\u2019ajut amb la compra de productes b\u00e0sics (llet, ous, &#8230;).<\/p>\n<p><strong>Punt d\u2019Habitatge de Ma\u00e7anet<\/strong><\/p>\n<p>El Punt d\u2019Habitatge de Ma\u00e7anet de la Selva \u00e9s un servei adre\u00e7at a tota\u00a0la poblaci\u00f3 del poble per donar a con\u00e8ixer les ajudes relacionades amb l\u2019habitatge\u00a0i promoure la borsa de lloguer de la Borsa Comarcal d\u2019Habitatge. S\u2019ofereix assessorament i orientaci\u00f3 en temes relacionats amb l\u2019habitatge.<\/p>\n","protected":false},"excerpt":{"rendered":"<p>SERVEIS SOCIALS DE MA\u00c7ANET Els Serveis Socials s\u00f3n un conjunt de serveis i programes portats a\u00a0terme per professionals, orientats a garantir les necessitats socials\u00a0b\u00e0siques dels ciutadans de Ma\u00e7anet. Per accedir-hi cal demanar una cita amb les professionals a trav\u00e9s del tel\u00e8fon de\u00a0contacte o directament a&hellip;  <a href=\"https:\/\/agora.xtec.cat\/ceipsantjordi-massanet\/projecte-interdisciplinari-2016\/mitja\/serveis-socials\/\" title=\"Read SERVEIS SOCIALS\">Llegeix m\u00e9s\u00bb<\/a><\/p>\n","protected":false},"author":4,"featured_media":0,"parent":2794,"menu_order":0,"comment_status":"closed","ping_status":"closed","template":"page-templates\/side-menu.php","meta":{"_bbp_topic_count":0,"_bbp_reply_count":0,"_bbp_total_topic_count":0,"_bbp_total_reply_count":0,"_bbp_voice_count":0,"_bbp_anonymous_reply_count":0,"_bbp_topic_count_hidden":0,"_bbp_reply_count_hidden":0,"_bbp_forum_subforum_count":0,"footnotes":""},"class_list":["post-3040","page","type-page","status-publish","hentry"],"post_mailing_queue_ids":[],"_links":{"self":[{"href":"https:\/\/agora.xtec.cat\/ceipsantjordi-massanet\/wp-json\/wp\/v2\/pages\/3040","targetHints":{"allow":["GET"]}}],"collection":[{"href":"https:\/\/agora.xtec.cat\/ceipsantjordi-massanet\/wp-json\/wp\/v2\/pages"}],"about":[{"href":"https:\/\/agora.xtec.cat\/ceipsantjordi-massanet\/wp-json\/wp\/v2\/types\/page"}],"author":[{"embeddable":true,"href":"https:\/\/agora.xtec.cat\/ceipsantjordi-massanet\/wp-json\/wp\/v2\/users\/4"}],"replies":[{"embeddable":true,"href":"https:\/\/agora.xtec.cat\/ceipsantjordi-massanet\/wp-json\/wp\/v2\/comments?post=3040"}],"version-history":[{"count":4,"href":"https:\/\/agora.xtec.cat\/ceipsantjordi-massanet\/wp-json\/wp\/v2\/pages\/3040\/revisions"}],"predecessor-version":[{"id":3299,"href":"https:\/\/agora.xtec.cat\/ceipsantjordi-massanet\/wp-json\/wp\/v2\/pages\/3040\/revisions\/3299"}],"up":[{"embeddable":true,"href":"https:\/\/agora.xtec.cat\/ceipsantjordi-massanet\/wp-json\/wp\/v2\/pages\/2794"}],"wp:attachment":[{"href":"https:\/\/agora.xtec.cat\/ceipsantjordi-massanet\/wp-json\/wp\/v2\/media?parent=3040"}],"curies":[{"name":"wp","href":"https:\/\/api.w.org\/{rel}","templated":true}]}}

<p><strong>SERVEIS SOCIALS DE MAÇANET</strong> Els Serveis Socials són un conjunt de serveis i programes portats a terme per professionals, orientats a garantir les necessitats socials bàsiques dels ciutadans de Maçanet. Per accedir-hi cal demanar una cita amb les professionals a través del telèfon de contacte o directament a les oficines de <strong>Can Falló</strong>.</p>
<table>
<tbody>
<tr>
<td><a href="http://agora.xtec.cat/ceipsantjordi-massanet/wp-content/uploads/usu391/2016/05/20160524_102144.jpg"><img loading="lazy" decoding="async" class="alignnone  wp-image-3132" src="http://agora.xtec.cat/ceipsantjordi-massanet/wp-content/uploads/usu391/2016/05/20160524_102144-1024x614.jpg" alt="20160524_102144" width="297" height="178" srcset="https://agora.xtec.cat/ceipsantjordi-massanet/wp-content/uploads/usu391/2016/05/20160524_102144-1024x614.jpg 1024w, https://agora.xtec.cat/ceipsantjordi-massanet/wp-content/uploads/usu391/2016/05/20160524_102144-300x180.jpg 300w" sizes="auto, (max-width: 297px) 100vw, 297px" /></a></td>
<td>Edifici Can FallóCatalunya 1517412 Maçanet de la SelvaTel. 972 85 91 39 Horari d’atenció: de dilluns a divendres de 9 h. a 14 h.</td>
</tr>
</tbody>
</table>
<div><iframe loading="lazy" src="http://www.kizoa.com/embed-46838627-5402292o1l1" width="560" height="420" frameborder="0" allowfullscreen="allowfullscreen"></iframe></div>
<div></div>
<p><strong>SIAD – Servei d’Igualtat i Atenció a les Dones</strong></p>
<p>Serveis que ofereix el SIAD: Atenció psicològica: Servei gratuït adreçat a dones que tenen conflictes o dificultats en les seves relacions de parella. El servei compta amb una psicòloga especialista en violència masclista. Atenció jurídica: Servei gratuït que orienta i assessora sobre separacions, divorcis, guarda i custòdia dels fills, etc. També s’ofereix la possibilitat de demanar assistència jurídica gratuïta. El servei compta amb una advocada especialista en violència masclista.</p>
<p><strong>CDA Maçanet – Centre de Distribució d’Aliments</strong></p>
<p>El Centre de Distribució d’Aliments s’orienta a les persones i famílies amb greus mancances econòmiques per tal d’ajudar-los en l’alimentació bàsica. La gestió i el funcionament del CDA Maçanet està a càrrec de persones voluntàries. Les persones i/o famílies són derivades pels Serveis Socials. El CDA Maçanet es nodreix de donacions en productes alimentaris de diferents empreses i entitats. Des de la Regidoria de Benestar Social es complementa l’ajut amb la compra de productes bàsics (llet, ous, &#8230;).</p>
<p><strong>Punt d’Habitatge de Maçanet</strong></p>
<p>El Punt d’Habitatge de Maçanet de la Selva és un servei adreçat a tota la població del poble per donar a conèixer les ajudes relacionades amb l’habitatge i promoure la borsa de lloguer de la Borsa Comarcal d’Habitatge. S’ofereix assessorament i orientació en temes relacionats amb l’habitatge.</p>

<p>SERVEIS SOCIALS DE MAÇANET Els Serveis Socials són un conjunt de serveis i programes portats a terme per professionals, orientats a garantir les necessitats socials bàsiques dels ciutadans de Maçanet. Per accedir-hi cal demanar una cita amb les professionals a través del telèfon de contacte o directament a&hellip;  <a href="https://agora.xtec.cat/ceipsantjordi-massanet/projecte-interdisciplinari-2016/mitja/serveis-socials/" title="Read SERVEIS SOCIALS">Llegeix més»</a></p>
