{"id":2896,"date":"2016-05-17T15:19:24","date_gmt":"2016-05-17T13:19:24","guid":{"rendered":"http:\/\/agora.xtec.cat\/ceipsantjordi-massanet\/?page_id=2896"},"modified":"2016-05-24T12:49:28","modified_gmt":"2016-05-24T10:49:28","slug":"els-oficis","status":"publish","type":"page","link":"https:\/\/agora.xtec.cat\/ceipsantjordi-massanet\/projecte-interdisciplinari-2016\/inicial\/els-oficis\/","title":{"rendered":"COMER\u00c7OS I OFICIS"},"content":{"rendered":"<p><strong>DILLUNS 23 DE MAIG DE 2016<\/strong><\/p>\n<p><strong>Clica aquest enlla\u00e7 per veure el nostre recorregut pel centre de poble \u2192 <\/strong><a href=\"https:\/\/drive.google.com\/open?id=1hgL-DRfl5oi7aMl_yuf_1bIv1bA&amp;usp=sharing\" target=\"_blank\">Descobrim Ma\u00e7anet<\/a><\/p>\n<p>Avui hem visitat els comer\u00e7os del poble. Hem conegut en Jordi Albert\u00ed, que \u00e9s escriptor i tamb\u00e9 editor i mestre. Ens ha explicat l&#8217;ofici d&#8217;editor: com es fan els llibres!<\/p>\n<p><strong><a href=\"http:\/\/agora.xtec.cat\/ceipsantjordi-massanet\/wp-content\/uploads\/usu391\/2016\/05\/IMG_20160523_104105.jpg\"><img loading=\"lazy\" decoding=\"async\" class=\"alignnone size-large wp-image-3080\" src=\"http:\/\/agora.xtec.cat\/ceipsantjordi-massanet\/wp-content\/uploads\/usu391\/2016\/05\/IMG_20160523_104105-1024x768.jpg\" alt=\"IMG_20160523_104105\" width=\"1024\" height=\"768\" srcset=\"https:\/\/agora.xtec.cat\/ceipsantjordi-massanet\/wp-content\/uploads\/usu391\/2016\/05\/IMG_20160523_104105-1024x768.jpg 1024w, https:\/\/agora.xtec.cat\/ceipsantjordi-massanet\/wp-content\/uploads\/usu391\/2016\/05\/IMG_20160523_104105-300x225.jpg 300w, https:\/\/agora.xtec.cat\/ceipsantjordi-massanet\/wp-content\/uploads\/usu391\/2016\/05\/IMG_20160523_104105-200x150.jpg 200w\" sizes=\"auto, (max-width: 1024px) 100vw, 1024px\" \/><\/a><br \/>\n<\/strong><br \/>\n<iframe loading=\"lazy\" src=\"https:\/\/docs.google.com\/presentation\/d\/1nIqYnvY01nlMJS1ROmueHvi_Prp61v77LUUvacgxmRU\/embed?start=false&amp;loop=false&amp;delayms=3000\" width=\"960\" height=\"749\" frameborder=\"0\" allowfullscreen=\"allowfullscreen\"><\/iframe><\/p>\n","protected":false},"excerpt":{"rendered":"<p>DILLUNS 23 DE MAIG DE 2016<br \/>\nClica aquest enlla\u00e7 per veure el nostre recorregut pel centre de poble \u2192 <a href=\"https:\/\/drive.google.com\/open?id=1hgL-DRfl5oi7aMl_yuf_1bIv1bA&amp;usp=sharing\" target=\"_blank\">Descobrim Ma\u00e7anet<\/a><br \/>\nAvui hem visitat els comer\u00e7os del poble. Hem conegut en Jordi Albert\u00ed, que \u00e9s escriptor i tamb\u00e9 editor i mestre. Ens ha explicat l&#8217;ofici&hellip;  <a href=\"https:\/\/agora.xtec.cat\/ceipsantjordi-massanet\/projecte-interdisciplinari-2016\/inicial\/els-oficis\/\" title=\"Read COMER\u00c7OS I OFICIS\">Llegeix m\u00e9s\u00bb<\/a><\/p>\n","protected":false},"author":4,"featured_media":0,"parent":2792,"menu_order":10,"comment_status":"closed","ping_status":"closed","template":"page-templates\/side-menu.php","meta":{"_bbp_topic_count":0,"_bbp_reply_count":0,"_bbp_total_topic_count":0,"_bbp_total_reply_count":0,"_bbp_voice_count":0,"_bbp_anonymous_reply_count":0,"_bbp_topic_count_hidden":0,"_bbp_reply_count_hidden":0,"_bbp_forum_subforum_count":0,"footnotes":""},"class_list":["post-2896","page","type-page","status-publish","hentry"],"post_mailing_queue_ids":[],"_links":{"self":[{"href":"https:\/\/agora.xtec.cat\/ceipsantjordi-massanet\/wp-json\/wp\/v2\/pages\/2896","targetHints":{"allow":["GET"]}}],"collection":[{"href":"https:\/\/agora.xtec.cat\/ceipsantjordi-massanet\/wp-json\/wp\/v2\/pages"}],"about":[{"href":"https:\/\/agora.xtec.cat\/ceipsantjordi-massanet\/wp-json\/wp\/v2\/types\/page"}],"author":[{"embeddable":true,"href":"https:\/\/agora.xtec.cat\/ceipsantjordi-massanet\/wp-json\/wp\/v2\/users\/4"}],"replies":[{"embeddable":true,"href":"https:\/\/agora.xtec.cat\/ceipsantjordi-massanet\/wp-json\/wp\/v2\/comments?post=2896"}],"version-history":[{"count":4,"href":"https:\/\/agora.xtec.cat\/ceipsantjordi-massanet\/wp-json\/wp\/v2\/pages\/2896\/revisions"}],"predecessor-version":[{"id":3153,"href":"https:\/\/agora.xtec.cat\/ceipsantjordi-massanet\/wp-json\/wp\/v2\/pages\/2896\/revisions\/3153"}],"up":[{"embeddable":true,"href":"https:\/\/agora.xtec.cat\/ceipsantjordi-massanet\/wp-json\/wp\/v2\/pages\/2792"}],"wp:attachment":[{"href":"https:\/\/agora.xtec.cat\/ceipsantjordi-massanet\/wp-json\/wp\/v2\/media?parent=2896"}],"curies":[{"name":"wp","href":"https:\/\/api.w.org\/{rel}","templated":true}]}}

COMERÇOS I OFICIS

<p><strong>DILLUNS 23 DE MAIG DE 2016</strong></p>
<p><strong>Clica aquest enllaç per veure el nostre recorregut pel centre de poble → </strong><a href="https://drive.google.com/open?id=1hgL-DRfl5oi7aMl_yuf_1bIv1bA&amp;usp=sharing" target="_blank">Descobrim Maçanet</a></p>
<p>Avui hem visitat els comerços del poble. Hem conegut en Jordi Albertí, que és escriptor i també editor i mestre. Ens ha explicat l&#8217;ofici d&#8217;editor: com es fan els llibres!</p>
<p><strong><a href="http://agora.xtec.cat/ceipsantjordi-massanet/wp-content/uploads/usu391/2016/05/IMG_20160523_104105.jpg"><img loading="lazy" decoding="async" class="alignnone size-large wp-image-3080" src="http://agora.xtec.cat/ceipsantjordi-massanet/wp-content/uploads/usu391/2016/05/IMG_20160523_104105-1024x768.jpg" alt="IMG_20160523_104105" width="1024" height="768" srcset="https://agora.xtec.cat/ceipsantjordi-massanet/wp-content/uploads/usu391/2016/05/IMG_20160523_104105-1024x768.jpg 1024w, https://agora.xtec.cat/ceipsantjordi-massanet/wp-content/uploads/usu391/2016/05/IMG_20160523_104105-300x225.jpg 300w, https://agora.xtec.cat/ceipsantjordi-massanet/wp-content/uploads/usu391/2016/05/IMG_20160523_104105-200x150.jpg 200w" sizes="auto, (max-width: 1024px) 100vw, 1024px" /></a><br />
</strong><br />
<iframe loading="lazy" src="https://docs.google.com/presentation/d/1nIqYnvY01nlMJS1ROmueHvi_Prp61v77LUUvacgxmRU/embed?start=false&amp;loop=false&amp;delayms=3000" width="960" height="749" frameborder="0" allowfullscreen="allowfullscreen"></iframe></p>

<p>DILLUNS 23 DE MAIG DE 2016<br />
Clica aquest enllaç per veure el nostre recorregut pel centre de poble → <a href="https://drive.google.com/open?id=1hgL-DRfl5oi7aMl_yuf_1bIv1bA&amp;usp=sharing" target="_blank">Descobrim Maçanet</a><br />
Avui hem visitat els comerços del poble. Hem conegut en Jordi Albertí, que és escriptor i també editor i mestre. Ens ha explicat l&#8217;ofici&hellip;  <a href="https://agora.xtec.cat/ceipsantjordi-massanet/projecte-interdisciplinari-2016/inicial/els-oficis/" title="Read COMERÇOS I OFICIS">Llegeix més»</a></p>
