{"id":2810,"date":"2016-05-04T23:01:06","date_gmt":"2016-05-04T21:01:06","guid":{"rendered":"http:\/\/agora.xtec.cat\/ceipsantjordi-massanet\/?page_id=2810"},"modified":"2016-05-25T15:51:21","modified_gmt":"2016-05-25T13:51:21","slug":"estadistiques","status":"publish","type":"page","link":"https:\/\/agora.xtec.cat\/ceipsantjordi-massanet\/projecte-interdisciplinari-2016\/superior\/estadistiques\/","title":{"rendered":"RESULTATS!"},"content":{"rendered":"<p><strong>La poblaci\u00f3 als diferents nuclis de Ma\u00e7anet<\/strong><\/p>\n<p>A partir de les dades que ens ha facilitat l&#8217;Ajuntament de Ma\u00e7anet corresponents al mes de maig de 2016, la distribuci\u00f3 de la poblaci\u00f3 per nuclis \u00e9s la seg\u00fcent:<br \/>\n<a href=\"http:\/\/agora.xtec.cat\/ceipsantjordi-massanet\/wp-content\/uploads\/usu391\/2016\/05\/graph.jpg\"><img loading=\"lazy\" decoding=\"async\" class=\"aligncenter size-full wp-image-3223\" src=\"http:\/\/agora.xtec.cat\/ceipsantjordi-massanet\/wp-content\/uploads\/usu391\/2016\/05\/graph.jpg\" alt=\"graph\" width=\"600\" height=\"396\" srcset=\"https:\/\/agora.xtec.cat\/ceipsantjordi-massanet\/wp-content\/uploads\/usu391\/2016\/05\/graph.jpg 600w, https:\/\/agora.xtec.cat\/ceipsantjordi-massanet\/wp-content\/uploads\/usu391\/2016\/05\/graph-300x198.jpg 300w\" sizes=\"auto, (max-width: 600px) 100vw, 600px\" \/><\/a><br \/>\n<strong>Enquesta de poblaci\u00f3 activa<\/strong><\/p>\n<p>Hem preguntat a les fam\u00edlies informaci\u00f3 sobre l&#8217;ocupaci\u00f3 dels pares i mares i hem processat dades a trav\u00e9s d&#8217;un formulari de google que ha creat aquests resultats:<\/p>\n<p><iframe loading=\"lazy\" src=\"https:\/\/docs.google.com\/presentation\/d\/17V56zr02ZX9Rx9VCIwGk_e2oNJVOVF6l0-MqJXw8_lI\/embed?start=false&amp;loop=false&amp;delayms=60000\" width=\"960\" height=\"430\" frameborder=\"0\" allowfullscreen=\"allowfullscreen\"><\/iframe><\/p>\n<p><strong>Dades econ\u00f2miques<\/strong><\/p>\n<p>Aquestes s\u00f3n les dades que consten a l&#8217;Institut Catal\u00e0 d&#8217;Estad\u00edstica<\/p>\n<p><a href=\"http:\/\/agora.xtec.cat\/ceipsantjordi-massanet\/wp-content\/uploads\/usu391\/2016\/05\/economics.png\"><img loading=\"lazy\" decoding=\"async\" class=\"aligncenter size-full wp-image-2835\" src=\"http:\/\/agora.xtec.cat\/ceipsantjordi-massanet\/wp-content\/uploads\/usu391\/2016\/05\/economics.png\" alt=\"economics\" width=\"979\" height=\"339\" srcset=\"https:\/\/agora.xtec.cat\/ceipsantjordi-massanet\/wp-content\/uploads\/usu391\/2016\/05\/economics.png 979w, https:\/\/agora.xtec.cat\/ceipsantjordi-massanet\/wp-content\/uploads\/usu391\/2016\/05\/economics-300x104.png 300w\" sizes=\"auto, (max-width: 979px) 100vw, 979px\" \/><\/a><a href=\"http:\/\/agora.xtec.cat\/ceipsantjordi-massanet\/wp-content\/uploads\/usu391\/2016\/05\/irpf.png\"><img loading=\"lazy\" decoding=\"async\" class=\"aligncenter size-full wp-image-2837\" src=\"http:\/\/agora.xtec.cat\/ceipsantjordi-massanet\/wp-content\/uploads\/usu391\/2016\/05\/irpf.png\" alt=\"irpf\" width=\"964\" height=\"555\" srcset=\"https:\/\/agora.xtec.cat\/ceipsantjordi-massanet\/wp-content\/uploads\/usu391\/2016\/05\/irpf.png 964w, https:\/\/agora.xtec.cat\/ceipsantjordi-massanet\/wp-content\/uploads\/usu391\/2016\/05\/irpf-300x173.png 300w\" sizes=\"auto, (max-width: 964px) 100vw, 964px\" \/><\/a><\/p>\n","protected":false},"excerpt":{"rendered":"<p>La poblaci\u00f3 als diferents nuclis de Ma\u00e7anet<br \/>\nA partir de les dades que ens ha facilitat l&#8217;Ajuntament de Ma\u00e7anet corresponents al mes de maig de 2016, la distribuci\u00f3 de la poblaci\u00f3 per nuclis \u00e9s la seg\u00fcent:<br \/>\n<a href=\"http:\/\/agora.xtec.cat\/ceipsantjordi-massanet\/wp-content\/uploads\/usu391\/2016\/05\/graph.jpg\"><\/a><br \/>\nEnquesta de poblaci\u00f3 activa<br \/>\nHem preguntat a les fam\u00edlies informaci\u00f3 sobre&hellip;  <a href=\"https:\/\/agora.xtec.cat\/ceipsantjordi-massanet\/projecte-interdisciplinari-2016\/superior\/estadistiques\/\" title=\"Read RESULTATS!\">Llegeix m\u00e9s\u00bb<\/a><\/p>\n","protected":false},"author":4,"featured_media":0,"parent":2796,"menu_order":0,"comment_status":"closed","ping_status":"closed","template":"page-templates\/side-menu.php","meta":{"_bbp_topic_count":0,"_bbp_reply_count":0,"_bbp_total_topic_count":0,"_bbp_total_reply_count":0,"_bbp_voice_count":0,"_bbp_anonymous_reply_count":0,"_bbp_topic_count_hidden":0,"_bbp_reply_count_hidden":0,"_bbp_forum_subforum_count":0,"footnotes":""},"class_list":["post-2810","page","type-page","status-publish","hentry"],"post_mailing_queue_ids":[],"_links":{"self":[{"href":"https:\/\/agora.xtec.cat\/ceipsantjordi-massanet\/wp-json\/wp\/v2\/pages\/2810","targetHints":{"allow":["GET"]}}],"collection":[{"href":"https:\/\/agora.xtec.cat\/ceipsantjordi-massanet\/wp-json\/wp\/v2\/pages"}],"about":[{"href":"https:\/\/agora.xtec.cat\/ceipsantjordi-massanet\/wp-json\/wp\/v2\/types\/page"}],"author":[{"embeddable":true,"href":"https:\/\/agora.xtec.cat\/ceipsantjordi-massanet\/wp-json\/wp\/v2\/users\/4"}],"replies":[{"embeddable":true,"href":"https:\/\/agora.xtec.cat\/ceipsantjordi-massanet\/wp-json\/wp\/v2\/comments?post=2810"}],"version-history":[{"count":4,"href":"https:\/\/agora.xtec.cat\/ceipsantjordi-massanet\/wp-json\/wp\/v2\/pages\/2810\/revisions"}],"predecessor-version":[{"id":3227,"href":"https:\/\/agora.xtec.cat\/ceipsantjordi-massanet\/wp-json\/wp\/v2\/pages\/2810\/revisions\/3227"}],"up":[{"embeddable":true,"href":"https:\/\/agora.xtec.cat\/ceipsantjordi-massanet\/wp-json\/wp\/v2\/pages\/2796"}],"wp:attachment":[{"href":"https:\/\/agora.xtec.cat\/ceipsantjordi-massanet\/wp-json\/wp\/v2\/media?parent=2810"}],"curies":[{"name":"wp","href":"https:\/\/api.w.org\/{rel}","templated":true}]}}

<p><strong>La població als diferents nuclis de Maçanet</strong></p>
<p>A partir de les dades que ens ha facilitat l&#8217;Ajuntament de Maçanet corresponents al mes de maig de 2016, la distribució de la població per nuclis és la següent:<br />
<a href="http://agora.xtec.cat/ceipsantjordi-massanet/wp-content/uploads/usu391/2016/05/graph.jpg"><img loading="lazy" decoding="async" class="aligncenter size-full wp-image-3223" src="http://agora.xtec.cat/ceipsantjordi-massanet/wp-content/uploads/usu391/2016/05/graph.jpg" alt="graph" width="600" height="396" srcset="https://agora.xtec.cat/ceipsantjordi-massanet/wp-content/uploads/usu391/2016/05/graph.jpg 600w, https://agora.xtec.cat/ceipsantjordi-massanet/wp-content/uploads/usu391/2016/05/graph-300x198.jpg 300w" sizes="auto, (max-width: 600px) 100vw, 600px" /></a><br />
<strong>Enquesta de població activa</strong></p>
<p>Hem preguntat a les famílies informació sobre l&#8217;ocupació dels pares i mares i hem processat dades a través d&#8217;un formulari de google que ha creat aquests resultats:</p>
<p><iframe loading="lazy" src="https://docs.google.com/presentation/d/17V56zr02ZX9Rx9VCIwGk_e2oNJVOVF6l0-MqJXw8_lI/embed?start=false&amp;loop=false&amp;delayms=60000" width="960" height="430" frameborder="0" allowfullscreen="allowfullscreen"></iframe></p>
<p><strong>Dades econòmiques</strong></p>
<p>Aquestes són les dades que consten a l&#8217;Institut Català d&#8217;Estadística</p>
<p><a href="http://agora.xtec.cat/ceipsantjordi-massanet/wp-content/uploads/usu391/2016/05/economics.png"><img loading="lazy" decoding="async" class="aligncenter size-full wp-image-2835" src="http://agora.xtec.cat/ceipsantjordi-massanet/wp-content/uploads/usu391/2016/05/economics.png" alt="economics" width="979" height="339" srcset="https://agora.xtec.cat/ceipsantjordi-massanet/wp-content/uploads/usu391/2016/05/economics.png 979w, https://agora.xtec.cat/ceipsantjordi-massanet/wp-content/uploads/usu391/2016/05/economics-300x104.png 300w" sizes="auto, (max-width: 979px) 100vw, 979px" /></a><a href="http://agora.xtec.cat/ceipsantjordi-massanet/wp-content/uploads/usu391/2016/05/irpf.png"><img loading="lazy" decoding="async" class="aligncenter size-full wp-image-2837" src="http://agora.xtec.cat/ceipsantjordi-massanet/wp-content/uploads/usu391/2016/05/irpf.png" alt="irpf" width="964" height="555" srcset="https://agora.xtec.cat/ceipsantjordi-massanet/wp-content/uploads/usu391/2016/05/irpf.png 964w, https://agora.xtec.cat/ceipsantjordi-massanet/wp-content/uploads/usu391/2016/05/irpf-300x173.png 300w" sizes="auto, (max-width: 964px) 100vw, 964px" /></a></p>

<p>La població als diferents nuclis de Maçanet<br />
A partir de les dades que ens ha facilitat l&#8217;Ajuntament de Maçanet corresponents al mes de maig de 2016, la distribució de la població per nuclis és la següent:<br />
<a href="http://agora.xtec.cat/ceipsantjordi-massanet/wp-content/uploads/usu391/2016/05/graph.jpg"></a><br />
Enquesta de població activa<br />
Hem preguntat a les famílies informació sobre&hellip;  <a href="https://agora.xtec.cat/ceipsantjordi-massanet/projecte-interdisciplinari-2016/superior/estadistiques/" title="Read RESULTATS!">Llegeix més»</a></p>
