{"id":2796,"date":"2016-05-04T22:14:02","date_gmt":"2016-05-04T20:14:02","guid":{"rendered":"http:\/\/agora.xtec.cat\/ceipsantjordi-massanet\/?page_id=2796"},"modified":"2016-05-27T16:30:22","modified_gmt":"2016-05-27T14:30:22","slug":"superior","status":"publish","type":"page","link":"https:\/\/agora.xtec.cat\/ceipsantjordi-massanet\/projecte-interdisciplinari-2016\/superior\/","title":{"rendered":"SUPERIOR"},"content":{"rendered":"<p><a href=\"http:\/\/santjordiprojecte.wikispaces.com\" target=\"_blank\"><img loading=\"lazy\" decoding=\"async\" class=\"  alignleft wp-image-2817\" src=\"http:\/\/agora.xtec.cat\/ceipsantjordi-massanet\/wp-content\/uploads\/usu391\/2016\/05\/Captura-de-pantalla-2016-05-04-a-les-23.08.44.png\" alt=\"Captura de pantalla 2016-05-04 a les 23.08.44\" width=\"129\" height=\"175\" srcset=\"https:\/\/agora.xtec.cat\/ceipsantjordi-massanet\/wp-content\/uploads\/usu391\/2016\/05\/Captura-de-pantalla-2016-05-04-a-les-23.08.44.png 324w, https:\/\/agora.xtec.cat\/ceipsantjordi-massanet\/wp-content\/uploads\/usu391\/2016\/05\/Captura-de-pantalla-2016-05-04-a-les-23.08.44-222x300.png 222w\" sizes=\"auto, (max-width: 129px) 100vw, 129px\" \/><\/a>Ara reprendrem el projecte que vam comen\u00e7ar el curs anterior. Us volem recordar que vam treballar la hist\u00f2ria del nostre poble mitjan\u00e7ant mapes i l\u00ednies del temps i tamb\u00e9 vam fer un treball de cada monument del poble. A part d&#8217;aix\u00f2, tamb\u00e9 vam fer un treball sobre la geografia f\u00edsica i pol\u00edtica del poble, tot i treballant els turons, els rius i rieres, les vies de comunicaci\u00f3, els barris i nuclis. Podeu veure el nostre treball si feu clic a l&#8217;escut del nostre poble. Hi trobareu la hist\u00f2ria de la cabra i del vescomtat de Cabrera&#8230; i la de les pomes i la Ma\u00e7anetis!!!<\/p>\n<p>JA \u00c9S AQU\u00cd EL BECARI&#8230; I HA QUEDAT BEN &#8220;RETRATAT&#8221;<\/p>\n<p>Ha arribat a l&#8217;escola en Juli Newwork, de l&#8217;empresa multinacional del sector de la moda L@tissue (&#8220;la roba tissue&#8221;). La veritat \u00e9s que per ser un becari est\u00e0 molt i molt verd&#8230; L&#8217;hem d&#8217;ajudar a fer un informe de poblaci\u00f3 del nostre poble i aix\u00f2 ens portar\u00e0 moooolta feina!<\/p>\n<div align=\"center\">\n<p style=\"text-align: left;\"><iframe loading=\"lazy\" src=\"https:\/\/www.youtube.com\/embed\/Kd7ZVJKNnBU?rel=0\" width=\"800\" height=\"450\" frameborder=\"0\" allowfullscreen=\"allowfullscreen\"><\/iframe><\/p>\n<p style=\"text-align: left;\">\n<p><iframe loading=\"lazy\" width=\"800\" height=\"450\" src=\"https:\/\/www.youtube.com\/embed\/BkyETcgrkKI?rel=0\" frameborder=\"0\" allowfullscreen><\/iframe><\/p>\n<p>A la segona sessi\u00f3 vam treballar els ve\u00efnats i la densitat de poblaci\u00f3 i a la tercera la pir\u00e0mide de la poblaci\u00f3. Ha costat una mica ajuntar totes les dades per\u00f2 al final ens n&#8217;hem sortit. Tamb\u00e9 hem omplert formularis online amb les dades d&#8217;ocupaci\u00f3 i ara treballarem aquestes dades.<\/p>\n<p style=\"text-align: left;\">Hem comen\u00e7at a la primera sessi\u00f3 identificant les poblacions del planeta, d&#8217;Europa, d&#8217;Espanya, de Catalunya i de la comarca, per\u00f2 encara ens falta&#8230; LA DE MA\u00c7ANET. En Juli ens ha dit, i ho hem comprovat, que a la Wikip\u00e8dia les dades s&#8217;acaben el 2006&#8230; (aquesta \u00e9s la taula&#8230;).<\/p>\n<\/div>\n<div align=\"center\">\n<p><a href=\"http:\/\/agora.xtec.cat\/ceipsantjordi-massanet\/wp-content\/uploads\/usu391\/2016\/05\/NET-WP.png\"><img loading=\"lazy\" decoding=\"async\" class=\"aligncenter size-full wp-image-2987\" src=\"http:\/\/agora.xtec.cat\/ceipsantjordi-massanet\/wp-content\/uploads\/usu391\/2016\/05\/NET-WP.png\" alt=\"NET WP\" width=\"750\" height=\"224\" srcset=\"https:\/\/agora.xtec.cat\/ceipsantjordi-massanet\/wp-content\/uploads\/usu391\/2016\/05\/NET-WP.png 750w, https:\/\/agora.xtec.cat\/ceipsantjordi-massanet\/wp-content\/uploads\/usu391\/2016\/05\/NET-WP-300x90.png 300w\" sizes=\"auto, (max-width: 750px) 100vw, 750px\" \/><\/a><\/p>\n<p style=\"text-align: left;\">\u00a0Cliqueu al Prezi per veure la presentaci\u00f3 de la primera sessi\u00f3.<\/p>\n<\/div>\n<div align=\"center\"><iframe loading=\"lazy\" id=\"iframe_container\" src=\"https:\/\/prezi.com\/embed\/glg2dgbsp2jx\/?bgcolor=ffffff&amp;lock_to_path=0&amp;autoplay=0&amp;autohide_ctrls=0&amp;landing_data=bHVZZmNaNDBIWnNjdEVENDRhZDFNZGNIUE1ibjl1TThQR0lqalcxU0Y2YUNNM0NXcWhFa21NYk5nNTBiSU9wZQ&amp;landing_sign=4uRqxDM1HRlHGFg9gidu0hwha2hlQQ_8cocl8k_IK80\" width=\"640\" height=\"480\" frameborder=\"0\" allowfullscreen=\"allowfullscreen\"><\/iframe><\/div>\n","protected":false},"excerpt":{"rendered":"<p><a href=\"http:\/\/santjordiprojecte.wikispaces.com\" target=\"_blank\"><\/a>Ara reprendrem el projecte que vam comen\u00e7ar el curs anterior. Us volem recordar que vam treballar la hist\u00f2ria del nostre poble mitjan\u00e7ant mapes i l\u00ednies del temps i tamb\u00e9 vam fer un treball de cada monument del poble. A part d&#8217;aix\u00f2, tamb\u00e9 vam&hellip;  <a href=\"https:\/\/agora.xtec.cat\/ceipsantjordi-massanet\/projecte-interdisciplinari-2016\/superior\/\" title=\"Read SUPERIOR\">Llegeix m\u00e9s\u00bb<\/a><\/p>\n","protected":false},"author":4,"featured_media":0,"parent":2788,"menu_order":0,"comment_status":"closed","ping_status":"closed","template":"page-templates\/side-menu.php","meta":{"_bbp_topic_count":0,"_bbp_reply_count":0,"_bbp_total_topic_count":0,"_bbp_total_reply_count":0,"_bbp_voice_count":0,"_bbp_anonymous_reply_count":0,"_bbp_topic_count_hidden":0,"_bbp_reply_count_hidden":0,"_bbp_forum_subforum_count":0,"footnotes":""},"class_list":["post-2796","page","type-page","status-publish","hentry"],"post_mailing_queue_ids":[],"_links":{"self":[{"href":"https:\/\/agora.xtec.cat\/ceipsantjordi-massanet\/wp-json\/wp\/v2\/pages\/2796","targetHints":{"allow":["GET"]}}],"collection":[{"href":"https:\/\/agora.xtec.cat\/ceipsantjordi-massanet\/wp-json\/wp\/v2\/pages"}],"about":[{"href":"https:\/\/agora.xtec.cat\/ceipsantjordi-massanet\/wp-json\/wp\/v2\/types\/page"}],"author":[{"embeddable":true,"href":"https:\/\/agora.xtec.cat\/ceipsantjordi-massanet\/wp-json\/wp\/v2\/users\/4"}],"replies":[{"embeddable":true,"href":"https:\/\/agora.xtec.cat\/ceipsantjordi-massanet\/wp-json\/wp\/v2\/comments?post=2796"}],"version-history":[{"count":4,"href":"https:\/\/agora.xtec.cat\/ceipsantjordi-massanet\/wp-json\/wp\/v2\/pages\/2796\/revisions"}],"predecessor-version":[{"id":3293,"href":"https:\/\/agora.xtec.cat\/ceipsantjordi-massanet\/wp-json\/wp\/v2\/pages\/2796\/revisions\/3293"}],"up":[{"embeddable":true,"href":"https:\/\/agora.xtec.cat\/ceipsantjordi-massanet\/wp-json\/wp\/v2\/pages\/2788"}],"wp:attachment":[{"href":"https:\/\/agora.xtec.cat\/ceipsantjordi-massanet\/wp-json\/wp\/v2\/media?parent=2796"}],"curies":[{"name":"wp","href":"https:\/\/api.w.org\/{rel}","templated":true}]}}

<p><a href="http://santjordiprojecte.wikispaces.com" target="_blank"><img loading="lazy" decoding="async" class="  alignleft wp-image-2817" src="http://agora.xtec.cat/ceipsantjordi-massanet/wp-content/uploads/usu391/2016/05/Captura-de-pantalla-2016-05-04-a-les-23.08.44.png" alt="Captura de pantalla 2016-05-04 a les 23.08.44" width="129" height="175" srcset="https://agora.xtec.cat/ceipsantjordi-massanet/wp-content/uploads/usu391/2016/05/Captura-de-pantalla-2016-05-04-a-les-23.08.44.png 324w, https://agora.xtec.cat/ceipsantjordi-massanet/wp-content/uploads/usu391/2016/05/Captura-de-pantalla-2016-05-04-a-les-23.08.44-222x300.png 222w" sizes="auto, (max-width: 129px) 100vw, 129px" /></a>Ara reprendrem el projecte que vam començar el curs anterior. Us volem recordar que vam treballar la història del nostre poble mitjançant mapes i línies del temps i també vam fer un treball de cada monument del poble. A part d&#8217;això, també vam fer un treball sobre la geografia física i política del poble, tot i treballant els turons, els rius i rieres, les vies de comunicació, els barris i nuclis. Podeu veure el nostre treball si feu clic a l&#8217;escut del nostre poble. Hi trobareu la història de la cabra i del vescomtat de Cabrera&#8230; i la de les pomes i la Maçanetis!!!</p>
<p>JA ÉS AQUÍ EL BECARI&#8230; I HA QUEDAT BEN &#8220;RETRATAT&#8221;</p>
<p>Ha arribat a l&#8217;escola en Juli Newwork, de l&#8217;empresa multinacional del sector de la moda L@tissue (&#8220;la roba tissue&#8221;). La veritat és que per ser un becari està molt i molt verd&#8230; L&#8217;hem d&#8217;ajudar a fer un informe de població del nostre poble i això ens portarà moooolta feina!</p>
<div align="center">
<p style="text-align: left;"><iframe loading="lazy" src="https://www.youtube.com/embed/Kd7ZVJKNnBU?rel=0" width="800" height="450" frameborder="0" allowfullscreen="allowfullscreen"></iframe></p>
<p style="text-align: left;">
<p><iframe loading="lazy" width="800" height="450" src="https://www.youtube.com/embed/BkyETcgrkKI?rel=0" frameborder="0" allowfullscreen></iframe></p>
<p>A la segona sessió vam treballar els veïnats i la densitat de població i a la tercera la piràmide de la població. Ha costat una mica ajuntar totes les dades però al final ens n&#8217;hem sortit. També hem omplert formularis online amb les dades d&#8217;ocupació i ara treballarem aquestes dades.</p>
<p style="text-align: left;">Hem començat a la primera sessió identificant les poblacions del planeta, d&#8217;Europa, d&#8217;Espanya, de Catalunya i de la comarca, però encara ens falta&#8230; LA DE MAÇANET. En Juli ens ha dit, i ho hem comprovat, que a la Wikipèdia les dades s&#8217;acaben el 2006&#8230; (aquesta és la taula&#8230;).</p>
</div>
<div align="center">
<p><a href="http://agora.xtec.cat/ceipsantjordi-massanet/wp-content/uploads/usu391/2016/05/NET-WP.png"><img loading="lazy" decoding="async" class="aligncenter size-full wp-image-2987" src="http://agora.xtec.cat/ceipsantjordi-massanet/wp-content/uploads/usu391/2016/05/NET-WP.png" alt="NET WP" width="750" height="224" srcset="https://agora.xtec.cat/ceipsantjordi-massanet/wp-content/uploads/usu391/2016/05/NET-WP.png 750w, https://agora.xtec.cat/ceipsantjordi-massanet/wp-content/uploads/usu391/2016/05/NET-WP-300x90.png 300w" sizes="auto, (max-width: 750px) 100vw, 750px" /></a></p>
<p style="text-align: left;"> Cliqueu al Prezi per veure la presentació de la primera sessió.</p>
</div>
<div align="center"><iframe loading="lazy" id="iframe_container" src="https://prezi.com/embed/glg2dgbsp2jx/?bgcolor=ffffff&amp;lock_to_path=0&amp;autoplay=0&amp;autohide_ctrls=0&amp;landing_data=bHVZZmNaNDBIWnNjdEVENDRhZDFNZGNIUE1ibjl1TThQR0lqalcxU0Y2YUNNM0NXcWhFa21NYk5nNTBiSU9wZQ&amp;landing_sign=4uRqxDM1HRlHGFg9gidu0hwha2hlQQ_8cocl8k_IK80" width="640" height="480" frameborder="0" allowfullscreen="allowfullscreen"></iframe></div>

<p><a href="http://santjordiprojecte.wikispaces.com" target="_blank"></a>Ara reprendrem el projecte que vam començar el curs anterior. Us volem recordar que vam treballar la història del nostre poble mitjançant mapes i línies del temps i també vam fer un treball de cada monument del poble. A part d&#8217;això, també vam&hellip;  <a href="https://agora.xtec.cat/ceipsantjordi-massanet/projecte-interdisciplinari-2016/superior/" title="Read SUPERIOR">Llegeix més»</a></p>
