{"id":15138,"date":"2021-10-17T13:20:40","date_gmt":"2021-10-17T11:20:40","guid":{"rendered":"https:\/\/agora.xtec.cat\/ceipsantjordi-massanet\/?page_id=15138"},"modified":"2025-03-08T11:26:28","modified_gmt":"2025-03-08T10:26:28","slug":"transparencia","status":"publish","type":"page","link":"https:\/\/agora.xtec.cat\/ceipsantjordi-massanet\/transparencia\/","title":{"rendered":"TRANSPAR\u00c8NCIA"},"content":{"rendered":"<div align=\"center\">\n<div class=\"genially-container\">\n<div style=\"position: relative; padding-bottom: 100.00%; padding-top: 0; height: 0;\"><iframe loading=\"lazy\" style=\"position: absolute; top: 0; left: 0; width: 100%; height: 100%;\" src=\"https:\/\/view.genial.ly\/614c695732e7e90d58407150\" width=\"1200\" height=\"1200\" frameborder=\"0\" scrolling=\"yes\" allowfullscreen=\"allowfullscreen\"><\/iframe><\/div>\n<\/div>\n<\/div>\n<p>&nbsp;<\/p>\n<div style=\"width: 100%;\">\n<div><\/div>\n<p>La Llei 19\/2014, del 29 de desembre, de transpar\u00e8ncia, acc\u00e9s a la informaci\u00f3 p\u00fablica i bon govern (en endavant, LTAIPBG), va entrar en vigor l&#8217;1 de juliol de 2015. Aquesta Llei regula les obligacions de publicitat activa de les administracions p\u00fabliques i detalla la informaci\u00f3 que s&#8217;ha de publicar de forma obligat\u00f2ria al portal de la Transpar\u00e8ncia de la Generalitat de Catalunya. Tamb\u00e9 estableix el dret d&#8217;acc\u00e9s a la informaci\u00f3 p\u00fablica per part de la ciutadania i crea la Comissi\u00f3 de Garantia del Dret d&#8217;Acc\u00e9s a la Informaci\u00f3 P\u00fablica (GAIP), que \u00e9s l&#8217;encarregada de vetllar pel compliment i les garanties del dret d&#8217;acc\u00e9s a la informaci\u00f3 p\u00fablica. En aquest sentit, s&#8217;aprova el Decret 8\/2021, de 9 de febrer, sobre transpar\u00e8ncia i el dret d&#8217;acc\u00e9s a la informaci\u00f3 p\u00fablica, que entra en vigor el 3 de mar\u00e7 de 2021.<\/p>\n<p>La normativa citada en mat\u00e8ria de transpar\u00e8ncia s&#8217;aplica tamb\u00e9 als centres educatius, que han de complir, en conseq\u00fc\u00e8ncia, amb les seves previsions i obligacions referents a la Publicitat activa i al Dret d&#8217;acc\u00e9s a la informaci\u00f3 p\u00fablica.<\/p>\n<p>En aquest \u00e0mbit, el Departament d&#8217;Educaci\u00f3 aprova la seva pol\u00edtica de transpar\u00e8ncia i la Instrucci\u00f3 2\/2019, de 25 de febrer, per a la tramitaci\u00f3 de les sol\u00b7licituds de dret d&#8217;acc\u00e9s a la informaci\u00f3 p\u00fablica i al compliment de les obligacions de publicitat activa, obertura de dades p\u00fabliques, bon govern i participaci\u00f3 ciutadana, que es regulen a la Llei esmentada de transpar\u00e8ncia, acc\u00e9s a la informaci\u00f3 p\u00fablica i bon govern.<\/p>\n<p>Aix\u00ed doncs, en aquest espai trobareu els document oficials que marquen la l\u00ednia d&#8217;escola. Aquests s\u00f3n documents vius que s&#8217;adapten als canvis de la societat.<\/p>\n<\/div>\n","protected":false},"excerpt":{"rendered":"<p>&nbsp;<\/p>\n<p>La Llei 19\/2014, del 29 de desembre, de transpar\u00e8ncia, acc\u00e9s a la informaci\u00f3 p\u00fablica i bon govern (en endavant, LTAIPBG), va entrar en vigor l&#8217;1 de juliol de 2015. Aquesta Llei regula les obligacions de publicitat activa de les administracions p\u00fabliques i detalla la informaci\u00f3&hellip;  <a href=\"https:\/\/agora.xtec.cat\/ceipsantjordi-massanet\/transparencia\/\" title=\"Read TRANSPAR\u00c8NCIA\">Llegeix m\u00e9s\u00bb<\/a><\/p>\n","protected":false},"author":4,"featured_media":0,"parent":0,"menu_order":0,"comment_status":"closed","ping_status":"closed","template":"","meta":{"_bbp_topic_count":0,"_bbp_reply_count":0,"_bbp_total_topic_count":0,"_bbp_total_reply_count":0,"_bbp_voice_count":0,"_bbp_anonymous_reply_count":0,"_bbp_topic_count_hidden":0,"_bbp_reply_count_hidden":0,"_bbp_forum_subforum_count":0,"footnotes":""},"class_list":["post-15138","page","type-page","status-publish","hentry"],"post_mailing_queue_ids":[],"_links":{"self":[{"href":"https:\/\/agora.xtec.cat\/ceipsantjordi-massanet\/wp-json\/wp\/v2\/pages\/15138","targetHints":{"allow":["GET"]}}],"collection":[{"href":"https:\/\/agora.xtec.cat\/ceipsantjordi-massanet\/wp-json\/wp\/v2\/pages"}],"about":[{"href":"https:\/\/agora.xtec.cat\/ceipsantjordi-massanet\/wp-json\/wp\/v2\/types\/page"}],"author":[{"embeddable":true,"href":"https:\/\/agora.xtec.cat\/ceipsantjordi-massanet\/wp-json\/wp\/v2\/users\/4"}],"replies":[{"embeddable":true,"href":"https:\/\/agora.xtec.cat\/ceipsantjordi-massanet\/wp-json\/wp\/v2\/comments?post=15138"}],"version-history":[{"count":5,"href":"https:\/\/agora.xtec.cat\/ceipsantjordi-massanet\/wp-json\/wp\/v2\/pages\/15138\/revisions"}],"predecessor-version":[{"id":20825,"href":"https:\/\/agora.xtec.cat\/ceipsantjordi-massanet\/wp-json\/wp\/v2\/pages\/15138\/revisions\/20825"}],"wp:attachment":[{"href":"https:\/\/agora.xtec.cat\/ceipsantjordi-massanet\/wp-json\/wp\/v2\/media?parent=15138"}],"curies":[{"name":"wp","href":"https:\/\/api.w.org\/{rel}","templated":true}]}}