{"id":11479,"date":"2019-11-14T15:50:58","date_gmt":"2019-11-14T14:50:58","guid":{"rendered":"http:\/\/agora.xtec.cat\/ceipsantjordi-massanet\/?page_id=11479"},"modified":"2019-11-21T15:48:32","modified_gmt":"2019-11-21T14:48:32","slug":"reli-cicle-mitja","status":"publish","type":"page","link":"https:\/\/agora.xtec.cat\/ceipsantjordi-massanet\/reli-cicle-mitja\/","title":{"rendered":"Religi\u00f3 Cicle mitj\u00e0"},"content":{"rendered":"<h3>Tema: Coneixem els llibres de la B\u00edblia<\/h3>\n<p><strong>l&#8217;Antic i el Nou Testament<\/strong><\/p>\n<p><a href=\"http:\/\/recursos.cnice.mec.es\/bibliainfantil\/catalan\/index.html\"><img loading=\"lazy\" decoding=\"async\" class=\"alignnone  wp-image-11509\" src=\"https:\/\/agora.xtec.cat\/ceipsantjordi-massanet\/wp-content\/uploads\/usu391\/2019\/11\/Captura-1.jpg\" alt=\"\" width=\"242\" height=\"158\" srcset=\"https:\/\/agora.xtec.cat\/ceipsantjordi-massanet\/wp-content\/uploads\/usu391\/2019\/11\/Captura-1.jpg 779w, https:\/\/agora.xtec.cat\/ceipsantjordi-massanet\/wp-content\/uploads\/usu391\/2019\/11\/Captura-1-300x196.jpg 300w, https:\/\/agora.xtec.cat\/ceipsantjordi-massanet\/wp-content\/uploads\/usu391\/2019\/11\/Captura-1-768x502.jpg 768w\" sizes=\"auto, (max-width: 242px) 100vw, 242px\" \/><\/a><\/p>\n","protected":false},"excerpt":{"rendered":"<p>Tema: Coneixem els llibres de la B\u00edblia<br \/>\nl&#8217;Antic i el Nou Testament<br \/>\n<a href=\"http:\/\/recursos.cnice.mec.es\/bibliainfantil\/catalan\/index.html\"><\/a><\/p>\n","protected":false},"author":1,"featured_media":0,"parent":0,"menu_order":0,"comment_status":"closed","ping_status":"closed","template":"","meta":{"_bbp_topic_count":0,"_bbp_reply_count":0,"_bbp_total_topic_count":0,"_bbp_total_reply_count":0,"_bbp_voice_count":0,"_bbp_anonymous_reply_count":0,"_bbp_topic_count_hidden":0,"_bbp_reply_count_hidden":0,"_bbp_forum_subforum_count":0,"footnotes":""},"class_list":["post-11479","page","type-page","status-publish","hentry"],"post_mailing_queue_ids":[],"_links":{"self":[{"href":"https:\/\/agora.xtec.cat\/ceipsantjordi-massanet\/wp-json\/wp\/v2\/pages\/11479","targetHints":{"allow":["GET"]}}],"collection":[{"href":"https:\/\/agora.xtec.cat\/ceipsantjordi-massanet\/wp-json\/wp\/v2\/pages"}],"about":[{"href":"https:\/\/agora.xtec.cat\/ceipsantjordi-massanet\/wp-json\/wp\/v2\/types\/page"}],"author":[{"embeddable":true,"href":"https:\/\/agora.xtec.cat\/ceipsantjordi-massanet\/wp-json\/wp\/v2\/users\/1"}],"replies":[{"embeddable":true,"href":"https:\/\/agora.xtec.cat\/ceipsantjordi-massanet\/wp-json\/wp\/v2\/comments?post=11479"}],"version-history":[{"count":3,"href":"https:\/\/agora.xtec.cat\/ceipsantjordi-massanet\/wp-json\/wp\/v2\/pages\/11479\/revisions"}],"predecessor-version":[{"id":11510,"href":"https:\/\/agora.xtec.cat\/ceipsantjordi-massanet\/wp-json\/wp\/v2\/pages\/11479\/revisions\/11510"}],"wp:attachment":[{"href":"https:\/\/agora.xtec.cat\/ceipsantjordi-massanet\/wp-json\/wp\/v2\/media?parent=11479"}],"curies":[{"name":"wp","href":"https:\/\/api.w.org\/{rel}","templated":true}]}}

Religió Cicle mitjà

<h3>Tema: Coneixem els llibres de la Bíblia</h3>
<p><strong>l&#8217;Antic i el Nou Testament</strong></p>
<p><a href="http://recursos.cnice.mec.es/bibliainfantil/catalan/index.html"><img loading="lazy" decoding="async" class="alignnone  wp-image-11509" src="https://agora.xtec.cat/ceipsantjordi-massanet/wp-content/uploads/usu391/2019/11/Captura-1.jpg" alt="" width="242" height="158" srcset="https://agora.xtec.cat/ceipsantjordi-massanet/wp-content/uploads/usu391/2019/11/Captura-1.jpg 779w, https://agora.xtec.cat/ceipsantjordi-massanet/wp-content/uploads/usu391/2019/11/Captura-1-300x196.jpg 300w, https://agora.xtec.cat/ceipsantjordi-massanet/wp-content/uploads/usu391/2019/11/Captura-1-768x502.jpg 768w" sizes="auto, (max-width: 242px) 100vw, 242px" /></a></p>

<p>Tema: Coneixem els llibres de la Bíblia<br />
l&#8217;Antic i el Nou Testament<br />
<a href="http://recursos.cnice.mec.es/bibliainfantil/catalan/index.html"></a></p>
