{"id":73,"date":"2014-09-18T14:01:51","date_gmt":"2014-09-18T13:01:51","guid":{"rendered":"http:\/\/agora.xtec.cat\/ceipsantjoan\/?page_id=73"},"modified":"2026-03-27T12:31:26","modified_gmt":"2026-03-27T11:31:26","slug":"menjador-escolar","status":"publish","type":"page","link":"https:\/\/agora.xtec.cat\/ceipsantjoan\/serveis\/menjador-escolar\/","title":{"rendered":"Menjador escolar"},"content":{"rendered":"<p>L&#8217;escola ofereix servei de menjador per tots els nens i nenes de l&#8217;escola que les seves fam\u00edlies en vulguin fer \u00fas. La prestaci\u00f3 del servei \u00e9s a c\u00e0rrec de la Sra. Lourdes Pey Llorens.<\/p>\n<p>L&#8217;escola disposa de cuina pr\u00f2pia a on di\u00e0riament s&#8217;hi prepara el men\u00fa per tots els usuaris del servei.<\/p>\n<p><strong><a href=\"https:\/\/forms.gle\/7TD1QVHANKoEdpFT6\">Formulari inscripci\u00f3<\/a> curs 2025-2026<\/strong><\/p>\n<p>Davant de qualsevol dubte o aclariment us podeu adre\u00e7ar a la responsable del menjador Lourdes Pey a trav\u00e9s del correu:\u00a0<a href=\"mailto:lourdespeyll@gmail.com\" target=\"_blank\" rel=\"noopener\">lourdespeyll@gmail.com<\/a><\/p>\n<p><strong><span style=\"color: #ff9900;\"><a href=\"https:\/\/drive.google.com\/file\/d\/108YoAK0GEKXEF6u-yrM0cedm7LzzyteJ\/view?usp=drive_link\">Preus del menjador<\/a> <span style=\"color: #000000;\">curs 2025-26<\/span><\/span><\/strong><\/p>\n<h5><strong><span style=\"color: #ff9900;\">MEN\u00da<\/span><\/strong><\/h5>\n<p><a href=\"https:\/\/drive.google.com\/file\/d\/137swMPbq2LbzD_1cZfSZiaVfWoW-wYU6\/view?usp=sharing\"><img loading=\"lazy\" decoding=\"async\" class=\"alignnone\" src=\"https:\/\/agora.xtec.cat\/ceipsantjoan\/wp-content\/uploads\/usu1864\/2014\/09\/cf9fef42561fc075e9057f60ae849a0a-300x202.png\" alt=\"\" width=\"300\" height=\"202\" \/><\/a><\/p>\n<p>&nbsp;<\/p>\n<p>&nbsp;<\/p>\n<p>&nbsp;<\/p>\n<p>&nbsp;<\/p>\n<p>&nbsp;<\/p>\n<p style=\"text-align: left;\"><strong><span style=\"color: #ff9900;\">INFORME DE SEGUIMENT<\/span><\/strong><\/p>\n<p style=\"text-align: left;\"><a href=\"https:\/\/drive.google.com\/file\/d\/1nZi4FN6ZiHW4wfc9aX-2zKQ1gRZFW97a\/view?usp=sharing\" target=\"_blank\" rel=\"noopener\"><img loading=\"lazy\" decoding=\"async\" class=\"alignleft wp-image-5019\" src=\"https:\/\/agora.xtec.cat\/ceipsantjoan\/wp-content\/uploads\/usu1864\/2021\/07\/informe-de-seguiment-menjador.bmp\" alt=\"\" width=\"467\" height=\"191\" srcset=\"https:\/\/agora.xtec.cat\/ceipsantjoan\/wp-content\/uploads\/usu1864\/2021\/07\/informe-de-seguiment-menjador.bmp 1206w, https:\/\/agora.xtec.cat\/ceipsantjoan\/wp-content\/uploads\/usu1864\/2021\/07\/informe-de-seguiment-menjador-300x123.jpg 300w, https:\/\/agora.xtec.cat\/ceipsantjoan\/wp-content\/uploads\/usu1864\/2021\/07\/informe-de-seguiment-menjador-768x314.jpg 768w, https:\/\/agora.xtec.cat\/ceipsantjoan\/wp-content\/uploads\/usu1864\/2021\/07\/informe-de-seguiment-menjador-1024x419.jpg 1024w\" sizes=\"auto, (max-width: 467px) 100vw, 467px\" \/><\/a><\/p>\n","protected":false},"excerpt":{"rendered":"<p>L&#8217;escola ofereix servei de menjador per tots els nens i nenes de l&#8217;escola que les seves fam\u00edlies en vulguin fer \u00fas. La prestaci\u00f3 del servei \u00e9s a c\u00e0rrec de la Sra. Lourdes Pey Llorens.<br \/>\nL&#8217;escola disposa de cuina pr\u00f2pia a on di\u00e0riament s&#8217;hi prepara el men\u00fa&hellip;  <a href=\"https:\/\/agora.xtec.cat\/ceipsantjoan\/serveis\/menjador-escolar\/\" title=\"Read Menjador escolar\">Llegeix m\u00e9s\u00bb<\/a><\/p>\n","protected":false},"author":1,"featured_media":0,"parent":66,"menu_order":20,"comment_status":"closed","ping_status":"closed","template":"page-templates\/side-menu.php","meta":{"_bbp_topic_count":0,"_bbp_reply_count":0,"_bbp_total_topic_count":0,"_bbp_total_reply_count":0,"_bbp_voice_count":0,"_bbp_anonymous_reply_count":0,"_bbp_topic_count_hidden":0,"_bbp_reply_count_hidden":0,"_bbp_forum_subforum_count":0,"footnotes":""},"class_list":["post-73","page","type-page","status-publish","hentry"],"post_mailing_queue_ids":[],"_links":{"self":[{"href":"https:\/\/agora.xtec.cat\/ceipsantjoan\/wp-json\/wp\/v2\/pages\/73","targetHints":{"allow":["GET"]}}],"collection":[{"href":"https:\/\/agora.xtec.cat\/ceipsantjoan\/wp-json\/wp\/v2\/pages"}],"about":[{"href":"https:\/\/agora.xtec.cat\/ceipsantjoan\/wp-json\/wp\/v2\/types\/page"}],"author":[{"embeddable":true,"href":"https:\/\/agora.xtec.cat\/ceipsantjoan\/wp-json\/wp\/v2\/users\/1"}],"replies":[{"embeddable":true,"href":"https:\/\/agora.xtec.cat\/ceipsantjoan\/wp-json\/wp\/v2\/comments?post=73"}],"version-history":[{"count":7,"href":"https:\/\/agora.xtec.cat\/ceipsantjoan\/wp-json\/wp\/v2\/pages\/73\/revisions"}],"predecessor-version":[{"id":9342,"href":"https:\/\/agora.xtec.cat\/ceipsantjoan\/wp-json\/wp\/v2\/pages\/73\/revisions\/9342"}],"up":[{"embeddable":true,"href":"https:\/\/agora.xtec.cat\/ceipsantjoan\/wp-json\/wp\/v2\/pages\/66"}],"wp:attachment":[{"href":"https:\/\/agora.xtec.cat\/ceipsantjoan\/wp-json\/wp\/v2\/media?parent=73"}],"curies":[{"name":"wp","href":"https:\/\/api.w.org\/{rel}","templated":true}]}}