{"id":548,"date":"2018-07-09T22:26:15","date_gmt":"2018-07-09T20:26:15","guid":{"rendered":"http:\/\/agora.xtec.cat\/ceipsantjoan\/?page_id=548"},"modified":"2023-09-12T22:53:14","modified_gmt":"2023-09-12T20:53:14","slug":"camins-escolars","status":"publish","type":"page","link":"https:\/\/agora.xtec.cat\/ceipsantjoan\/serveis\/camins-escolars\/","title":{"rendered":"Camins Escolars"},"content":{"rendered":"<p style=\"text-align: justify;\">L\u2019objectiu principal dels camins escolars \u00e9s proporcionar als alumnes uns itineraris segurs i c\u00f2modes en els trajectes de casa a l\u2019escola. Els camins escolars van n\u00e9ixer a la d\u00e8cada de 1970 a diferents ciutats europees per tal de reduir els accidents en les zones properes a les escoles.<\/p>\n<p style=\"text-align: justify;\">Els camins escolars s\u00f3n una estrat\u00e8gia educativa que facilita que els infants, de manera aut\u00f2noma i segura, facin a peu el cam\u00ed d\u2019anada i tornada de casa a l\u2019escola, per\u00f2 sobretot fomenten els valors del respecte, la responsabilitat i la bona conviv\u00e8ncia entre tota la comunitat educativa i la ciutat.<\/p>\n<p style=\"text-align: justify;\">Quins beneficis aporta a la ciutat la implantaci\u00f3 dels camins escolars?<\/p>\n<ul>\n<li style=\"text-align: justify;\">Sensibilitza la ciutadania a trav\u00e9s del treball amb les escoles i les fam\u00edlies.<\/li>\n<li style=\"text-align: justify;\">Promociona millors h\u00e0bits d\u2019acc\u00e9s a l\u2019escola.<\/li>\n<li style=\"text-align: justify;\">Es potencia el transport p\u00fablic, a peu, en bicicleta per un \u00fas m\u00e9s racional del vehicle privat.<\/li>\n<li style=\"text-align: justify;\">Impulsa accions que augmentin la seguretat en els equipaments propers a les escoles garantint l\u2019accessibilitat per a tothom.<\/li>\n<\/ul>\n<p style=\"text-align: justify;\">El cam\u00ed escolar se centre fonamentalment en la sostenibilitat urbana i la seguretat vi\u00e0ria. No obstant aix\u00f2, hi ha altres elements transcendentals que poden servir de base per un cam\u00ed escolar. En destaquen la potenciaci\u00f3 de l\u2019autonomia personal dels nens i nenes, la recuperaci\u00f3 de l\u2019espai p\u00fablic com a espai de socialitzaci\u00f3 i joc, la promoci\u00f3 d\u2019h\u00e0bits de vida saludables i la corresponsabilitat en la lluita contra el canvi clim\u00e0tic.<\/p>\n<p><strong>L&#8217;ajuntament de Berga ofereix un servei de Camins Escolars.<\/strong><\/p>\n<p><a href=\"https:\/\/drive.google.com\/file\/d\/1NGgkz-yHtH6rBwSMksslYp8OFiG-w0hz\/view?usp=sharing\" target=\"_blank\" rel=\"noopener\">Informaci\u00f3<\/a> per a les fam\u00edlies.<\/p>\n<p><a href=\"https:\/\/drive.google.com\/file\/d\/1P4B2FHPcm8RMbYQeYBAA7egfAai9FMce\/view?usp=sharing\" target=\"_blank\" rel=\"noopener\">Autoritzaci\u00f3<\/a> Camins Escolars curs escolar 2023-2024.<\/p>\n<p>Per m\u00e9s informaci\u00f3 clica\u00a0<a href=\"https:\/\/www.ajberga.cat\/serveis-i-tramits\/cataleg-i-cartes-de-serveis\/camins-escolars\" target=\"_blank\" rel=\"noopener noreferrer\"><img loading=\"lazy\" decoding=\"async\" class=\"alignnone wp-image-500\" src=\"http:\/\/agora.xtec.cat\/ceipsantjoan\/wp-content\/uploads\/usu1864\/2018\/07\/logo-vector-ajuntament-de-berga.jpg\" alt=\"\" width=\"209\" height=\"106\" srcset=\"https:\/\/agora.xtec.cat\/ceipsantjoan\/wp-content\/uploads\/usu1864\/2018\/07\/logo-vector-ajuntament-de-berga.jpg 630w, https:\/\/agora.xtec.cat\/ceipsantjoan\/wp-content\/uploads\/usu1864\/2018\/07\/logo-vector-ajuntament-de-berga-300x152.jpg 300w\" sizes=\"auto, (max-width: 209px) 100vw, 209px\" \/><\/a><\/p>\n","protected":false},"excerpt":{"rendered":"<p>L\u2019objectiu principal dels camins escolars \u00e9s proporcionar als alumnes uns itineraris segurs i c\u00f2modes en els trajectes de casa a l\u2019escola. Els camins escolars van n\u00e9ixer a la d\u00e8cada de 1970 a diferents ciutats europees per tal de reduir els accidents en les zones properes&hellip;  <a href=\"https:\/\/agora.xtec.cat\/ceipsantjoan\/serveis\/camins-escolars\/\" title=\"Read Camins Escolars\">Llegeix m\u00e9s\u00bb<\/a><\/p>\n","protected":false},"author":1,"featured_media":0,"parent":66,"menu_order":30,"comment_status":"closed","ping_status":"closed","template":"page-templates\/side-menu.php","meta":{"_bbp_topic_count":0,"_bbp_reply_count":0,"_bbp_total_topic_count":0,"_bbp_total_reply_count":0,"_bbp_voice_count":0,"_bbp_anonymous_reply_count":0,"_bbp_topic_count_hidden":0,"_bbp_reply_count_hidden":0,"_bbp_forum_subforum_count":0,"footnotes":""},"class_list":["post-548","page","type-page","status-publish","hentry"],"post_mailing_queue_ids":[],"_links":{"self":[{"href":"https:\/\/agora.xtec.cat\/ceipsantjoan\/wp-json\/wp\/v2\/pages\/548","targetHints":{"allow":["GET"]}}],"collection":[{"href":"https:\/\/agora.xtec.cat\/ceipsantjoan\/wp-json\/wp\/v2\/pages"}],"about":[{"href":"https:\/\/agora.xtec.cat\/ceipsantjoan\/wp-json\/wp\/v2\/types\/page"}],"author":[{"embeddable":true,"href":"https:\/\/agora.xtec.cat\/ceipsantjoan\/wp-json\/wp\/v2\/users\/1"}],"replies":[{"embeddable":true,"href":"https:\/\/agora.xtec.cat\/ceipsantjoan\/wp-json\/wp\/v2\/comments?post=548"}],"version-history":[{"count":5,"href":"https:\/\/agora.xtec.cat\/ceipsantjoan\/wp-json\/wp\/v2\/pages\/548\/revisions"}],"predecessor-version":[{"id":7090,"href":"https:\/\/agora.xtec.cat\/ceipsantjoan\/wp-json\/wp\/v2\/pages\/548\/revisions\/7090"}],"up":[{"embeddable":true,"href":"https:\/\/agora.xtec.cat\/ceipsantjoan\/wp-json\/wp\/v2\/pages\/66"}],"wp:attachment":[{"href":"https:\/\/agora.xtec.cat\/ceipsantjoan\/wp-json\/wp\/v2\/media?parent=548"}],"curies":[{"name":"wp","href":"https:\/\/api.w.org\/{rel}","templated":true}]}}