{"id":2928,"date":"2019-09-21T17:03:48","date_gmt":"2019-09-21T15:03:48","guid":{"rendered":"http:\/\/agora.xtec.cat\/ceipsantjoan\/?page_id=2928"},"modified":"2022-02-28T15:10:44","modified_gmt":"2022-02-28T14:10:44","slug":"innovamat","status":"publish","type":"page","link":"https:\/\/agora.xtec.cat\/ceipsantjoan\/activitats-educatives\/innovamat\/","title":{"rendered":"Innovamat"},"content":{"rendered":"<p style=\"text-align: justify;\">El curs 2019-2020 vam engegar el projecte d&#8217;Innovamat a les aules del cicle inicial i cicle mitj\u00e0, el curs 2020-2021 el vam ampliar a 5\u00e8. Aquest curs 2021-2022 l&#8217;he implementat tamb\u00e9 al curs de 6\u00e8.<\/p>\n<p style=\"text-align: justify;\">Aquesta proposta transforma l\u2019aula de prim\u00e0ria i les relacions que es donen en ella per emocionar, estimular i motivar l\u2019alumnat en l\u2019aprenentatge matem\u00e0tic.<br \/>\nEls materials posen l\u2019alumne en el centre del seu propi proc\u00e9s d\u2019ensenyament-aprenentatge i permet desenvolupar l\u2019autonomia i el pensament cr\u00edtic: un proc\u00e9s emocional i emocionant pensat per a comprometre l\u2019alumne a trav\u00e9s d\u2019est\u00edmuls positius.<br \/>\nInnovaMat proposa unes matem\u00e0tiques contextualitzades, un curr\u00edculum flexible, activitats variades que parteixen de material manipulable molt divers (targetes num\u00e8riques, targetes il\u00b7lustrades, collarets de comptatge, tangrams, monedes i bitllets, pissarres m\u00e0giques\u2026) i applets, t\u00e8cniques i estrat\u00e8gies que faciliten l\u2019avaluaci\u00f3 i la gesti\u00f3 de l\u2019aula del segle XXI, la personalitzaci\u00f3 de l\u2019aprenentatge, l\u2019aprenentatge cooperatiu i la gamificaci\u00f3.<br \/>\nEl material did\u00e0ctic Innovamat ha estat elaborat per un nombr\u00f3s grup d\u2019expertes\/s en diferents disciplines com la matem\u00e0tica, la pedagogia, l\u2019enginyeria i el disseny: Cecilia Calvo, David Barba, Laura Morera, Marc Guinjoan i Abraham de la Fuente.<br \/>\nEl contingut educatiu s\u2019organitza en tres grans blocs on es treballen\u00a0diferents conceptes matem\u00e0tics i dimensions emprant metodologies pedag\u00f2giques diverses.<\/p>\n<p style=\"text-align: justify;\"><span style=\"color: #ffcc00;\"><strong>Laboratori de nombres<\/strong>:<\/span> cobreix numeraci\u00f3 i c\u00e0lcul, el bloc amb m\u00e9s pes durant l\u2019etapa d\u2019educaci\u00f3 prim\u00e0ria, especialment a cicle inicial, i que estableix els fonaments de l\u2019aprenentatge matem\u00e0tic.<br \/>\nEls conceptes s\u2019hi presenten de manera c\u00edclica, tant al llarg de tot el curs com dins de cada trimestre, amb un increment progressiu de la dificultat.<br \/>\nL\u2019aula canvia radicalment de forma: el\/la mestre\/a passa a ser un\/a guia de l\u2019aprenentatge en lloc de transmetre tots els coneixements.<br \/>\n\u00c9s l\u2019alumnat qui, mitjan\u00e7ant les activitats de conversa matem\u00e0tica i\u00a0l\u2019\u00fas de materials manipulatius o miniaplicacions digitals, apr\u00e8n els conceptes per ell\/a mateix\/a.<\/p>\n<p style=\"text-align: justify;\"><span style=\"color: #ffcc00;\"><strong>Aventures i reptes matem\u00e0tics<\/strong>:<\/span> cobreix la resta de blocs (relacions i canvi, espai i forma, mesura i estad\u00edstica i atzar) sense perdre de vista numeraci\u00f3 i c\u00e0lcul.<br \/>\nEls conceptes s\u2019hi presenten en forma de reptes guiats i contextualitzats dins d\u2019hist\u00f2ries de fantasia. L\u2019alumnat \u00e9s protagonista de dues hist\u00f2ries diferents plenes de reptes presentades amb v\u00eddeos d\u2019una s\u00e8rie d\u2019animaci\u00f3. Es presenta un problema per sessi\u00f3 i, amb l\u2019ajuda d\u2019activitats introduct\u00f2ries guiades pel mestre\/a, es treballa amb profunditat la seva resoluci\u00f3.<\/p>\n<p style=\"text-align: justify;\"><span style=\"color: #ffcc00;\"><strong>Plataforma digital educativa &#8216;bmath&#8217;<\/strong>:<\/span> permet la pr\u00e0ctica individual i la consolidaci\u00f3 de l&#8217;aprenentatge de tots els blocs de contingut de manera individual. Les activitats ofereixen ajudes i explicacions adaptades al nivell de cada infant. Una plataforma autoadaptativa i gamificada que motiva la pr\u00e0ctica per part de l&#8217;alumnat i que aporta al professorat informaci\u00f3 individualitzada en temps real, \u00fatil per guiar, diagnosticar i avaluar.<\/p>\n<p><iframe loading=\"lazy\" title=\"Innovamat: qu\u00e8 \u00e9s fer matem\u00e0tiques?\" width=\"500\" height=\"281\" src=\"https:\/\/www.youtube.com\/embed\/pERXXiZjS14?feature=oembed\" frameborder=\"0\" allow=\"accelerometer; autoplay; clipboard-write; encrypted-media; gyroscope; picture-in-picture; web-share\" referrerpolicy=\"strict-origin-when-cross-origin\" allowfullscreen><\/iframe><\/p>\n<p><a href=\"http:\/\/www.innovamat.es\" target=\"_blank\" rel=\"noopener noreferrer\">www.innovamat.es<\/a><\/p>\n<p><a href=\"https:\/\/agora.xtec.cat\/ceipsantjoan\/wp-content\/uploads\/usu1864\/2019\/09\/images.png\"><img loading=\"lazy\" decoding=\"async\" class=\"alignnone wp-image-2929\" src=\"https:\/\/agora.xtec.cat\/ceipsantjoan\/wp-content\/uploads\/usu1864\/2019\/09\/images.png\" alt=\"\" width=\"266\" height=\"122\" srcset=\"https:\/\/agora.xtec.cat\/ceipsantjoan\/wp-content\/uploads\/usu1864\/2019\/09\/images.png 331w, https:\/\/agora.xtec.cat\/ceipsantjoan\/wp-content\/uploads\/usu1864\/2019\/09\/images-300x138.png 300w\" sizes=\"auto, (max-width: 266px) 100vw, 266px\" \/><\/a><\/p>\n","protected":false},"excerpt":{"rendered":"<p>El curs 2019-2020 vam engegar el projecte d&#8217;Innovamat a les aules del cicle inicial i cicle mitj\u00e0, el curs 2020-2021 el vam ampliar a 5\u00e8. Aquest curs 2021-2022 l&#8217;he implementat tamb\u00e9 al curs de 6\u00e8.<br \/>\nAquesta proposta transforma l\u2019aula de prim\u00e0ria i les relacions que es&hellip;  <a href=\"https:\/\/agora.xtec.cat\/ceipsantjoan\/activitats-educatives\/innovamat\/\" title=\"Read Innovamat\">Llegeix m\u00e9s\u00bb<\/a><\/p>\n","protected":false},"author":1,"featured_media":0,"parent":484,"menu_order":5,"comment_status":"closed","ping_status":"closed","template":"page-templates\/side-menu.php","meta":{"_bbp_topic_count":0,"_bbp_reply_count":0,"_bbp_total_topic_count":0,"_bbp_total_reply_count":0,"_bbp_voice_count":0,"_bbp_anonymous_reply_count":0,"_bbp_topic_count_hidden":0,"_bbp_reply_count_hidden":0,"_bbp_forum_subforum_count":0,"footnotes":""},"class_list":["post-2928","page","type-page","status-publish","hentry"],"post_mailing_queue_ids":[],"_links":{"self":[{"href":"https:\/\/agora.xtec.cat\/ceipsantjoan\/wp-json\/wp\/v2\/pages\/2928","targetHints":{"allow":["GET"]}}],"collection":[{"href":"https:\/\/agora.xtec.cat\/ceipsantjoan\/wp-json\/wp\/v2\/pages"}],"about":[{"href":"https:\/\/agora.xtec.cat\/ceipsantjoan\/wp-json\/wp\/v2\/types\/page"}],"author":[{"embeddable":true,"href":"https:\/\/agora.xtec.cat\/ceipsantjoan\/wp-json\/wp\/v2\/users\/1"}],"replies":[{"embeddable":true,"href":"https:\/\/agora.xtec.cat\/ceipsantjoan\/wp-json\/wp\/v2\/comments?post=2928"}],"version-history":[{"count":3,"href":"https:\/\/agora.xtec.cat\/ceipsantjoan\/wp-json\/wp\/v2\/pages\/2928\/revisions"}],"predecessor-version":[{"id":5376,"href":"https:\/\/agora.xtec.cat\/ceipsantjoan\/wp-json\/wp\/v2\/pages\/2928\/revisions\/5376"}],"up":[{"embeddable":true,"href":"https:\/\/agora.xtec.cat\/ceipsantjoan\/wp-json\/wp\/v2\/pages\/484"}],"wp:attachment":[{"href":"https:\/\/agora.xtec.cat\/ceipsantjoan\/wp-json\/wp\/v2\/media?parent=2928"}],"curies":[{"name":"wp","href":"https:\/\/api.w.org\/{rel}","templated":true}]}}