{"id":28,"date":"2014-09-18T12:29:35","date_gmt":"2014-09-18T11:29:35","guid":{"rendered":"http:\/\/agora.xtec.cat\/ceipsantjoan\/?page_id=28"},"modified":"2024-04-10T16:37:42","modified_gmt":"2024-04-10T14:37:42","slug":"consell-escolar","status":"publish","type":"page","link":"https:\/\/agora.xtec.cat\/ceipsantjoan\/lescola\/consell-escolar\/","title":{"rendered":"Consell escolar"},"content":{"rendered":"<div class=\"FW_sArticleFoto\">\n<div class=\"FW_sEditPro\">\n<p style=\"text-align: justify;\">El consell escolar \u00e9s l&#8217;\u00f2rgan de participaci\u00f3 dels diferents sectors de la comunitat educativa en el govern dels centres.\u00a0El formen els representants de tota la comunitat educativa, \u00e9s a dir, direcci\u00f3, professors, fam\u00edlies, personal d&#8217;administraci\u00f3 i serveis, representant de l&#8217;administraci\u00f3 local i altres persones que el mateix consell consideri necess\u00e0ries.<\/p>\n<div class=\"FW_sArticleFoto\">\n<div class=\"FW_sEditPro\">\n<p style=\"text-align: justify;\">La funci\u00f3 principal del consell escolar \u00e9s participar en la presa de decisions en relaci\u00f3 amb aquells temes importants per al funcionament i l&#8217;organitzaci\u00f3 del centre: el projecte educatiu, la programaci\u00f3 general, la gesti\u00f3 econ\u00f2mica, la resoluci\u00f3 dels conflictes, les activitats extraescolars, l&#8217;horari lectiu, etc.<\/p>\n<\/div>\n<\/div>\n<\/div>\n<\/div>\n<h5><strong><span style=\"color: #ffcc00;\">Composici\u00f3 del Consell Escolar<\/span><\/strong><\/h5>\n<table style=\"width: 71.2585%; height: 633px;\">\n<tbody>\n<tr style=\"height: 34px;\">\n<td style=\"width: 642px; height: 34px;\"><strong>Representants de l&#8217;equip directiu<\/strong><\/td>\n<\/tr>\n<tr style=\"height: 137px;\">\n<td style=\"width: 642px; height: 137px;\">Mois\u00e8s Soriano P\u00e9rez<\/p>\n<p>Joana Pons Soto<\/p>\n<p>Judit Perales L\u00f3pez<\/td>\n<\/tr>\n<tr style=\"height: 34px;\">\n<td style=\"width: 642px; height: 34px;\"><strong>Representants de mestres<\/strong><\/td>\n<\/tr>\n<tr style=\"height: 257px;\">\n<td style=\"width: 642px; height: 10px;\">Gemma Ballonga Ribera<\/p>\n<p>Neus Mas Canal<\/p>\n<p>Edi Gonz\u00e1lez Liebana<\/p>\n<p>Jordi Plans Prat<\/p>\n<p>Raquel Prat Barniol<\/td>\n<\/tr>\n<tr style=\"height: 34px;\">\n<td style=\"width: 642px; height: 34px;\"><strong>Representants\u00a0de fam\u00edlies<\/strong><\/td>\n<\/tr>\n<tr style=\"height: 177px;\">\n<td style=\"width: 642px; height: 177px;\"><span style=\"font-weight: 400;\">Queralt Parcerisa Soler<\/span><\/p>\n<p><span style=\"font-weight: 400;\">Agn\u00e8s Sala Fornell<\/span><\/p>\n<p><span style=\"font-weight: 400;\">Iris Rey Mar\u00edn<\/span><\/p>\n<p><span style=\"font-weight: 400;\">Sandra Rafael Valladares<\/span><\/p>\n<p><span style=\"font-weight: 400;\">Adama Njie<\/span><\/p>\n<p>Eva Manubens Oll\u00e9<\/td>\n<\/tr>\n<tr style=\"height: 34px;\">\n<td style=\"width: 642px; height: 34px;\"><strong>Representant de l&#8217;AFA<\/strong><\/td>\n<\/tr>\n<tr style=\"height: 39px;\">\n<td style=\"width: 642px; height: 39px;\">Robert Perarnau Prat<\/td>\n<\/tr>\n<tr style=\"height: 34px;\">\n<td style=\"width: 642px; height: 34px;\"><strong>Representant de personal d&#8217;Administraci\u00f3 i Serveis<\/strong><\/td>\n<\/tr>\n<tr style=\"height: 33px;\">\n<td style=\"width: 642px; height: 33px;\">Concep Calder\u00e9 Comaposada<\/td>\n<\/tr>\n<tr style=\"height: 34px;\">\n<td style=\"width: 642px; height: 34px;\"><strong>Representant de l&#8217;Ajuntament<\/strong><\/td>\n<\/tr>\n<tr style=\"height: 33px;\">\n<td style=\"width: 642px; height: 33px;\">Rosa Rodr\u00edguez Mal\u00e9<\/td>\n<\/tr>\n<\/tbody>\n<\/table>\n","protected":false},"excerpt":{"rendered":"<p>El consell escolar \u00e9s l&#8217;\u00f2rgan de participaci\u00f3 dels diferents sectors de la comunitat educativa en el govern dels centres.\u00a0El formen els representants de tota la comunitat educativa, \u00e9s a dir, direcci\u00f3, professors, fam\u00edlies, personal d&#8217;administraci\u00f3 i serveis, representant de l&#8217;administraci\u00f3 local i altres persones que&hellip;  <a href=\"https:\/\/agora.xtec.cat\/ceipsantjoan\/lescola\/consell-escolar\/\" title=\"Read Consell escolar\">Llegeix m\u00e9s\u00bb<\/a><\/p>\n","protected":false},"author":1,"featured_media":0,"parent":22,"menu_order":60,"comment_status":"closed","ping_status":"closed","template":"page-templates\/side-menu.php","meta":{"_bbp_topic_count":0,"_bbp_reply_count":0,"_bbp_total_topic_count":0,"_bbp_total_reply_count":0,"_bbp_voice_count":0,"_bbp_anonymous_reply_count":0,"_bbp_topic_count_hidden":0,"_bbp_reply_count_hidden":0,"_bbp_forum_subforum_count":0,"footnotes":""},"class_list":["post-28","page","type-page","status-publish","hentry"],"post_mailing_queue_ids":[],"_links":{"self":[{"href":"https:\/\/agora.xtec.cat\/ceipsantjoan\/wp-json\/wp\/v2\/pages\/28","targetHints":{"allow":["GET"]}}],"collection":[{"href":"https:\/\/agora.xtec.cat\/ceipsantjoan\/wp-json\/wp\/v2\/pages"}],"about":[{"href":"https:\/\/agora.xtec.cat\/ceipsantjoan\/wp-json\/wp\/v2\/types\/page"}],"author":[{"embeddable":true,"href":"https:\/\/agora.xtec.cat\/ceipsantjoan\/wp-json\/wp\/v2\/users\/1"}],"replies":[{"embeddable":true,"href":"https:\/\/agora.xtec.cat\/ceipsantjoan\/wp-json\/wp\/v2\/comments?post=28"}],"version-history":[{"count":6,"href":"https:\/\/agora.xtec.cat\/ceipsantjoan\/wp-json\/wp\/v2\/pages\/28\/revisions"}],"predecessor-version":[{"id":7659,"href":"https:\/\/agora.xtec.cat\/ceipsantjoan\/wp-json\/wp\/v2\/pages\/28\/revisions\/7659"}],"up":[{"embeddable":true,"href":"https:\/\/agora.xtec.cat\/ceipsantjoan\/wp-json\/wp\/v2\/pages\/22"}],"wp:attachment":[{"href":"https:\/\/agora.xtec.cat\/ceipsantjoan\/wp-json\/wp\/v2\/media?parent=28"}],"curies":[{"name":"wp","href":"https:\/\/api.w.org\/{rel}","templated":true}]}}