{"id":28,"date":"2014-09-18T12:29:35","date_gmt":"2014-09-18T11:29:35","guid":{"rendered":"http:\/\/agora.xtec.cat\/ceipsantjaume\/?page_id=28"},"modified":"2026-02-03T16:17:14","modified_gmt":"2026-02-03T15:17:14","slug":"consell-escolar","status":"publish","type":"page","link":"https:\/\/agora.xtec.cat\/ceipsantjaume\/lescola\/consell-escolar\/","title":{"rendered":"Consell escolar"},"content":{"rendered":"<table style=\"width: 90.5132%; height: 804px;\">\n<tbody>\n<tr style=\"height: 33px;\">\n<td style=\"height: 33px; width: 30.299%;\" colspan=\"2\"><b>Presidenta:<\/b><\/td>\n<td style=\"height: 33px; width: 70.2292%;\" colspan=\"3\"><span style=\"font-weight: 400;\">M. Carme Sancho Fibla<\/span><\/td>\n<td style=\"width: 10.6005%; height: 33px;\"><\/td>\n<\/tr>\n<tr style=\"height: 33px;\">\n<td style=\"height: 33px; width: 30.299%;\" colspan=\"2\"><b>Secret\u00e0ria:<\/b><\/td>\n<td style=\"height: 33px; width: 70.2292%;\" colspan=\"3\"><span style=\"font-weight: 400;\">M. Rosa Subirats Bertomeu<\/span><\/td>\n<td style=\"width: 10.6005%; height: 33px;\"><\/td>\n<\/tr>\n<tr style=\"height: 33px;\">\n<td style=\"height: 33px; width: 30.299%;\" colspan=\"2\"><b>Cap d\u2019estudis:<\/b><\/td>\n<td style=\"height: 33px; width: 70.2292%;\" colspan=\"3\"><span style=\"font-weight: 400;\">Clara Esteve Ser\u00f3<\/span><\/td>\n<td style=\"width: 10.6005%; height: 33px;\"><\/td>\n<\/tr>\n<tr style=\"height: 33px;\">\n<td style=\"height: 33px; width: 30.299%;\" colspan=\"2\"><b>Rep. de l\u2019Ajuntament:<\/b><\/td>\n<td style=\"height: 33px; width: 70.2292%;\" colspan=\"3\"><span style=\"font-weight: 400;\">Josep Subirats Navarro<\/span><\/td>\n<td style=\"width: 10.6005%; height: 33px;\"><\/td>\n<\/tr>\n<tr style=\"height: 33px;\">\n<td style=\"height: 33px; width: 30.299%;\" colspan=\"2\"><b>Sector mestres:<\/b><\/td>\n<td style=\"height: 33px; width: 70.2292%;\" colspan=\"3\">Alexa Sabat\u00e9 Ferr\u00e9<\/td>\n<td style=\"width: 10.6005%; height: 33px;\"><\/td>\n<\/tr>\n<tr style=\"height: 33px;\">\n<td style=\"height: 33px; width: 30.299%;\" colspan=\"2\"><\/td>\n<td style=\"height: 33px; width: 70.2292%;\" colspan=\"3\">Beatriu Saura Bertomeu<\/td>\n<td style=\"width: 10.6005%; height: 33px;\"><\/td>\n<\/tr>\n<tr style=\"height: 33px;\">\n<td style=\"height: 33px; width: 30.299%;\" colspan=\"2\"><\/td>\n<td style=\"height: 33px; width: 70.2292%;\" colspan=\"3\">Noelia Pag\u00e0 Franch<\/td>\n<td style=\"width: 10.6005%; height: 33px;\"><\/td>\n<\/tr>\n<tr style=\"height: 33px;\">\n<td style=\"height: 33px; width: 30.299%;\" colspan=\"2\"><\/td>\n<td style=\"height: 33px; width: 70.2292%;\" colspan=\"3\"><span style=\"font-weight: 400;\">Carlos Serra Ventura <\/span><\/td>\n<td style=\"width: 10.6005%; height: 33px;\"><\/td>\n<\/tr>\n<tr style=\"height: 33px;\">\n<td style=\"height: 33px; width: 30.299%;\" colspan=\"2\"><\/td>\n<td style=\"height: 33px; width: 70.2292%;\" colspan=\"3\"><span style=\"font-weight: 400;\">T\u00e0nia Geira Aza<\/span><\/td>\n<td style=\"width: 10.6005%; height: 33px;\"><\/td>\n<\/tr>\n<tr style=\"height: 36px;\">\n<td style=\"height: 36px; width: 30.299%;\" colspan=\"2\"><b>Sector fam\u00edlies:<\/b><\/td>\n<td style=\"height: 36px; width: 70.2292%;\" colspan=\"3\"><span style=\"font-weight: 400;\">\u00c0frica Bertomeu Balagu\u00e9<br \/>\n<\/span><\/td>\n<td style=\"width: 10.6005%; height: 36px;\"><\/td>\n<\/tr>\n<tr style=\"height: 33px;\">\n<td style=\"height: 33px; width: 30.299%;\" colspan=\"2\"><\/td>\n<td style=\"height: 33px; width: 70.2292%;\" colspan=\"3\"><span style=\"font-weight: 400;\">Mari Carmen Albacar Masi\u00e0<\/span><\/td>\n<td style=\"width: 10.6005%; height: 33px;\"><\/td>\n<\/tr>\n<tr style=\"height: 33px;\">\n<td style=\"height: 33px; width: 30.299%;\" colspan=\"2\"><\/td>\n<td style=\"height: 33px; width: 70.2292%;\" colspan=\"3\">M. Teresa Callarisa Diaz<\/td>\n<td style=\"width: 10.6005%; height: 33px;\"><\/td>\n<\/tr>\n<tr style=\"height: 33px;\">\n<td style=\"width: 30.299%; height: 33px;\" colspan=\"2\"><\/td>\n<td style=\"width: 70.2292%; height: 33px;\" colspan=\"3\"><span style=\"font-weight: 400;\">Carme Callau Rando<\/span><\/td>\n<td style=\"width: 10.6005%; height: 33px;\"><\/td>\n<\/tr>\n<tr style=\"height: 33px;\">\n<td style=\"height: 33px; width: 30.299%;\" colspan=\"2\"><b>Rep. AMPA:<\/b><\/td>\n<td style=\"height: 33px; width: 70.2292%;\" colspan=\"3\">Caterina Navarro Vidal<\/td>\n<td style=\"width: 10.6005%; height: 33px;\"><\/td>\n<\/tr>\n<tr style=\"height: 33px;\">\n<td style=\"height: 33px; width: 30.299%;\" colspan=\"2\"><b>Sector PAS:<\/b><\/td>\n<td style=\"height: 33px; width: 70.2292%;\" colspan=\"3\"><span style=\"font-weight: 400;\">N\u00faria Gallart Ortega<\/span><\/td>\n<td style=\"width: 10.6005%; height: 33px;\"><\/td>\n<\/tr>\n<tr style=\"height: 33px;\">\n<td style=\"height: 33px; width: 100.528%;\" colspan=\"5\"><b>COMISSIONS:<\/b><\/td>\n<td style=\"width: 10.6005%; height: 33px;\"><\/td>\n<\/tr>\n<tr style=\"height: 49px;\">\n<td style=\"height: 49px; width: 30%;\"><b>COMISSI\u00d3 ECON\u00d2MICA:<\/b><\/td>\n<td style=\"height: 49px; width: 23.6711%;\" colspan=\"2\"><b>COMISSI\u00d3 PERMANENT:<\/b><\/td>\n<td style=\"height: 49px; width: 24.4399%;\"><b>COMISSI\u00d3 CONVIV\u00c8NCIA<\/b><\/td>\n<td style=\"height: 49px; width: 22.4172%;\"><b>COMISSI\u00d3 PREVENCI\u00d3<\/b><\/td>\n<td style=\"width: 10.6005%; height: 49px;\"><\/td>\n<\/tr>\n<tr style=\"height: 33px;\">\n<td style=\"height: 33px; width: 30%;\"><span style=\"font-weight: 400;\">Josep Subirats Navarro<\/span><\/td>\n<td style=\"height: 33px; width: 23.6711%;\" colspan=\"2\"><span style=\"font-weight: 400;\">Josep Subirats Navarro<\/span><\/td>\n<td style=\"height: 33px; width: 24.4399%;\"><span style=\"font-weight: 400;\">M. Carme Sancho<\/span><\/td>\n<td style=\"height: 33px; width: 22.4172%;\"><span style=\"font-weight: 400;\">M. Carme Sancho<\/span><\/td>\n<td style=\"width: 10.6005%; height: 33px;\"><\/td>\n<\/tr>\n<tr style=\"height: 33px;\">\n<td style=\"height: 33px; width: 30%;\"><span style=\"font-weight: 400;\">M. Carme Sancho<\/span><\/td>\n<td style=\"height: 33px; width: 23.6711%;\" colspan=\"2\"><span style=\"font-weight: 400;\">M. Carme Sancho<\/span><\/td>\n<td style=\"height: 33px; width: 24.4399%;\">Clara Esteve<\/td>\n<td style=\"height: 33px; width: 22.4172%;\">Clara Esteve<\/td>\n<td style=\"width: 10.6005%; height: 33px;\"><\/td>\n<\/tr>\n<tr style=\"height: 33px;\">\n<td style=\"height: 33px; width: 30%;\"><span style=\"font-weight: 400;\">M. Rosa Subirats<\/span><\/td>\n<td style=\"height: 33px; width: 23.6711%;\" colspan=\"2\"><span style=\"font-weight: 400;\">Clara Esteve<\/span><\/td>\n<td style=\"height: 33px; width: 24.4399%;\"><span style=\"font-weight: 400;\">M. Rosa Subirats<\/span><\/td>\n<td style=\"height: 33px; width: 33.0177%;\" colspan=\"2\">Noelia Pag\u00e0 Franch<\/td>\n<\/tr>\n<tr style=\"height: 33px;\">\n<td style=\"height: 33px; width: 30%;\">Beatriu Saura<\/td>\n<td style=\"height: 33px; width: 23.6711%;\" colspan=\"2\">No\u00e8lia Paga<\/td>\n<td style=\"height: 33px; width: 24.4399%;\">Alexa Sabat\u00e9 Ferr\u00e9<\/td>\n<td style=\"height: 125px; width: 22.4172%;\" rowspan=\"4\"><\/td>\n<td style=\"width: 10.6005%; height: 33px;\"><\/td>\n<\/tr>\n<tr style=\"height: 33px;\">\n<td style=\"height: 33px; width: 30%;\">M. Carmen Albacar<\/td>\n<td style=\"height: 33px; width: 23.6711%;\" colspan=\"2\">M. Teresa Callarisa Diaz<\/td>\n<td style=\"height: 33px; width: 24.4399%;\">Caterina Navarro<\/td>\n<td style=\"width: 10.6005%; height: 33px;\"><\/td>\n<\/tr>\n<tr style=\"height: 26px;\">\n<td style=\"height: 26px; width: 30%;\">Carme Callau<\/td>\n<td style=\"height: 26px; width: 23.6711%;\" colspan=\"2\"><\/td>\n<td style=\"height: 26px; width: 24.4399%;\">\u00c0frica Bertomeu<\/td>\n<td style=\"width: 10.6005%; height: 26px;\"><\/td>\n<\/tr>\n<tr style=\"height: 33px;\">\n<td style=\"width: 30%; height: 33px;\"><\/td>\n<td style=\"height: 33px; width: 23.6711%;\" colspan=\"2\"><\/td>\n<td style=\"height: 33px; width: 24.4399%;\"><\/td>\n<td style=\"width: 10.6005%; height: 33px;\"><\/td>\n<\/tr>\n<\/tbody>\n<\/table>\n<p>&nbsp;<\/p>\n<table style=\"height: 479px; width: 24.5536%;\">\n<tbody>\n<tr style=\"height: 31px;\">\n<td style=\"height: 31px; width: 100%;\"><strong>Acords Consell Escolar\u00a0<\/strong><\/td>\n<\/tr>\n<tr style=\"height: 31px;\">\n<td style=\"height: 31px; width: 100%;\"><a href=\"https:\/\/agora.xtec.cat\/ceipsantjaume\/wp-content\/uploads\/usu1815\/2020\/06\/29-1-2020.pdf\">29-1-2020<\/a><\/td>\n<\/tr>\n<tr style=\"height: 31px;\">\n<td style=\"height: 31px; width: 100%;\"><a href=\"https:\/\/agora.xtec.cat\/ceipsantjaume\/wp-content\/uploads\/usu1815\/2020\/06\/29-5-2020.pdf\">29-5-2020<\/a><\/td>\n<\/tr>\n<tr style=\"height: 32px;\">\n<td style=\"width: 100%; height: 32px;\"><a href=\"https:\/\/agora.xtec.cat\/ceipsantjaume\/wp-content\/uploads\/usu1815\/2020\/07\/Scan-23-jul.-2020.pdf\">22-7-2020<\/a><\/td>\n<\/tr>\n<tr style=\"height: 32px;\">\n<td style=\"width: 100%; height: 32px;\"><a href=\"https:\/\/agora.xtec.cat\/ceipsantjaume\/wp-content\/uploads\/usu1815\/2020\/11\/CERTIFICAT-CONSELL-10-NOVEMBRE.pdf\" target=\"_blank\" rel=\"noopener noreferrer\">10-11-2020<\/a><\/td>\n<\/tr>\n<tr style=\"height: 33px;\">\n<td style=\"width: 100%; height: 33px;\"><a href=\"https:\/\/agora.xtec.cat\/ceipsantjaume\/wp-content\/uploads\/usu1815\/2021\/02\/28-1-2021.pdf\" target=\"_blank\" rel=\"noopener\">28-1-2021<\/a><\/td>\n<\/tr>\n<tr style=\"height: 33px;\">\n<td style=\"width: 100%; height: 33px;\"><a href=\"https:\/\/agora.xtec.cat\/ceipsantjaume\/wp-content\/uploads\/usu1815\/2021\/09\/Certificat-consell-22-de-marc-SIGNAT-1-1-1.pdf\" target=\"_blank\" rel=\"noopener\">22-3-2021<\/a><\/td>\n<\/tr>\n<tr style=\"height: 33px;\">\n<td style=\"width: 100%; height: 33px;\"><a href=\"https:\/\/agora.xtec.cat\/ceipsantjaume\/wp-content\/uploads\/usu1815\/2021\/09\/Certificat-consell-10-de-maig-de-2021-SIGNAT.pdf\" target=\"_blank\" rel=\"noopener\">10-5-2021<\/a><\/td>\n<\/tr>\n<tr style=\"height: 33px;\">\n<td style=\"width: 100%; height: 33px;\"><a href=\"https:\/\/agora.xtec.cat\/ceipsantjaume\/wp-content\/uploads\/usu1815\/2021\/09\/Certificat-consell-28-de-juny-de-2021SIGNAT-1.pdf\" target=\"_blank\" rel=\"noopener\">28-6-2021<\/a><\/td>\n<\/tr>\n<tr style=\"height: 33px;\">\n<td style=\"width: 100%; height: 33px;\"><a href=\"https:\/\/agora.xtec.cat\/ceipsantjaume\/wp-content\/uploads\/usu1815\/2022\/02\/Certificat-consell-22-octubre-2021-signat-4.pdf\" target=\"_blank\" rel=\"noopener\">22-10-2021<\/a><\/td>\n<\/tr>\n<tr style=\"height: 33px;\">\n<td style=\"width: 100%; height: 33px;\"><a href=\"https:\/\/agora.xtec.cat\/ceipsantjaume\/wp-content\/uploads\/usu1815\/2022\/02\/Certificat-consell-28-gener-2022-signat-4.pdf\" target=\"_blank\" rel=\"noopener\">28-01-2022<\/a><\/td>\n<\/tr>\n<tr style=\"height: 33px;\">\n<td style=\"width: 100%; height: 33px;\"><a href=\"https:\/\/agora.xtec.cat\/ceipsantjaume\/wp-content\/uploads\/usu1815\/2022\/07\/Certificat-consell-21-de-juny-2022-FIRMAT-ROSA-4-1.pdf\">21-07-2022<\/a><\/td>\n<\/tr>\n<tr style=\"height: 33px;\">\n<td style=\"width: 100%; height: 33px;\"><a href=\"https:\/\/agora.xtec.cat\/ceipsantjaume\/wp-content\/uploads\/usu1815\/2022\/11\/Certificat-consell-10-novembre-2022-4-1.pdf\">10-11-2022<\/a><\/td>\n<\/tr>\n<tr style=\"height: 19px;\">\n<td style=\"width: 100%; height: 19px;\"><a href=\"https:\/\/agora.xtec.cat\/ceipsantjaume\/wp-content\/uploads\/usu1815\/2023\/02\/Certificat-consell-24-de-gener-2023.pdf\" target=\"_blank\" rel=\"noopener\">24\/01\/2023<\/a><\/td>\n<\/tr>\n<tr style=\"height: 10px;\">\n<td style=\"width: 100%; height: 10px;\"><a href=\"https:\/\/agora.xtec.cat\/ceipsantjaume\/wp-content\/uploads\/usu1815\/2023\/05\/Certificat-consell-27-abril-2023-SIG.pdf\" target=\"_blank\" rel=\"noopener\">27\/04\/2023<\/a><\/td>\n<\/tr>\n<tr style=\"height: 15px;\">\n<td style=\"width: 100%; height: 15px;\"><a href=\"https:\/\/agora.xtec.cat\/ceipsantjaume\/wp-content\/uploads\/usu1815\/2023\/09\/Certificat-consell-20-de-juny-de-2023.pdf\" target=\"_blank\" rel=\"noopener\">20\/06\/2023<\/a><\/td>\n<\/tr>\n<tr style=\"height: 14px;\">\n<td style=\"width: 100%; height: 14px;\"><a href=\"https:\/\/agora.xtec.cat\/ceipsantjaume\/wp-content\/uploads\/usu1815\/2023\/12\/Certificat-consell-19-de-desembre-de-2023-4.pdf\" target=\"_blank\" rel=\"noopener\">19\/12\/2023<\/a><\/td>\n<\/tr>\n<tr>\n<td style=\"width: 100%;\"><a href=\"https:\/\/agora.xtec.cat\/ceipsantjaume\/wp-content\/uploads\/usu1815\/2024\/06\/Certificat-consell-20-de-juny-de-2024-4.pdf\" target=\"_blank\" rel=\"noopener\">20\/6\/2024<\/a><\/td>\n<\/tr>\n<tr>\n<td style=\"width: 100%;\"><a href=\"https:\/\/agora.xtec.cat\/ceipsantjaume\/wp-content\/uploads\/usu1815\/2024\/10\/Certificat-consell-14-doctubre-de-2024-4.pdf\" target=\"_blank\" rel=\"noopener\">14\/10\/2024<\/a><\/td>\n<\/tr>\n<tr>\n<td style=\"width: 100%;\"><a href=\"https:\/\/agora.xtec.cat\/ceipsantjaume\/wp-content\/uploads\/usu1815\/2025\/07\/CERTIFICAT-CONSELL-30-DE-JUNY-2025.pdf\" target=\"_blank\" rel=\"noopener\">30\/7\/2025<\/a><\/td>\n<\/tr>\n<tr>\n<td style=\"width: 100%;\"><a href=\"https:\/\/agora.xtec.cat\/ceipsantjaume\/wp-content\/uploads\/usu1815\/2025\/10\/CERTIFICAT-CONSELL-9-OCTUBRE-2025.pdf\" target=\"_blank\" rel=\"noopener\">9\/10\/2025<\/a><\/td>\n<\/tr>\n<tr>\n<td style=\"width: 100%;\"><a href=\"https:\/\/agora.xtec.cat\/ceipsantjaume\/wp-content\/uploads\/usu1815\/2025\/12\/CERTIFICAT-CONSELL-25-NOVEMBRE-DE-2025.pdf\" target=\"_blank\" rel=\"noopener\">25\/11\/2025<\/a><\/td>\n<\/tr>\n<tr>\n<td style=\"width: 100%;\"><a href=\"https:\/\/agora.xtec.cat\/ceipsantjaume\/wp-content\/uploads\/usu1815\/2026\/02\/CERTIFICAT-CONSELL-27-DE-GENER-2026.pdf\" target=\"_blank\" rel=\"noopener\">27\/01\/2026<\/a><\/td>\n<\/tr>\n<\/tbody>\n<\/table>\n<p>&nbsp;<\/p>\n<p>&nbsp;<\/p>\n","protected":false},"excerpt":{"rendered":"<p>Presidenta: M. Carme Sancho Fibla Secret\u00e0ria: M. Rosa Subirats Bertomeu Cap d\u2019estudis: Clara Esteve Ser\u00f3 Rep. de l\u2019Ajuntament: Josep Subirats Navarro Sector mestres: Alexa Sabat\u00e9 Ferr\u00e9 Beatriu Saura Bertomeu Noelia Pag\u00e0 Franch Carlos Serra Ventura T\u00e0nia Geira Aza Sector fam\u00edlies: \u00c0frica Bertomeu Balagu\u00e9 Mari Carmen Albacar Masi\u00e0 M. Teresa Callarisa Diaz Carme Callau Rando Rep. [&hellip;]<\/p>\n","protected":false},"author":1,"featured_media":0,"parent":22,"menu_order":30,"comment_status":"closed","ping_status":"closed","template":"","meta":{"_bbp_topic_count":0,"_bbp_reply_count":0,"_bbp_total_topic_count":0,"_bbp_total_reply_count":0,"_bbp_voice_count":0,"_bbp_anonymous_reply_count":0,"_bbp_topic_count_hidden":0,"_bbp_reply_count_hidden":0,"_bbp_forum_subforum_count":0,"site-sidebar-layout":"default","site-content-layout":"","ast-site-content-layout":"default","site-content-style":"default","site-sidebar-style":"default","ast-global-header-display":"","ast-banner-title-visibility":"","ast-main-header-display":"","ast-hfb-above-header-display":"","ast-hfb-below-header-display":"","ast-hfb-mobile-header-display":"","site-post-title":"","ast-breadcrumbs-content":"","ast-featured-img":"","footer-sml-layout":"","theme-transparent-header-meta":"default","adv-header-id-meta":"","stick-header-meta":"","header-above-stick-meta":"","header-main-stick-meta":"","header-below-stick-meta":"","astra-migrate-meta-layouts":"set","ast-page-background-enabled":"default","ast-page-background-meta":{"desktop":{"background-color":"var(--ast-global-color-4)","background-image":"","background-repeat":"repeat","background-position":"center center","background-size":"auto","background-attachment":"scroll","background-type":"","background-media":"","overlay-type":"","overlay-color":"","overlay-opacity":"","overlay-gradient":""},"tablet":{"background-color":"","background-image":"","background-repeat":"repeat","background-position":"center center","background-size":"auto","background-attachment":"scroll","background-type":"","background-media":"","overlay-type":"","overlay-color":"","overlay-opacity":"","overlay-gradient":""},"mobile":{"background-color":"","background-image":"","background-repeat":"repeat","background-position":"center center","background-size":"auto","background-attachment":"scroll","background-type":"","background-media":"","overlay-type":"","overlay-color":"","overlay-opacity":"","overlay-gradient":""}},"ast-content-background-meta":{"desktop":{"background-color":"var(--ast-global-color-5)","background-image":"","background-repeat":"repeat","background-position":"center center","background-size":"auto","background-attachment":"scroll","background-type":"","background-media":"","overlay-type":"","overlay-color":"","overlay-opacity":"","overlay-gradient":""},"tablet":{"background-color":"var(--ast-global-color-5)","background-image":"","background-repeat":"repeat","background-position":"center center","background-size":"auto","background-attachment":"scroll","background-type":"","background-media":"","overlay-type":"","overlay-color":"","overlay-opacity":"","overlay-gradient":""},"mobile":{"background-color":"var(--ast-global-color-5)","background-image":"","background-repeat":"repeat","background-position":"center center","background-size":"auto","background-attachment":"scroll","background-type":"","background-media":"","overlay-type":"","overlay-color":"","overlay-opacity":"","overlay-gradient":""}},"footnotes":""},"class_list":["post-28","page","type-page","status-publish","hentry"],"post_mailing_queue_ids":[],"_links":{"self":[{"href":"https:\/\/agora.xtec.cat\/ceipsantjaume\/wp-json\/wp\/v2\/pages\/28","targetHints":{"allow":["GET"]}}],"collection":[{"href":"https:\/\/agora.xtec.cat\/ceipsantjaume\/wp-json\/wp\/v2\/pages"}],"about":[{"href":"https:\/\/agora.xtec.cat\/ceipsantjaume\/wp-json\/wp\/v2\/types\/page"}],"author":[{"embeddable":true,"href":"https:\/\/agora.xtec.cat\/ceipsantjaume\/wp-json\/wp\/v2\/users\/1"}],"replies":[{"embeddable":true,"href":"https:\/\/agora.xtec.cat\/ceipsantjaume\/wp-json\/wp\/v2\/comments?post=28"}],"version-history":[{"count":6,"href":"https:\/\/agora.xtec.cat\/ceipsantjaume\/wp-json\/wp\/v2\/pages\/28\/revisions"}],"predecessor-version":[{"id":5314,"href":"https:\/\/agora.xtec.cat\/ceipsantjaume\/wp-json\/wp\/v2\/pages\/28\/revisions\/5314"}],"up":[{"embeddable":true,"href":"https:\/\/agora.xtec.cat\/ceipsantjaume\/wp-json\/wp\/v2\/pages\/22"}],"wp:attachment":[{"href":"https:\/\/agora.xtec.cat\/ceipsantjaume\/wp-json\/wp\/v2\/media?parent=28"}],"curies":[{"name":"wp","href":"https:\/\/api.w.org\/{rel}","templated":true}]}}