{"id":26,"date":"2014-09-18T12:24:32","date_gmt":"2014-09-18T11:24:32","guid":{"rendered":"http:\/\/agora.xtec.cat\/ceipsantjaume\/?page_id=26"},"modified":"2018-11-30T12:21:20","modified_gmt":"2018-11-30T11:21:20","slug":"historia","status":"publish","type":"page","link":"https:\/\/agora.xtec.cat\/ceipsantjaume\/lescola\/historia\/","title":{"rendered":"Hist\u00f2ria"},"content":{"rendered":"<p><span style=\"font-family: inherit; font-size: 1em;\">L\u2019escola \u00e9s de titularitat p\u00fablica del Departament d\u2019Educaci\u00f3 de la Generalitat de Catalunya. L\u2019escola de Sant Jaume est\u00e0 situada al municipi de <\/span><strong style=\"font-family: inherit; font-size: 1em;\">Sant Jaume d\u2019Enveja<\/strong><span style=\"font-family: inherit; font-size: 1em;\">. Sant Jaume d\u2019Enveja \u00e9s un municipi de la comarca del Montsi\u00e0 i compta amb una poblaci\u00f3 de 3.479 habitants (font: Idescat 2017) en una extensi\u00f3 de 60,79 km<\/span><sup style=\"font-family: inherit;\">2 <\/sup><span style=\"font-family: inherit; font-size: 1em;\">i una altitud de 7m. Els habitants estan distribu\u00efts en els nuclis de la poblaci\u00f3 de Sant Jaume d\u2019Enveja, Muntells i Balada.<\/span><\/p>\n<p><strong>Hist\u00f2ria del centre:<\/strong><\/p>\n<p>A la decada dels seixanta es construeix el primer col\u00b7legi al Carrer Girona, per ubicar part de l&#8217;alumnat, per\u00f2 encara era insuficient.<\/p>\n<p>A l&#8217;any 1979, es posa en funcionament el primer edifici de l&#8217;actual escola, continua funcionant el del Carrer Girona i dues aules al Pu\u00f3. Hi ha any que s&#8217;han d&#8217;habilitar aulas per poder acollar tot l&#8217;alumnat.<\/p>\n<p>A l&#8217;any 1991, s&#8217;amplia el col\u00b7legi i s&#8217;eliminen les aulas del Pu\u00f3. Al Carrer Girona s&#8217;alberga el parvulari.<\/p>\n<p>Amb la tercera i \u00faltima ampliaci\u00f3 de l&#8217;any 1995 tot l&#8217;alumnat de Sant Jaume d&#8217;Enveja est\u00e0 ubicat en un sol centre.<\/p>\n","protected":false},"excerpt":{"rendered":"<p>L\u2019escola \u00e9s de titularitat p\u00fablica del Departament d\u2019Educaci\u00f3 de la Generalitat de Catalunya. L\u2019escola de Sant Jaume est\u00e0 situada al municipi de Sant Jaume d\u2019Enveja. Sant Jaume d\u2019Enveja \u00e9s un municipi de la comarca del Montsi\u00e0 i compta amb una poblaci\u00f3 de 3.479 habitants (font: Idescat 2017) en una extensi\u00f3 de 60,79 km2 i una [&hellip;]<\/p>\n","protected":false},"author":1,"featured_media":0,"parent":22,"menu_order":20,"comment_status":"closed","ping_status":"closed","template":"page-templates\/side-menu.php","meta":{"_bbp_topic_count":0,"_bbp_reply_count":0,"_bbp_total_topic_count":0,"_bbp_total_reply_count":0,"_bbp_voice_count":0,"_bbp_anonymous_reply_count":0,"_bbp_topic_count_hidden":0,"_bbp_reply_count_hidden":0,"_bbp_forum_subforum_count":0,"site-sidebar-layout":"default","site-content-layout":"","ast-site-content-layout":"","site-content-style":"default","site-sidebar-style":"default","ast-global-header-display":"","ast-banner-title-visibility":"","ast-main-header-display":"","ast-hfb-above-header-display":"","ast-hfb-below-header-display":"","ast-hfb-mobile-header-display":"","site-post-title":"","ast-breadcrumbs-content":"","ast-featured-img":"","footer-sml-layout":"","theme-transparent-header-meta":"","adv-header-id-meta":"","stick-header-meta":"","header-above-stick-meta":"","header-main-stick-meta":"","header-below-stick-meta":"","astra-migrate-meta-layouts":"default","ast-page-background-enabled":"default","ast-page-background-meta":{"desktop":{"background-color":"var(--ast-global-color-4)","background-image":"","background-repeat":"repeat","background-position":"center center","background-size":"auto","background-attachment":"scroll","background-type":"","background-media":"","overlay-type":"","overlay-color":"","overlay-opacity":"","overlay-gradient":""},"tablet":{"background-color":"","background-image":"","background-repeat":"repeat","background-position":"center center","background-size":"auto","background-attachment":"scroll","background-type":"","background-media":"","overlay-type":"","overlay-color":"","overlay-opacity":"","overlay-gradient":""},"mobile":{"background-color":"","background-image":"","background-repeat":"repeat","background-position":"center center","background-size":"auto","background-attachment":"scroll","background-type":"","background-media":"","overlay-type":"","overlay-color":"","overlay-opacity":"","overlay-gradient":""}},"ast-content-background-meta":{"desktop":{"background-color":"var(--ast-global-color-5)","background-image":"","background-repeat":"repeat","background-position":"center center","background-size":"auto","background-attachment":"scroll","background-type":"","background-media":"","overlay-type":"","overlay-color":"","overlay-opacity":"","overlay-gradient":""},"tablet":{"background-color":"var(--ast-global-color-5)","background-image":"","background-repeat":"repeat","background-position":"center center","background-size":"auto","background-attachment":"scroll","background-type":"","background-media":"","overlay-type":"","overlay-color":"","overlay-opacity":"","overlay-gradient":""},"mobile":{"background-color":"var(--ast-global-color-5)","background-image":"","background-repeat":"repeat","background-position":"center center","background-size":"auto","background-attachment":"scroll","background-type":"","background-media":"","overlay-type":"","overlay-color":"","overlay-opacity":"","overlay-gradient":""}},"footnotes":""},"class_list":["post-26","page","type-page","status-publish","hentry"],"post_mailing_queue_ids":[],"_links":{"self":[{"href":"https:\/\/agora.xtec.cat\/ceipsantjaume\/wp-json\/wp\/v2\/pages\/26","targetHints":{"allow":["GET"]}}],"collection":[{"href":"https:\/\/agora.xtec.cat\/ceipsantjaume\/wp-json\/wp\/v2\/pages"}],"about":[{"href":"https:\/\/agora.xtec.cat\/ceipsantjaume\/wp-json\/wp\/v2\/types\/page"}],"author":[{"embeddable":true,"href":"https:\/\/agora.xtec.cat\/ceipsantjaume\/wp-json\/wp\/v2\/users\/1"}],"replies":[{"embeddable":true,"href":"https:\/\/agora.xtec.cat\/ceipsantjaume\/wp-json\/wp\/v2\/comments?post=26"}],"version-history":[{"count":3,"href":"https:\/\/agora.xtec.cat\/ceipsantjaume\/wp-json\/wp\/v2\/pages\/26\/revisions"}],"predecessor-version":[{"id":527,"href":"https:\/\/agora.xtec.cat\/ceipsantjaume\/wp-json\/wp\/v2\/pages\/26\/revisions\/527"}],"up":[{"embeddable":true,"href":"https:\/\/agora.xtec.cat\/ceipsantjaume\/wp-json\/wp\/v2\/pages\/22"}],"wp:attachment":[{"href":"https:\/\/agora.xtec.cat\/ceipsantjaume\/wp-json\/wp\/v2\/media?parent=26"}],"curies":[{"name":"wp","href":"https:\/\/api.w.org\/{rel}","templated":true}]}}

Història

<p><span style="font-family: inherit; font-size: 1em;">L’escola és de titularitat pública del Departament d’Educació de la Generalitat de Catalunya. L’escola de Sant Jaume està situada al municipi de </span><strong style="font-family: inherit; font-size: 1em;">Sant Jaume d’Enveja</strong><span style="font-family: inherit; font-size: 1em;">. Sant Jaume d’Enveja és un municipi de la comarca del Montsià i compta amb una població de 3.479 habitants (font: Idescat 2017) en una extensió de 60,79 km</span><sup style="font-family: inherit;">2 </sup><span style="font-family: inherit; font-size: 1em;">i una altitud de 7m. Els habitants estan distribuïts en els nuclis de la població de Sant Jaume d’Enveja, Muntells i Balada.</span></p>
<p><strong>Història del centre:</strong></p>
<p>A la decada dels seixanta es construeix el primer col·legi al Carrer Girona, per ubicar part de l&#8217;alumnat, però encara era insuficient.</p>
<p>A l&#8217;any 1979, es posa en funcionament el primer edifici de l&#8217;actual escola, continua funcionant el del Carrer Girona i dues aules al Puó. Hi ha any que s&#8217;han d&#8217;habilitar aulas per poder acollar tot l&#8217;alumnat.</p>
<p>A l&#8217;any 1991, s&#8217;amplia el col·legi i s&#8217;eliminen les aulas del Puó. Al Carrer Girona s&#8217;alberga el parvulari.</p>
<p>Amb la tercera i última ampliació de l&#8217;any 1995 tot l&#8217;alumnat de Sant Jaume d&#8217;Enveja està ubicat en un sol centre.</p>

<p>L’escola és de titularitat pública del Departament d’Educació de la Generalitat de Catalunya. L’escola de Sant Jaume està situada al municipi de Sant Jaume d’Enveja. Sant Jaume d’Enveja és un municipi de la comarca del Montsià i compta amb una població de 3.479 habitants (font: Idescat 2017) en una extensió de 60,79 km2 i una [&hellip;]</p>
