{"id":30,"date":"2014-09-18T12:30:23","date_gmt":"2014-09-18T11:30:23","guid":{"rendered":"http:\/\/agora.xtec.cat\/ceipsantesteve-vallstorroella\/?page_id=30"},"modified":"2026-01-15T13:49:46","modified_gmt":"2026-01-15T12:49:46","slug":"instal%c2%b7lacions","status":"publish","type":"page","link":"https:\/\/agora.xtec.cat\/ceipsantesteve-vallstorroella\/lescola\/instal%c2%b7lacions\/","title":{"rendered":"Instal\u00b7lacions"},"content":{"rendered":"<p>El centre educatiu est\u00e0 instal\u00b7lat en un edifici hist\u00f2ric que antigament era un convent de monges. Aix\u00f2 fa que, encara actualment, en la seva estructura tant interna com externa poguem trobar detalls que ens transporten a aquella \u00e8poca. Aquesta immersi\u00f3 a la hist\u00f2ria del poble fa que els espais de l&#8217;escola estiguin dividits en 4 pisos:<\/p>\n<p><iframe loading=\"lazy\" src=\"\/\/www.youtube.com\/embed\/VHN_V8g9zzI\" width=\"560\" height=\"314\"><\/iframe><\/p>\n<ul>\n<li><span style=\"text-decoration: underline;\">Planta baixa<\/span>\n<ul>\n<li>gimn\u00e0s<\/li>\n<li>menjador<\/li>\n<li>pati<\/li>\n<li>aula de l&#8217;AMPA<\/li>\n<\/ul>\n<\/li>\n<li><span style=\"text-decoration: underline;\">Primera planta<\/span>\n<ul>\n<li>2 aules d&#8217;infantil<\/li>\n<li>sala de reunions \/ inform\u00e0tica<\/li>\n<li>despatx de direcci\u00f3<\/li>\n<\/ul>\n<\/li>\n<li><span style=\"text-decoration: underline;\">Segona planta<\/span>\n<ul>\n<li>4 aules de prim\u00e0ria<\/li>\n<li>laboratori<\/li>\n<li>aula d&#8217;Educaci\u00f3 Especial<\/li>\n<\/ul>\n<\/li>\n<li><span style=\"text-decoration: underline;\">Tercera planta<\/span>\n<ul>\n<li>aula de m\u00fasica \/ angl\u00e8s<\/li>\n<li>biblioteca d&#8217;escola<\/li>\n<li>cuineta<\/li>\n<li>aula taller<\/li>\n<\/ul>\n<\/li>\n<\/ul>\n","protected":false},"excerpt":{"rendered":"<p>El centre educatiu est\u00e0 instal\u00b7lat en un edifici hist\u00f2ric que antigament era un convent de monges. Aix\u00f2 fa que, encara actualment, en la seva estructura tant interna com externa poguem trobar detalls que ens transporten a aquella \u00e8poca. Aquesta immersi\u00f3 a la hist\u00f2ria del poble&hellip;  <a href=\"https:\/\/agora.xtec.cat\/ceipsantesteve-vallstorroella\/lescola\/instal%c2%b7lacions\/\" title=\"Read Instal\u00b7lacions\">Llegeix m\u00e9s\u00bb<\/a><\/p>\n","protected":false},"author":1,"featured_media":0,"parent":22,"menu_order":40,"comment_status":"closed","ping_status":"closed","template":"page-templates\/side-menu.php","meta":{"_bbp_topic_count":0,"_bbp_reply_count":0,"_bbp_total_topic_count":0,"_bbp_total_reply_count":0,"_bbp_voice_count":0,"_bbp_anonymous_reply_count":0,"_bbp_topic_count_hidden":0,"_bbp_reply_count_hidden":0,"_bbp_forum_subforum_count":0,"footnotes":""},"class_list":["post-30","page","type-page","status-publish","hentry"],"post_mailing_queue_ids":[],"_links":{"self":[{"href":"https:\/\/agora.xtec.cat\/ceipsantesteve-vallstorroella\/wp-json\/wp\/v2\/pages\/30","targetHints":{"allow":["GET"]}}],"collection":[{"href":"https:\/\/agora.xtec.cat\/ceipsantesteve-vallstorroella\/wp-json\/wp\/v2\/pages"}],"about":[{"href":"https:\/\/agora.xtec.cat\/ceipsantesteve-vallstorroella\/wp-json\/wp\/v2\/types\/page"}],"author":[{"embeddable":true,"href":"https:\/\/agora.xtec.cat\/ceipsantesteve-vallstorroella\/wp-json\/wp\/v2\/users\/1"}],"replies":[{"embeddable":true,"href":"https:\/\/agora.xtec.cat\/ceipsantesteve-vallstorroella\/wp-json\/wp\/v2\/comments?post=30"}],"version-history":[{"count":4,"href":"https:\/\/agora.xtec.cat\/ceipsantesteve-vallstorroella\/wp-json\/wp\/v2\/pages\/30\/revisions"}],"predecessor-version":[{"id":2148,"href":"https:\/\/agora.xtec.cat\/ceipsantesteve-vallstorroella\/wp-json\/wp\/v2\/pages\/30\/revisions\/2148"}],"up":[{"embeddable":true,"href":"https:\/\/agora.xtec.cat\/ceipsantesteve-vallstorroella\/wp-json\/wp\/v2\/pages\/22"}],"wp:attachment":[{"href":"https:\/\/agora.xtec.cat\/ceipsantesteve-vallstorroella\/wp-json\/wp\/v2\/media?parent=30"}],"curies":[{"name":"wp","href":"https:\/\/api.w.org\/{rel}","templated":true}]}}