{"id":1342,"date":"2021-09-25T18:00:42","date_gmt":"2021-09-25T16:00:42","guid":{"rendered":"http:\/\/agora.xtec.cat\/ceipsantesteve-vallstorroella\/?page_id=1342"},"modified":"2021-10-05T17:18:26","modified_gmt":"2021-10-05T15:18:26","slug":"pla-de-reobertura","status":"publish","type":"page","link":"https:\/\/agora.xtec.cat\/ceipsantesteve-vallstorroella\/documents-del-centre\/pla-de-reobertura\/","title":{"rendered":"Pla de Reobertura"},"content":{"rendered":"<p>Aqu\u00ed podeu trobar el Pla de Reobertura de la ZER el Cardener on s&#8217;estableixen les mesures d&#8217;organitzaci\u00f3 del centre, de neteja, de prevenci\u00f3, de ventilaci\u00f3&#8230; per tal de fer front al Coronavirus.<\/p>\n<p><a href=\"https:\/\/agora.xtec.cat\/ceipsantesteve-vallstorroella\/wp-content\/uploads\/usu1820\/2021\/09\/PLA-REOBERTURA-ZER-CARDENER-21-22.pdf\">PLA REOBERTURA ZER CARDENER 21-22<\/a> &#8211; \u00daltima versi\u00f3 setembre 2021<\/p>\n","protected":false},"excerpt":{"rendered":"<p>Aqu\u00ed podeu trobar el Pla de Reobertura de la ZER el Cardener on s&#8217;estableixen les mesures d&#8217;organitzaci\u00f3 del centre, de neteja, de prevenci\u00f3, de ventilaci\u00f3&#8230; per tal de fer front al Coronavirus.<br \/>\n<a href=\"https:\/\/agora.xtec.cat\/ceipsantesteve-vallstorroella\/wp-content\/uploads\/usu1820\/2021\/09\/PLA-REOBERTURA-ZER-CARDENER-21-22.pdf\">PLA REOBERTURA ZER CARDENER 21-22<\/a> &#8211; \u00daltima versi\u00f3 setembre 2021<\/p>\n","protected":false},"author":1,"featured_media":0,"parent":64,"menu_order":0,"comment_status":"closed","ping_status":"closed","template":"","meta":{"_bbp_topic_count":0,"_bbp_reply_count":0,"_bbp_total_topic_count":0,"_bbp_total_reply_count":0,"_bbp_voice_count":0,"_bbp_anonymous_reply_count":0,"_bbp_topic_count_hidden":0,"_bbp_reply_count_hidden":0,"_bbp_forum_subforum_count":0,"footnotes":""},"class_list":["post-1342","page","type-page","status-publish","hentry"],"post_mailing_queue_ids":[],"_links":{"self":[{"href":"https:\/\/agora.xtec.cat\/ceipsantesteve-vallstorroella\/wp-json\/wp\/v2\/pages\/1342","targetHints":{"allow":["GET"]}}],"collection":[{"href":"https:\/\/agora.xtec.cat\/ceipsantesteve-vallstorroella\/wp-json\/wp\/v2\/pages"}],"about":[{"href":"https:\/\/agora.xtec.cat\/ceipsantesteve-vallstorroella\/wp-json\/wp\/v2\/types\/page"}],"author":[{"embeddable":true,"href":"https:\/\/agora.xtec.cat\/ceipsantesteve-vallstorroella\/wp-json\/wp\/v2\/users\/1"}],"replies":[{"embeddable":true,"href":"https:\/\/agora.xtec.cat\/ceipsantesteve-vallstorroella\/wp-json\/wp\/v2\/comments?post=1342"}],"version-history":[{"count":3,"href":"https:\/\/agora.xtec.cat\/ceipsantesteve-vallstorroella\/wp-json\/wp\/v2\/pages\/1342\/revisions"}],"predecessor-version":[{"id":1487,"href":"https:\/\/agora.xtec.cat\/ceipsantesteve-vallstorroella\/wp-json\/wp\/v2\/pages\/1342\/revisions\/1487"}],"up":[{"embeddable":true,"href":"https:\/\/agora.xtec.cat\/ceipsantesteve-vallstorroella\/wp-json\/wp\/v2\/pages\/64"}],"wp:attachment":[{"href":"https:\/\/agora.xtec.cat\/ceipsantesteve-vallstorroella\/wp-json\/wp\/v2\/media?parent=1342"}],"curies":[{"name":"wp","href":"https:\/\/api.w.org\/{rel}","templated":true}]}}