{"id":3630,"date":"2019-09-08T20:13:05","date_gmt":"2019-09-08T18:13:05","guid":{"rendered":"http:\/\/agora.xtec.cat\/ceipsantcristofol\/?page_id=3630"},"modified":"2026-01-02T12:26:11","modified_gmt":"2026-01-02T11:26:11","slug":"projectes","status":"publish","type":"page","link":"https:\/\/agora.xtec.cat\/ceipsantcristofol\/projectes\/","title":{"rendered":"PROJECTES D&#8217;ESCOLA"},"content":{"rendered":"<p>A l\u2019escola apostem per un aprenentatge global i significatiu a trav\u00e9s de diversos projectes que complementen i enriqueixen el curr\u00edculum.<\/p>\n<p>\u00b7 El <a href=\"https:\/\/agora.xtec.cat\/ceipsantcristofol\/projecte-artistic\/\"><strong data-start=\"314\" data-end=\"335\">Projecte Art\u00edstic<\/strong><\/a>, que inclou m\u00fasica, teatre i arts pl\u00e0stiques, fomenta la creativitat, l\u2019expressi\u00f3 i la sensibilitat art\u00edstica de l\u2019alumnat.<\/p>\n<p>\u00b7 El <a href=\"https:\/\/agora.xtec.cat\/ceipsantcristofol\/projecte-educatiu\/projecte-demprenedoria\/\"><strong data-start=\"463\" data-end=\"496\">Projecte d\u2019emprenedoria CueMe<\/strong><\/a> impulsa la iniciativa, el treball en equip i la capacitat de portar idees a la pr\u00e0ctica.<a href=\"https:\/\/agora.xtec.cat\/ceipsantcristofol\/wp-content\/uploads\/usu472\/2025\/07\/extraescolars.jpg\"><img loading=\"lazy\" decoding=\"async\" class=\"wp-image-7148 alignright\" src=\"https:\/\/agora.xtec.cat\/ceipsantcristofol\/wp-content\/uploads\/usu472\/2025\/07\/extraescolars.jpg\" alt=\"\" width=\"397\" height=\"397\" srcset=\"https:\/\/agora.xtec.cat\/ceipsantcristofol\/wp-content\/uploads\/usu472\/2025\/07\/extraescolars.jpg 1000w, https:\/\/agora.xtec.cat\/ceipsantcristofol\/wp-content\/uploads\/usu472\/2025\/07\/extraescolars-300x300.jpg 300w, https:\/\/agora.xtec.cat\/ceipsantcristofol\/wp-content\/uploads\/usu472\/2025\/07\/extraescolars-150x150.jpg 150w, https:\/\/agora.xtec.cat\/ceipsantcristofol\/wp-content\/uploads\/usu472\/2025\/07\/extraescolars-768x768.jpg 768w\" sizes=\"auto, (max-width: 397px) 100vw, 397px\" \/><\/a><\/p>\n<p>\u00b7 Amb el projecte <a href=\"https:\/\/agora.xtec.cat\/ceipsantcristofol\/general\/projecte-apadrinem-el-nostre-territori\/\"><strong data-start=\"602\" data-end=\"646\">Apadrinem el nostre patrimoni \u2013 Arrela\u2019t<\/strong><\/a>, els infants coneixen, valoren i s\u2019arrelen al territori i a la cultura local.<\/p>\n<p>\u00b7 L\u2019<strong data-start=\"727\" data-end=\"750\"><a href=\"https:\/\/agora.xtec.cat\/ceipsantcristofol\/projecte-educatiu\/apadrinament-lector\/\">Apadrinament Lecto<\/a>r<\/strong> afavoreix el gust per la lectura i la cooperaci\u00f3 entre alumnes de diferents edats.<\/p>\n<p>\u00b7 El <a href=\"https:\/\/agora.xtec.cat\/ceipsantcristofol\/lescola\/projecte-mediacio\/\"><strong data-start=\"837\" data-end=\"861\">Projecte de Mediaci\u00f3<\/strong><\/a> promou la conviv\u00e8ncia positiva, el di\u00e0leg i la resoluci\u00f3 pac\u00edfica de conflictes.<\/p>\n<p>Finalment, el <a href=\"https:\/\/agora.xtec.cat\/ceipsantcristofol\/projecte-matematiques-florence\/\"><strong data-start=\"957\" data-end=\"994\">Projecte d&#8217;innovaci\u00f3 de matem\u00e0tiques Florence<\/strong> <\/a>potencia el raonament, la l\u00f2gica i la resoluci\u00f3 de problemes mitjan\u00e7ant una metodologia activa i manipulativa.<\/p>\n<p>&nbsp;<\/p>\n<p>Clica a cada un dels enlla\u00e7os per a m\u00e9s informaci\u00f3 dels projectes que treballem a l&#8217;escola.<\/p>\n<p>&nbsp;<\/p>\n","protected":false},"excerpt":{"rendered":"<p>A l\u2019escola apostem per un aprenentatge global i significatiu a trav\u00e9s de diversos projectes que complementen i enriqueixen el curr\u00edculum. \u00b7 El Projecte Art\u00edstic, que inclou m\u00fasica, teatre i arts pl\u00e0stiques, fomenta la creativitat, l\u2019expressi\u00f3 i la sensibilitat art\u00edstica de l\u2019alumnat. \u00b7 El Projecte d\u2019emprenedoria CueMe impulsa la iniciativa, el treball en equip i la [&hellip;]<\/p>\n","protected":false},"author":1,"featured_media":0,"parent":0,"menu_order":70,"comment_status":"closed","ping_status":"closed","template":"","meta":{"_bbp_topic_count":0,"_bbp_reply_count":0,"_bbp_total_topic_count":0,"_bbp_total_reply_count":0,"_bbp_voice_count":0,"_bbp_anonymous_reply_count":0,"_bbp_topic_count_hidden":0,"_bbp_reply_count_hidden":0,"_bbp_forum_subforum_count":0,"site-sidebar-layout":"default","site-content-layout":"","ast-site-content-layout":"default","site-content-style":"default","site-sidebar-style":"default","ast-global-header-display":"","ast-banner-title-visibility":"","ast-main-header-display":"","ast-hfb-above-header-display":"","ast-hfb-below-header-display":"","ast-hfb-mobile-header-display":"","site-post-title":"","ast-breadcrumbs-content":"","ast-featured-img":"","footer-sml-layout":"","theme-transparent-header-meta":"default","adv-header-id-meta":"","stick-header-meta":"","header-above-stick-meta":"","header-main-stick-meta":"","header-below-stick-meta":"","astra-migrate-meta-layouts":"set","ast-page-background-enabled":"default","ast-page-background-meta":{"desktop":{"background-color":"var(--ast-global-color-4)","background-image":"","background-repeat":"repeat","background-position":"center center","background-size":"auto","background-attachment":"scroll","background-type":"","background-media":"","overlay-type":"","overlay-color":"","overlay-opacity":"","overlay-gradient":""},"tablet":{"background-color":"","background-image":"","background-repeat":"repeat","background-position":"center center","background-size":"auto","background-attachment":"scroll","background-type":"","background-media":"","overlay-type":"","overlay-color":"","overlay-opacity":"","overlay-gradient":""},"mobile":{"background-color":"","background-image":"","background-repeat":"repeat","background-position":"center center","background-size":"auto","background-attachment":"scroll","background-type":"","background-media":"","overlay-type":"","overlay-color":"","overlay-opacity":"","overlay-gradient":""}},"ast-content-background-meta":{"desktop":{"background-color":"var(--ast-global-color-5)","background-image":"","background-repeat":"repeat","background-position":"center center","background-size":"auto","background-attachment":"scroll","background-type":"","background-media":"","overlay-type":"","overlay-color":"","overlay-opacity":"","overlay-gradient":""},"tablet":{"background-color":"var(--ast-global-color-5)","background-image":"","background-repeat":"repeat","background-position":"center center","background-size":"auto","background-attachment":"scroll","background-type":"","background-media":"","overlay-type":"","overlay-color":"","overlay-opacity":"","overlay-gradient":""},"mobile":{"background-color":"var(--ast-global-color-5)","background-image":"","background-repeat":"repeat","background-position":"center center","background-size":"auto","background-attachment":"scroll","background-type":"","background-media":"","overlay-type":"","overlay-color":"","overlay-opacity":"","overlay-gradient":""}},"footnotes":""},"class_list":["post-3630","page","type-page","status-publish","hentry"],"post_mailing_queue_ids":[],"_links":{"self":[{"href":"https:\/\/agora.xtec.cat\/ceipsantcristofol\/wp-json\/wp\/v2\/pages\/3630","targetHints":{"allow":["GET"]}}],"collection":[{"href":"https:\/\/agora.xtec.cat\/ceipsantcristofol\/wp-json\/wp\/v2\/pages"}],"about":[{"href":"https:\/\/agora.xtec.cat\/ceipsantcristofol\/wp-json\/wp\/v2\/types\/page"}],"author":[{"embeddable":true,"href":"https:\/\/agora.xtec.cat\/ceipsantcristofol\/wp-json\/wp\/v2\/users\/1"}],"replies":[{"embeddable":true,"href":"https:\/\/agora.xtec.cat\/ceipsantcristofol\/wp-json\/wp\/v2\/comments?post=3630"}],"version-history":[{"count":7,"href":"https:\/\/agora.xtec.cat\/ceipsantcristofol\/wp-json\/wp\/v2\/pages\/3630\/revisions"}],"predecessor-version":[{"id":7448,"href":"https:\/\/agora.xtec.cat\/ceipsantcristofol\/wp-json\/wp\/v2\/pages\/3630\/revisions\/7448"}],"wp:attachment":[{"href":"https:\/\/agora.xtec.cat\/ceipsantcristofol\/wp-json\/wp\/v2\/media?parent=3630"}],"curies":[{"name":"wp","href":"https:\/\/api.w.org\/{rel}","templated":true}]}}