{"id":202,"date":"2015-10-29T12:55:04","date_gmt":"2015-10-29T11:55:04","guid":{"rendered":"http:\/\/agora.xtec.cat\/ceipsantcristofol\/?page_id=202"},"modified":"2026-01-02T12:58:10","modified_gmt":"2026-01-02T11:58:10","slug":"autoritzacions","status":"publish","type":"page","link":"https:\/\/agora.xtec.cat\/ceipsantcristofol\/secretaria\/autoritzacions\/","title":{"rendered":"Autoritzacions"},"content":{"rendered":"<div class=\"ast-oembed-container \" style=\"height: 100%;\"><iframe loading=\"lazy\" title=\"TPVEscola - Instal\u00b7laci\u00f3 de l&#039;APP i primeres recomanacions\" width=\"500\" height=\"281\" src=\"https:\/\/www.youtube.com\/embed\/Bz0XQ7n_11U?feature=oembed\" frameborder=\"0\" allow=\"accelerometer; autoplay; clipboard-write; encrypted-media; gyroscope; picture-in-picture; web-share\" referrerpolicy=\"strict-origin-when-cross-origin\" allowfullscreen><\/iframe><\/div>\n<p>Aquest curs comencem a gestionar les autoritzacions a trav\u00e9s de l&#8217;aplicaci\u00f3 TPV, descarregueu-vos-la!<\/p>\n<p>Si no, encara podeu baixar la que necessiteu, completar-la i lliurar-la a l&#8217;escola.<\/p>\n<p>1.-<a href=\"https:\/\/drive.google.com\/file\/d\/1kvMQ88mghzd7A1az5WHL6zV4rP_FbFcB\/view?usp=drive_link\">.Autoritzaci\u00f3 sortides<\/a><\/p>\n<p>2.- <a href=\"https:\/\/drive.google.com\/file\/d\/1cpX9tdfDJKeq1RmWUUZjrxM1OcDOFRX7\/view?usp=drive_link\">Autoritzaci\u00f3 d&#8217;\u00fas d&#8217;imatge<\/a><\/p>\n<p>4..<a href=\"https:\/\/drive.google.com\/file\/d\/1HCFdu9ztOs1CyZxXlc2jDsL94sI_JHwn\/view?usp=sharing\">Autoritzaci\u00f3\u00a0 per administrar paracetamol<\/a><\/p>\n<p>5.- <a href=\"https:\/\/drive.google.com\/file\/d\/13zrT_AjaL_JAvxwaIzZQvbFx6FkcJuz_\/view?usp=sharing\">Autoritzaci\u00f3 per recollir alumnes<\/a><\/p>\n<p>6.- <a href=\"https:\/\/drive.google.com\/open?id=1A7s2ykUJVgMAbqiuQ5-QPAOKKrbDPGtJ\">Autoritzaci\u00f3 recollir germ\u00e0\/na<\/a><\/p>\n<p><a href=\"https:\/\/drive.google.com\/file\/d\/1_3me7spFCElv9Aif227pBxJ0hyyKjn4b\/view?usp=sharing\">7.- Autoritzaci\u00f3 recursos digitals<\/a><\/p>\n<p>9.- <a href=\"https:\/\/drive.google.com\/file\/d\/1pdsh3oOQV1FzciAX7gGA3kCIFh42Zi-h\/view?usp=sharing\">Autoritzaci\u00f3 administraci\u00f3 medicaments<\/a><\/p>\n<p>10.- <a href=\"https:\/\/drive.google.com\/file\/d\/1X-aJvI0ZKxfEL6ZUxnYFQ5m6px_uwZy9\/view?usp=sharing\">Autoritzaci\u00f3 marxar sol a casa<\/a><\/p>\n<p>&nbsp;<\/p>\n<p>&nbsp;<\/p>\n","protected":false},"excerpt":{"rendered":"<p>Aquest curs comencem a gestionar les autoritzacions a trav\u00e9s de l&#8217;aplicaci\u00f3 TPV, descarregueu-vos-la! Si no, encara podeu baixar la que necessiteu, completar-la i lliurar-la a l&#8217;escola. 1.-.Autoritzaci\u00f3 sortides 2.- Autoritzaci\u00f3 d&#8217;\u00fas d&#8217;imatge 4..Autoritzaci\u00f3\u00a0 per administrar paracetamol 5.- Autoritzaci\u00f3 per recollir alumnes 6.- Autoritzaci\u00f3 recollir germ\u00e0\/na 7.- Autoritzaci\u00f3 recursos digitals 9.- Autoritzaci\u00f3 administraci\u00f3 medicaments 10.- Autoritzaci\u00f3 [&hellip;]<\/p>\n","protected":false},"author":1,"featured_media":0,"parent":64,"menu_order":40,"comment_status":"closed","ping_status":"closed","template":"","meta":{"_bbp_topic_count":0,"_bbp_reply_count":0,"_bbp_total_topic_count":0,"_bbp_total_reply_count":0,"_bbp_voice_count":0,"_bbp_anonymous_reply_count":0,"_bbp_topic_count_hidden":0,"_bbp_reply_count_hidden":0,"_bbp_forum_subforum_count":0,"site-sidebar-layout":"default","site-content-layout":"","ast-site-content-layout":"default","site-content-style":"default","site-sidebar-style":"default","ast-global-header-display":"","ast-banner-title-visibility":"","ast-main-header-display":"","ast-hfb-above-header-display":"","ast-hfb-below-header-display":"","ast-hfb-mobile-header-display":"","site-post-title":"","ast-breadcrumbs-content":"","ast-featured-img":"","footer-sml-layout":"","theme-transparent-header-meta":"default","adv-header-id-meta":"","stick-header-meta":"","header-above-stick-meta":"","header-main-stick-meta":"","header-below-stick-meta":"","astra-migrate-meta-layouts":"set","ast-page-background-enabled":"default","ast-page-background-meta":{"desktop":{"background-color":"var(--ast-global-color-4)","background-image":"","background-repeat":"repeat","background-position":"center center","background-size":"auto","background-attachment":"scroll","background-type":"","background-media":"","overlay-type":"","overlay-color":"","overlay-opacity":"","overlay-gradient":""},"tablet":{"background-color":"","background-image":"","background-repeat":"repeat","background-position":"center center","background-size":"auto","background-attachment":"scroll","background-type":"","background-media":"","overlay-type":"","overlay-color":"","overlay-opacity":"","overlay-gradient":""},"mobile":{"background-color":"","background-image":"","background-repeat":"repeat","background-position":"center center","background-size":"auto","background-attachment":"scroll","background-type":"","background-media":"","overlay-type":"","overlay-color":"","overlay-opacity":"","overlay-gradient":""}},"ast-content-background-meta":{"desktop":{"background-color":"var(--ast-global-color-5)","background-image":"","background-repeat":"repeat","background-position":"center center","background-size":"auto","background-attachment":"scroll","background-type":"","background-media":"","overlay-type":"","overlay-color":"","overlay-opacity":"","overlay-gradient":""},"tablet":{"background-color":"var(--ast-global-color-5)","background-image":"","background-repeat":"repeat","background-position":"center center","background-size":"auto","background-attachment":"scroll","background-type":"","background-media":"","overlay-type":"","overlay-color":"","overlay-opacity":"","overlay-gradient":""},"mobile":{"background-color":"var(--ast-global-color-5)","background-image":"","background-repeat":"repeat","background-position":"center center","background-size":"auto","background-attachment":"scroll","background-type":"","background-media":"","overlay-type":"","overlay-color":"","overlay-opacity":"","overlay-gradient":""}},"footnotes":""},"class_list":["post-202","page","type-page","status-publish","hentry"],"post_mailing_queue_ids":[],"_links":{"self":[{"href":"https:\/\/agora.xtec.cat\/ceipsantcristofol\/wp-json\/wp\/v2\/pages\/202","targetHints":{"allow":["GET"]}}],"collection":[{"href":"https:\/\/agora.xtec.cat\/ceipsantcristofol\/wp-json\/wp\/v2\/pages"}],"about":[{"href":"https:\/\/agora.xtec.cat\/ceipsantcristofol\/wp-json\/wp\/v2\/types\/page"}],"author":[{"embeddable":true,"href":"https:\/\/agora.xtec.cat\/ceipsantcristofol\/wp-json\/wp\/v2\/users\/1"}],"replies":[{"embeddable":true,"href":"https:\/\/agora.xtec.cat\/ceipsantcristofol\/wp-json\/wp\/v2\/comments?post=202"}],"version-history":[{"count":5,"href":"https:\/\/agora.xtec.cat\/ceipsantcristofol\/wp-json\/wp\/v2\/pages\/202\/revisions"}],"predecessor-version":[{"id":7454,"href":"https:\/\/agora.xtec.cat\/ceipsantcristofol\/wp-json\/wp\/v2\/pages\/202\/revisions\/7454"}],"up":[{"embeddable":true,"href":"https:\/\/agora.xtec.cat\/ceipsantcristofol\/wp-json\/wp\/v2\/pages\/64"}],"wp:attachment":[{"href":"https:\/\/agora.xtec.cat\/ceipsantcristofol\/wp-json\/wp\/v2\/media?parent=202"}],"curies":[{"name":"wp","href":"https:\/\/api.w.org\/{rel}","templated":true}]}}