{"id":1316,"date":"2021-02-04T15:32:01","date_gmt":"2021-02-04T14:32:01","guid":{"rendered":"http:\/\/agora.xtec.cat\/ceipsantcliment\/?page_id=1316"},"modified":"2026-03-03T10:57:42","modified_gmt":"2026-03-03T09:57:42","slug":"portes-obertes-preinscripcio-curs-21-22","status":"publish","type":"page","link":"https:\/\/agora.xtec.cat\/ceipsantcliment\/portes-obertes-preinscripcio-curs-21-22\/","title":{"rendered":"PORTES OBERTES &#8211; PREINSCRIPCI\u00d3 CURS 26-27"},"content":{"rendered":"<p>&nbsp;<\/p>\n<p>&nbsp;<\/p>\n<p>&nbsp;<\/p>\n<p><a href=\"https:\/\/agora.xtec.cat\/ceipsantcliment\/wp-content\/uploads\/usu630\/2026\/01\/Fondo-de-Pantalla-Floral-Abstracto-Pastel-Rosa-Celeste.png\"><img loading=\"lazy\" decoding=\"async\" class=\" wp-image-2958 alignleft\" src=\"https:\/\/agora.xtec.cat\/ceipsantcliment\/wp-content\/uploads\/usu630\/2026\/01\/Fondo-de-Pantalla-Floral-Abstracto-Pastel-Rosa-Celeste-300x169.png\" alt=\"\" width=\"390\" height=\"220\" srcset=\"https:\/\/agora.xtec.cat\/ceipsantcliment\/wp-content\/uploads\/usu630\/2026\/01\/Fondo-de-Pantalla-Floral-Abstracto-Pastel-Rosa-Celeste-300x169.png 300w, https:\/\/agora.xtec.cat\/ceipsantcliment\/wp-content\/uploads\/usu630\/2026\/01\/Fondo-de-Pantalla-Floral-Abstracto-Pastel-Rosa-Celeste-1024x576.png 1024w, https:\/\/agora.xtec.cat\/ceipsantcliment\/wp-content\/uploads\/usu630\/2026\/01\/Fondo-de-Pantalla-Floral-Abstracto-Pastel-Rosa-Celeste-768x432.png 768w, https:\/\/agora.xtec.cat\/ceipsantcliment\/wp-content\/uploads\/usu630\/2026\/01\/Fondo-de-Pantalla-Floral-Abstracto-Pastel-Rosa-Celeste-1536x864.png 1536w, https:\/\/agora.xtec.cat\/ceipsantcliment\/wp-content\/uploads\/usu630\/2026\/01\/Fondo-de-Pantalla-Floral-Abstracto-Pastel-Rosa-Celeste.png 1920w\" sizes=\"auto, (max-width: 390px) 100vw, 390px\" \/><\/a><\/p>\n<p>Les portes obertes seran presencials i cal apuntar-se fent <a href=\"https:\/\/docs.google.com\/forms\/d\/e\/1FAIpQLSdyj0TrKOzBEQbLudTruphQbMQ2KtYBwfw691XKCi83qdJraQ\/viewform?usp=publish-editor\"><strong>cli<\/strong><strong>ck a l&#8217;enlla\u00e7 <\/strong><\/a>per tal de tenir una millor organitzaci\u00f3 <strong>.\u00a0 \u00a0<\/strong><\/p>\n<p><strong>20 DE FEBRER \u00daLTIM DIA PER APUNTAR-SE!<\/strong><\/p>\n<p>En aquesta visita us explicarem el nostre projecte educatiu i podreu veure com els infants realitzen diferents propostes. Perqu\u00e8 la visita sigui el m\u00e9s propera i profitosa, organitzarem diferents grups.<\/p>\n<p>El dia 27 de febrer a les 15:15h farem una videoconfer\u00e8ncia per tractar els tr\u00e0mits administratius que haureu de seguir durant el proc\u00e9s de preinscripci\u00f3 que comen\u00e7ar\u00e0 el dia 4 de mar\u00e7 i finalitzar\u00e0 el dia 18 del mateix mes.<\/p>\n<p>&nbsp;<\/p>\n<p><strong>INFORMACI\u00d3 RELLEVANT A TENIR EN COMPTE DURANT EL PROC\u00c9S DE PREINSCRIPCI\u00d3<\/strong><\/p>\n<p><a href=\"https:\/\/drive.google.com\/file\/d\/1yex8kqZQP-eBaq0qOIf0beEZCQyjfGXH\/view?usp=sharing\">CALENDARI<\/a><\/p>\n<p><a href=\"https:\/\/drive.google.com\/file\/d\/1ynsL7bSTo5wayF2sxCeOg1bzjb7on3ku\/view?usp=sharing\">DOCUMENTACI\u00d3<\/a><\/p>\n<p><a href=\"https:\/\/drive.google.com\/file\/d\/1IJyrLhuux7Gk_dnlWBe0ViI3YQwETiWa\/view?usp=sharing\">CRITERIS PUNTUACI\u00d3 BAREM<\/a><\/p>\n<p><a href=\"https:\/\/drive.google.com\/file\/d\/1qFKDQk24JF6tZEDEVxLi_MVbbpBg0WVd\/view?usp=sharing\">GESTI\u00d3 PLACES NESE<\/a><\/p>\n<p><strong>PUBLICACI\u00d3 OFERTA VACANTS INICIAL<\/strong><\/p>\n<p>En data 3 de mar\u00e7 s&#8217;ha publicat l&#8217;oferta inicial de vacants.<\/p>\n<p><a href=\"https:\/\/drive.google.com\/file\/d\/1ysjl6vkzV2I-J00orP5k56hJ2Q0-M_Uj\/view?usp=sharing\">OFERTA INICIAL<\/a><\/p>\n<p>&nbsp;<\/p>\n<p><strong>PREINSCRIPCI\u00d3<\/strong><\/p>\n<p>Del 4 al 18 de mar\u00e7 podeu realitzar la vostra sol\u00b7licitud a la p\u00e0gina seg\u00fcent: https:\/\/preinscripcio.gencat.cat\/ca\/inici\/index.html<\/p>\n<p>&nbsp;<\/p>\n<p><strong>BAREM PROVISIONAL<\/strong><\/p>\n<p>&nbsp;<\/p>\n<p><strong>BAREM DESPR\u00c9S DE LES RECLAMACIONS<\/strong><\/p>\n<p>&nbsp;<\/p>\n<p><strong>LLISTA SOL\u00b7LICITUDS ORDENADES<\/strong><\/p>\n<p>&nbsp;<\/p>\n<p><strong>OFERTA DEFINITIVA DE PLACES<\/strong><\/p>\n<p>&nbsp;<\/p>\n<p><strong>ALUMNES ASSIGNATS AL CENTRE<\/strong><\/p>\n<p>&nbsp;<\/p>\n<p><strong>LLISTA D&#8217;ESPERA<\/strong><\/p>\n<p>&nbsp;<\/p>\n<p>&nbsp;<\/p>\n<p>&nbsp;<\/p>\n","protected":false},"excerpt":{"rendered":"<p>&nbsp;<br \/>\n&nbsp;<br \/>\n&nbsp;<br \/>\n<a href=\"https:\/\/agora.xtec.cat\/ceipsantcliment\/wp-content\/uploads\/usu630\/2026\/01\/Fondo-de-Pantalla-Floral-Abstracto-Pastel-Rosa-Celeste.png\"><\/a><br \/>\nLes portes obertes seran presencials i cal apuntar-se fent <a href=\"https:\/\/docs.google.com\/forms\/d\/e\/1FAIpQLSdyj0TrKOzBEQbLudTruphQbMQ2KtYBwfw691XKCi83qdJraQ\/viewform?usp=publish-editor\">click a l&#8217;enlla\u00e7 <\/a>per tal de tenir una millor organitzaci\u00f3 .\u00a0 \u00a0<br \/>\n20 DE FEBRER \u00daLTIM DIA PER APUNTAR-SE!<br \/>\nEn aquesta visita us explicarem el nostre projecte educatiu i podreu veure com els infants realitzen diferents&hellip;  <a href=\"https:\/\/agora.xtec.cat\/ceipsantcliment\/portes-obertes-preinscripcio-curs-21-22\/\" title=\"Read PORTES OBERTES &#8211; PREINSCRIPCI\u00d3 CURS 26-27\">Llegeix m\u00e9s\u00bb<\/a><\/p>\n","protected":false},"author":1,"featured_media":0,"parent":0,"menu_order":0,"comment_status":"closed","ping_status":"closed","template":"","meta":{"_bbp_topic_count":0,"_bbp_reply_count":0,"_bbp_total_topic_count":0,"_bbp_total_reply_count":0,"_bbp_voice_count":0,"_bbp_anonymous_reply_count":0,"_bbp_topic_count_hidden":0,"_bbp_reply_count_hidden":0,"_bbp_forum_subforum_count":0,"footnotes":""},"class_list":["post-1316","page","type-page","status-publish","hentry"],"post_mailing_queue_ids":[],"_links":{"self":[{"href":"https:\/\/agora.xtec.cat\/ceipsantcliment\/wp-json\/wp\/v2\/pages\/1316","targetHints":{"allow":["GET"]}}],"collection":[{"href":"https:\/\/agora.xtec.cat\/ceipsantcliment\/wp-json\/wp\/v2\/pages"}],"about":[{"href":"https:\/\/agora.xtec.cat\/ceipsantcliment\/wp-json\/wp\/v2\/types\/page"}],"author":[{"embeddable":true,"href":"https:\/\/agora.xtec.cat\/ceipsantcliment\/wp-json\/wp\/v2\/users\/1"}],"replies":[{"embeddable":true,"href":"https:\/\/agora.xtec.cat\/ceipsantcliment\/wp-json\/wp\/v2\/comments?post=1316"}],"version-history":[{"count":6,"href":"https:\/\/agora.xtec.cat\/ceipsantcliment\/wp-json\/wp\/v2\/pages\/1316\/revisions"}],"predecessor-version":[{"id":3054,"href":"https:\/\/agora.xtec.cat\/ceipsantcliment\/wp-json\/wp\/v2\/pages\/1316\/revisions\/3054"}],"wp:attachment":[{"href":"https:\/\/agora.xtec.cat\/ceipsantcliment\/wp-json\/wp\/v2\/media?parent=1316"}],"curies":[{"name":"wp","href":"https:\/\/api.w.org\/{rel}","templated":true}]}}