{"id":4034,"date":"2020-05-29T18:51:23","date_gmt":"2020-05-29T16:51:23","guid":{"rendered":"https:\/\/agora.xtec.cat\/ceipsantantoni\/?page_id=4034"},"modified":"2026-04-29T12:49:19","modified_gmt":"2026-04-29T10:49:19","slug":"actualitat","status":"publish","type":"page","link":"https:\/\/agora.xtec.cat\/ceipsantantoni\/","title":{"rendered":"Actualitat"},"content":{"rendered":"<h3><\/h3>\n<h3><a href=\"https:\/\/preinscripcio.gencat.cat\/ca\/inici\/index.html\">INFORMACI\u00d3 PREINSCRIPCI\u00d3 I MATR\u00cdCULA\u00a0<\/a><\/h3>\n<p><strong>CALENDARI DE PREINSCRIPCI\u00d3 I MATR\u00cdCULA. CURS 2026\/2027<\/strong><\/p>\n<table style=\"height: 761px; width: 90.1542%; border-style: solid; border-color: #ffca08;\">\n<tbody>\n<tr style=\"border-style: solid; border-color: #ffca08; height: 52px;\">\n<td style=\"width: 38.9231%; height: 52px; border-style: solid; border-color: #f2d377; background-color: #fadba5;\"><strong>Dates<\/strong><\/td>\n<td style=\"width: 60.9231%; height: 52px; border-style: solid; border-color: #f2d377; background-color: #fadba5;\"><strong>Fases de la preinscripci\u00f3<\/strong><\/td>\n<\/tr>\n<tr style=\"border-style: solid; border-color: #ffca08; height: 52px;\">\n<td style=\"width: 38.9231%; height: 52px; border-style: solid; border-color: #f2d377;\">3 de mar\u00e7 de 2026<\/td>\n<td style=\"width: 60.9231%; height: 52px; border-style: solid; border-color: #f2d377;\"><a href=\"https:\/\/agora.xtec.cat\/ceipsantantoni\/wp-content\/uploads\/usu1946\/2026\/03\/oferta.pdf\" target=\"_blank\" rel=\"noopener\">Oferta inicial de places escolars<\/a><\/td>\n<\/tr>\n<tr style=\"border-style: solid; border-color: #FFCA08;\">\n<td style=\"width: 38.9231%; height: 52px; border-style: solid; border-color: #f2d377;\">Del 4 al 18 de mar\u00e7 de 2026<\/td>\n<td style=\"width: 60.9231%; height: 52px; border-style: solid; border-color: #f2d377;\">Presentaci\u00f3 de sol\u00b7licituds<\/td>\n<\/tr>\n<tr style=\"border-style: solid; border-color: #FFCA08;\">\n<td style=\"width: 38.9231%; height: 52px; border-style: solid; border-color: #f2d377;\">Fins el 19 de mar\u00e7<\/td>\n<td style=\"width: 60.9231%; height: 52px; border-style: solid; border-color: #f2d377;\">Presentaci\u00f3 de documentaci\u00f3<\/td>\n<\/tr>\n<tr style=\"border-style: solid; border-color: #FFCA08;\">\n<td style=\"width: 38.9231%; height: 52px; border-style: solid; border-color: #f2d377;\">15 d\u2019abril de 2026<\/td>\n<td style=\"width: 60.9231%; height: 52px; border-style: solid; border-color: #f2d377;\"><a href=\"https:\/\/agora.xtec.cat\/ceipsantantoni\/wp-content\/uploads\/usu1946\/2026\/04\/INFORME_BAREM_PROVISIONAL_BAREM.pdf\" target=\"_blank\" rel=\"noopener\">Llista de sol\u00b7licituds amb la puntuaci\u00f3 provisional<\/a><\/td>\n<\/tr>\n<tr style=\"border-style: solid; border-color: #FFCA08;\">\n<td style=\"width: 38.9231%; height: 52px; border-style: solid; border-color: #f2d377;\">Del 15 al 20 d&#8217;abril de 2026<\/td>\n<td style=\"width: 60.9231%; height: 52px; border-style: solid; border-color: #f2d377;\">Presentaci\u00f3 de reclamacions<\/td>\n<\/tr>\n<tr style=\"border-style: solid; border-color: #FFCA08;\">\n<td style=\"width: 38.9231%; height: 82px; border-style: solid; border-color: #f2d377;\">23 d&#8217;abril de 2026<\/td>\n<td style=\"width: 60.9231%; height: 82px; border-style: solid; border-color: #f2d377;\"><a href=\"https:\/\/agora.xtec.cat\/ceipsantantoni\/wp-content\/uploads\/usu1946\/2026\/04\/INFORME_BAREM_RESOLTES_BAREM.pdf\" target=\"_blank\" rel=\"noopener\">Llista de sol\u00b7licituds amb la puntuaci\u00f3 un cop resoltes les reclamacions<\/a><\/td>\n<\/tr>\n<tr style=\"border-style: solid; border-color: #FFCA08;\">\n<td style=\"width: 38.9231%; height: 77px; border-style: solid; border-color: #f2d377;\">28 d&#8217;abril de 2026<\/td>\n<td style=\"width: 60.9231%; height: 77px; border-style: solid; border-color: #f2d377;\">Sorteig per resoldre les sol\u00b7licituds de preinscripci\u00f3 empatades en punts. <strong>N\u00famero de sorteig: 42129<\/strong><\/td>\n<\/tr>\n<tr style=\"border-style: solid; border-color: #FFCA08;\">\n<td style=\"width: 38.9231%; height: 52px; border-style: solid; border-color: #f2d377;\">29 d&#8217;abril de 2026<\/td>\n<td style=\"width: 60.9231%; height: 52px; border-style: solid; border-color: #f2d377;\"><a href=\"https:\/\/agora.xtec.cat\/ceipsantantoni\/wp-content\/uploads\/usu1946\/2026\/04\/INFORME_BAREM_DEFINITIU_BAREM-3.pdf\" target=\"_blank\" rel=\"noopener\">Llista ordenada<\/a><\/td>\n<\/tr>\n<tr style=\"border-style: solid; border-color: #FFCA08;\">\n<td style=\"width: 38.9231%; height: 82px; border-style: solid; border-color: #f2d377;\">De l&#8217;1 al 3 de juny de 2026<\/td>\n<td style=\"width: 60.9231%; height: 82px; border-style: solid; border-color: #f2d377;\">Ampliaci\u00f3 de peticions de preinscripci\u00f3 per a alumnes sense pla\u00e7a assignada a cap centre<\/td>\n<\/tr>\n<tr style=\"border-style: solid; border-color: #FFCA08;\">\n<td style=\"width: 38.9231%; height: 52px; border-style: solid; border-color: #f2d377;\">10 de juny de 2026<\/td>\n<td style=\"width: 60.9231%; height: 52px; border-style: solid; border-color: #f2d377;\">Oferta final de places escolars<\/td>\n<\/tr>\n<tr style=\"border-style: solid; border-color: #FFCA08;\">\n<td style=\"width: 38.9231%; height: 52px; border-style: solid; border-color: #f2d377;\">10 de juny de 2026<\/td>\n<td style=\"width: 60.9231%; height: 52px; border-style: solid; border-color: #f2d377;\">Llista d&#8217;alumnes admesos i llista d&#8217;espera<\/td>\n<\/tr>\n<tr style=\"border-style: solid; border-color: #FFCA08;\">\n<td style=\"width: 38.9231%; height: 52px; border-style: solid; border-color: #f2d377;\">Del 22 al 30 de juny de 2026<\/td>\n<td style=\"width: 60.9231%; height: 52px; border-style: solid; border-color: #f2d377;\">Matriculaci\u00f3<\/td>\n<\/tr>\n<\/tbody>\n<\/table>\n<h3><\/h3>\n<p>&nbsp;<\/p>\n<h3>Aviat obrim les portes de la nostra escola!<\/h3>\n<div>\n<h5 dir=\"ltr\">El dimecres 18 de febrer a les 16:30h comen\u00e7arem fent una visita per diferents espais, on podreu parlar amb les mestres, fer preguntes, resoldre dubtes \u2026 Tot seguit, farem una explicaci\u00f3 del projecte educatiu de l\u2019escola.<\/h5>\n<h5 dir=\"ltr\">El dilluns 23 de febrer d\u201911:15h a 12:15 h podreu veure de primera m\u00e0 com \u00e9s el dia a dia a l\u2019escola, l\u2019organitzaci\u00f3 dels espais i el funcionament general.<\/h5>\n<h5 dir=\"ltr\">Podeu venir un dia o els dos dies!<\/h5>\n<h5 dir=\"ltr\">Us podeu inscriure en aquest <a href=\"https:\/\/forms.gle\/KD9RpJyMGAWGSXibA\" target=\"_blank\" rel=\"noopener\">formulari<\/a><\/h5>\n<h5 dir=\"ltr\">Qualsevol dubte, envieu un correu electr\u00f2nic a\u00a0<a title=\"mailto:a8041131@xtec.cat\" href=\"mailto:a8041131@xtec.cat\" data-linkindex=\"3\" data-ogsc=\"\">a8041131@xtec.cat<\/a><\/h5>\n<p>&nbsp;<\/p>\n<\/div>\n<p dir=\"ltr\"><a href=\"https:\/\/agora.xtec.cat\/ceipsantantoni\/wp-content\/uploads\/usu1946\/2026\/01\/6ff81525-70f0-4671-832f-b0458b17eafd.png\"><img loading=\"lazy\" decoding=\"async\" class=\"alignnone wp-image-6844\" src=\"https:\/\/agora.xtec.cat\/ceipsantantoni\/wp-content\/uploads\/usu1946\/2026\/01\/6ff81525-70f0-4671-832f-b0458b17eafd-1024x1024.png\" alt=\"\" width=\"800\" height=\"800\" srcset=\"https:\/\/agora.xtec.cat\/ceipsantantoni\/wp-content\/uploads\/usu1946\/2026\/01\/6ff81525-70f0-4671-832f-b0458b17eafd-1024x1024.png 1024w, https:\/\/agora.xtec.cat\/ceipsantantoni\/wp-content\/uploads\/usu1946\/2026\/01\/6ff81525-70f0-4671-832f-b0458b17eafd-300x300.png 300w, https:\/\/agora.xtec.cat\/ceipsantantoni\/wp-content\/uploads\/usu1946\/2026\/01\/6ff81525-70f0-4671-832f-b0458b17eafd-150x150.png 150w, https:\/\/agora.xtec.cat\/ceipsantantoni\/wp-content\/uploads\/usu1946\/2026\/01\/6ff81525-70f0-4671-832f-b0458b17eafd-768x768.png 768w, https:\/\/agora.xtec.cat\/ceipsantantoni\/wp-content\/uploads\/usu1946\/2026\/01\/6ff81525-70f0-4671-832f-b0458b17eafd.png 1080w\" sizes=\"auto, (max-width: 800px) 100vw, 800px\" \/><\/a><\/p>\n<hr \/>\n<div>\n<div class=\"x_x_gmail_signature\" dir=\"ltr\" data-smartmail=\"gmail_signature\">\n<div dir=\"ltr\">\n<div dir=\"ltr\">\n<div>\n<div><\/div>\n<\/div>\n<\/div>\n<\/div>\n<\/div>\n<\/div>\n<p>&nbsp;<\/p>\n<p><a href=\"https:\/\/agora.xtec.cat\/ceipsantantoni\/wp-content\/uploads\/usu1946\/2025\/06\/Calendari_25-26.png\"><img loading=\"lazy\" decoding=\"async\" class=\"size-large wp-image-6746 aligncenter\" src=\"https:\/\/agora.xtec.cat\/ceipsantantoni\/wp-content\/uploads\/usu1946\/2025\/06\/Calendari_25-26-1024x732.png\" alt=\"\" width=\"1024\" height=\"732\" srcset=\"https:\/\/agora.xtec.cat\/ceipsantantoni\/wp-content\/uploads\/usu1946\/2025\/06\/Calendari_25-26-1024x732.png 1024w, https:\/\/agora.xtec.cat\/ceipsantantoni\/wp-content\/uploads\/usu1946\/2025\/06\/Calendari_25-26-300x215.png 300w, https:\/\/agora.xtec.cat\/ceipsantantoni\/wp-content\/uploads\/usu1946\/2025\/06\/Calendari_25-26-768x549.png 768w, https:\/\/agora.xtec.cat\/ceipsantantoni\/wp-content\/uploads\/usu1946\/2025\/06\/Calendari_25-26.png 1316w\" sizes=\"auto, (max-width: 1024px) 100vw, 1024px\" \/><\/a><\/p>\n<p>&nbsp;<\/p>\n","protected":false},"excerpt":{"rendered":"<p>INFORMACI\u00d3 PREINSCRIPCI\u00d3 I MATR\u00cdCULA\u00a0 CALENDARI DE PREINSCRIPCI\u00d3 I MATR\u00cdCULA. CURS 2026\/2027 Dates Fases de la preinscripci\u00f3 3 de mar\u00e7 de 2026 Oferta inicial de places escolars Del 4 al 18 de mar\u00e7 de 2026 Presentaci\u00f3 de sol\u00b7licituds Fins el 19 de mar\u00e7 Presentaci\u00f3 de documentaci\u00f3 15 d\u2019abril de 2026 Llista de sol\u00b7licituds amb la puntuaci\u00f3 [&hellip;]<\/p>\n","protected":false},"author":1,"featured_media":0,"parent":0,"menu_order":0,"comment_status":"closed","ping_status":"closed","template":"","meta":{"_bbp_topic_count":0,"_bbp_reply_count":0,"_bbp_total_topic_count":0,"_bbp_total_reply_count":0,"_bbp_voice_count":0,"_bbp_anonymous_reply_count":0,"_bbp_topic_count_hidden":0,"_bbp_reply_count_hidden":0,"_bbp_forum_subforum_count":0,"site-sidebar-layout":"default","site-content-layout":"","ast-site-content-layout":"default","site-content-style":"default","site-sidebar-style":"default","ast-global-header-display":"","ast-banner-title-visibility":"","ast-main-header-display":"","ast-hfb-above-header-display":"","ast-hfb-below-header-display":"","ast-hfb-mobile-header-display":"","site-post-title":"","ast-breadcrumbs-content":"","ast-featured-img":"","footer-sml-layout":"","theme-transparent-header-meta":"default","adv-header-id-meta":"","stick-header-meta":"","header-above-stick-meta":"","header-main-stick-meta":"","header-below-stick-meta":"","astra-migrate-meta-layouts":"set","ast-page-background-enabled":"default","ast-page-background-meta":{"desktop":{"background-color":"var(--ast-global-color-4)","background-image":"","background-repeat":"repeat","background-position":"center center","background-size":"auto","background-attachment":"scroll","background-type":"","background-media":"","overlay-type":"","overlay-color":"","overlay-opacity":"","overlay-gradient":""},"tablet":{"background-color":"","background-image":"","background-repeat":"repeat","background-position":"center center","background-size":"auto","background-attachment":"scroll","background-type":"","background-media":"","overlay-type":"","overlay-color":"","overlay-opacity":"","overlay-gradient":""},"mobile":{"background-color":"","background-image":"","background-repeat":"repeat","background-position":"center center","background-size":"auto","background-attachment":"scroll","background-type":"","background-media":"","overlay-type":"","overlay-color":"","overlay-opacity":"","overlay-gradient":""}},"ast-content-background-meta":{"desktop":{"background-color":"var(--ast-global-color-5)","background-image":"","background-repeat":"repeat","background-position":"center center","background-size":"auto","background-attachment":"scroll","background-type":"","background-media":"","overlay-type":"","overlay-color":"","overlay-opacity":"","overlay-gradient":""},"tablet":{"background-color":"var(--ast-global-color-5)","background-image":"","background-repeat":"repeat","background-position":"center center","background-size":"auto","background-attachment":"scroll","background-type":"","background-media":"","overlay-type":"","overlay-color":"","overlay-opacity":"","overlay-gradient":""},"mobile":{"background-color":"var(--ast-global-color-5)","background-image":"","background-repeat":"repeat","background-position":"center center","background-size":"auto","background-attachment":"scroll","background-type":"","background-media":"","overlay-type":"","overlay-color":"","overlay-opacity":"","overlay-gradient":""}},"footnotes":""},"class_list":["post-4034","page","type-page","status-publish","hentry"],"post_mailing_queue_ids":[],"_links":{"self":[{"href":"https:\/\/agora.xtec.cat\/ceipsantantoni\/wp-json\/wp\/v2\/pages\/4034","targetHints":{"allow":["GET"]}}],"collection":[{"href":"https:\/\/agora.xtec.cat\/ceipsantantoni\/wp-json\/wp\/v2\/pages"}],"about":[{"href":"https:\/\/agora.xtec.cat\/ceipsantantoni\/wp-json\/wp\/v2\/types\/page"}],"author":[{"embeddable":true,"href":"https:\/\/agora.xtec.cat\/ceipsantantoni\/wp-json\/wp\/v2\/users\/1"}],"replies":[{"embeddable":true,"href":"https:\/\/agora.xtec.cat\/ceipsantantoni\/wp-json\/wp\/v2\/comments?post=4034"}],"version-history":[{"count":10,"href":"https:\/\/agora.xtec.cat\/ceipsantantoni\/wp-json\/wp\/v2\/pages\/4034\/revisions"}],"predecessor-version":[{"id":6882,"href":"https:\/\/agora.xtec.cat\/ceipsantantoni\/wp-json\/wp\/v2\/pages\/4034\/revisions\/6882"}],"wp:attachment":[{"href":"https:\/\/agora.xtec.cat\/ceipsantantoni\/wp-json\/wp\/v2\/media?parent=4034"}],"curies":[{"name":"wp","href":"https:\/\/api.w.org\/{rel}","templated":true}]}}