{"id":73,"date":"2014-09-18T14:01:51","date_gmt":"2014-09-18T14:01:51","guid":{"rendered":"http:\/\/agora.xtec.cat\/ceipsantaeulalia-berga\/\/?page_id=73"},"modified":"2026-03-27T16:22:33","modified_gmt":"2026-03-27T15:22:33","slug":"menjador-escolar","status":"publish","type":"page","link":"https:\/\/agora.xtec.cat\/ceipsantaeulalia-berga\/serveis\/menjador-escolar\/","title":{"rendered":"Menjador escolar"},"content":{"rendered":"<p style=\"text-align: justify;\">L&#8217;escola ofereix servei de menjador a c\u00e0rrec de l&#8217;empresa &#8220;<strong>CATASA<\/strong>&#8220;, gestionat pel Consell Comarcal.<\/p>\n<p>Per poder gaudir del servei cal omplir i presentar, obligat\u00f2riament, el document d&#8217;inscripci\u00f3 que trobareu <a href=\"https:\/\/drive.google.com\/file\/d\/1AjLIKUJ3tVHFtYh7qtoTaJchwReW3iUu\/view?usp=drive_link\" target=\"_blank\" rel=\"noopener\"><span style=\"color: #00ffdd;\"><span style=\"color: #33cccc;\">aqu\u00cd<\/span><\/span><\/a>.<\/p>\n<p>Us enllacem el document informatiu amb les instruccions de com realitzar els diferents tipus de pagament del servei, clicant <a href=\"https:\/\/drive.google.com\/file\/d\/1zg0NGwSdxrcajcgPAVds2_PPcXFOEMN4\/view?usp=drive_link\" target=\"_blank\" rel=\"noopener noreferrer\"><span style=\"color: #33cccc;\"><strong><span style=\"color: #33cccc;\">aqu\u00ed<\/span><\/strong><\/span><\/a>.<\/p>\n<p>El servei de menjador segueix el seu propi Pla de Funcionament on s&#8217;especifiquen tots els aspectes que tenen a veure amb el funcionament tant de l&#8217;apartat de monitoratge com de cuina. Trobareu el document <a href=\"https:\/\/drive.google.com\/file\/d\/1xTERyUyv1GB7syBmTLVy8pmSYNm2D-sQ\/view?usp=sharing\" target=\"_blank\" rel=\"noopener\"><strong>aqu\u00ed<\/strong><\/a>.<\/p>\n<p style=\"text-align: justify;\">Di\u00e0riament s&#8217;ofereix dinar elaborat a la cuina de l&#8217;escola, amb productes de proximitat i procurant seguir una alimentaci\u00f3 equilibrada i variada, seguint les indicacions de la <span style=\"color: #00ffff;\"><a style=\"color: #00ffff;\" href=\"https:\/\/drive.google.com\/file\/d\/1r--Z1Gu2EkNBxiIsLyhZEugdB1wAk9cG\/view?usp=sharing\" target=\"_blank\" rel=\"noopener\">guia d&#8217;alimentaci\u00f3 saludable a l&#8217;escola.<\/a><\/span><\/p>\n<p>Mini tutorial sobre la plataforma Gwido <span style=\"color: #33cccc;\"><a href=\"https:\/\/drive.google.com\/file\/d\/1j1T9XEhSPRSsqUYYjJbvAweHpWOy-nIj\/view?usp=sharing\"><span style=\"text-decoration: underline;\">aqu\u00ed<\/span><\/a> i <a href=\"https:\/\/drive.google.com\/file\/d\/19KTaC-DwsNweSpAtPvKts9-bMea87gcq\/view?usp=sharing\" target=\"_blank\" rel=\"noopener\"><span style=\"text-decoration: underline;\">aqu\u00ed<\/span><\/a>.<\/span><\/p>\n<p>Preguntes freq\u00fcents de la plataforma Gwido <a href=\"https:\/\/drive.google.com\/file\/d\/12LMjGVMo01SX0ozFa0TsObB00PA4BREA\/view?usp=sharing\" target=\"_blank\" rel=\"noopener\"><span style=\"text-decoration: underline;\"><span style=\"color: #00ffff; text-decoration: underline;\">aqu\u00ed<\/span><\/span><\/a>.<\/p>\n<p style=\"text-align: justify;\"><span style=\"color: #ff6600;\"><strong>MEN\u00da (cliqueu sobre el dibuix dels coberts):<\/strong><\/span><\/p>\n<p><a href=\"https:\/\/drive.google.com\/file\/d\/13Ed3M5I2hFr-iLAisszowKOojHY1SFRn\/view?usp=sharing\" target=\"_blank\" rel=\"noopener noreferrer\"><img loading=\"lazy\" decoding=\"async\" class=\"alignnone wp-image-353\" src=\"http:\/\/agora.xtec.cat\/ceipsantaeulalia-berga\/wp-content\/uploads\/usu104\/2014\/09\/comedor-233x300.gif\" alt=\"menjador\" width=\"149\" height=\"192\" \/><\/a><\/p>\n<p><span style=\"color: #ff6600;\"><b>Personal del menjador<\/b><\/span><\/p>\n<table style=\"width: 53.75%; height: 440px;\">\n<tbody>\n<tr style=\"height: 23px;\">\n<td style=\"height: 23px; width: 30.5%;\">M\u00aa Paz L\u00f3pez<\/td>\n<td style=\"height: 23px; width: 14.2809%;\">Cuinera<\/td>\n<\/tr>\n<tr style=\"height: 23px;\">\n<td style=\"height: 23px; width: 30.5%;\">Toni Carrillo<\/td>\n<td style=\"height: 23px; width: 14.2809%;\">Cuiner<\/td>\n<\/tr>\n<tr style=\"height: 23px;\">\n<td style=\"height: 23px; width: 30.5%;\">M\u00edriam Placeres<\/td>\n<td style=\"height: 23px; width: 14.2809%;\">Cuinera<\/td>\n<\/tr>\n<tr style=\"height: 23px;\">\n<td style=\"height: 23px; width: 30.5%;\">Cl\u00e0udia Gabarr\u00f3s<\/td>\n<td style=\"height: 23px; width: 14.2809%;\">Monitora a I3<\/td>\n<\/tr>\n<tr style=\"height: 23px;\">\n<td style=\"height: 23px; width: 30.5%;\">J\u00e8ssica Portell<\/td>\n<td style=\"height: 23px; width: 14.2809%;\">Monitora a I4<\/td>\n<\/tr>\n<tr style=\"height: 23px;\">\n<td style=\"height: 23px; width: 30.5%;\">Laia Torrents<\/td>\n<td style=\"height: 23px; width: 14.2809%;\">Monitora a I5<\/td>\n<\/tr>\n<tr style=\"height: 23px;\">\n<td style=\"height: 23px; width: 30.5%;\">Oriol Garcia<\/td>\n<td style=\"height: 23px; width: 14.2809%;\">Monitor a P1<\/td>\n<\/tr>\n<tr style=\"height: 23px;\">\n<td style=\"height: 23px; width: 30.5%;\">Joan Boixader<\/td>\n<td style=\"height: 23px; width: 14.2809%;\">Monitor a P2<\/td>\n<\/tr>\n<tr style=\"height: 23px;\">\n<td style=\"height: 23px; width: 30.5%;\">J\u00falia Vila<\/td>\n<td style=\"height: 23px; width: 14.2809%;\">Monitora a P3<\/td>\n<\/tr>\n<tr style=\"height: 23px;\">\n<td style=\"height: 23px; width: 30.5%;\">David Dominguez<\/td>\n<td style=\"height: 23px; width: 14.2809%;\">Monitor a P4<\/td>\n<\/tr>\n<tr style=\"height: 23px;\">\n<td style=\"height: 23px; width: 30.5%;\">Eva Capellan<\/td>\n<td style=\"height: 23px; width: 14.2809%;\">Monitora a P5<\/td>\n<\/tr>\n<tr style=\"height: 23px;\">\n<td style=\"height: 23px; width: 30.5%;\">Queralt Guiu<\/td>\n<td style=\"height: 23px; width: 14.2809%;\">Monitora a P6<\/td>\n<\/tr>\n<tr style=\"height: 23px;\">\n<td style=\"height: 23px; width: 30.5%;\">Mireia Benedi<\/td>\n<td style=\"height: 23px; width: 14.2809%;\">Monitora de refor\u00e7<\/td>\n<\/tr>\n<tr style=\"height: 23px;\">\n<td style=\"height: 23px; width: 30.5%;\"><\/td>\n<td style=\"height: 23px; width: 14.2809%;\"><\/td>\n<\/tr>\n<tr style=\"height: 118px;\">\n<td style=\"height: 118px; width: 30.5%;\">\n<p style=\"text-align: left;\">Vanessa Belmar<\/p>\n<p style=\"text-align: left;\">Laura Cort<\/p>\n<\/td>\n<td style=\"height: 118px; width: 14.2809%;\">Coordinadores del servei de monitoratge<\/td>\n<\/tr>\n<\/tbody>\n<\/table>\n","protected":false},"excerpt":{"rendered":"<p>L&#8217;escola ofereix servei de menjador a c\u00e0rrec de l&#8217;empresa &#8220;CATASA&#8220;, gestionat pel Consell Comarcal. Per poder gaudir del servei cal omplir i presentar, obligat\u00f2riament, el document d&#8217;inscripci\u00f3 que trobareu aqu\u00cd. Us enllacem el document informatiu amb les instruccions de com realitzar els diferents tipus de pagament del servei, clicant aqu\u00ed. El servei de menjador segueix [&hellip;]<\/p>\n","protected":false},"author":2,"featured_media":0,"parent":66,"menu_order":1,"comment_status":"closed","ping_status":"closed","template":"","meta":{"_bbp_topic_count":0,"_bbp_reply_count":0,"_bbp_total_topic_count":0,"_bbp_total_reply_count":0,"_bbp_voice_count":0,"_bbp_anonymous_reply_count":0,"_bbp_topic_count_hidden":0,"_bbp_reply_count_hidden":0,"_bbp_forum_subforum_count":0,"site-sidebar-layout":"default","site-content-layout":"","ast-site-content-layout":"default","site-content-style":"default","site-sidebar-style":"default","ast-global-header-display":"","ast-banner-title-visibility":"","ast-main-header-display":"","ast-hfb-above-header-display":"","ast-hfb-below-header-display":"","ast-hfb-mobile-header-display":"","site-post-title":"","ast-breadcrumbs-content":"","ast-featured-img":"","footer-sml-layout":"","theme-transparent-header-meta":"","adv-header-id-meta":"","stick-header-meta":"","header-above-stick-meta":"","header-main-stick-meta":"","header-below-stick-meta":"","astra-migrate-meta-layouts":"set","ast-page-background-enabled":"default","ast-page-background-meta":{"desktop":{"background-color":"var(--ast-global-color-4)","background-image":"","background-repeat":"repeat","background-position":"center center","background-size":"auto","background-attachment":"scroll","background-type":"","background-media":"","overlay-type":"","overlay-color":"","overlay-opacity":"","overlay-gradient":""},"tablet":{"background-color":"","background-image":"","background-repeat":"repeat","background-position":"center center","background-size":"auto","background-attachment":"scroll","background-type":"","background-media":"","overlay-type":"","overlay-color":"","overlay-opacity":"","overlay-gradient":""},"mobile":{"background-color":"","background-image":"","background-repeat":"repeat","background-position":"center center","background-size":"auto","background-attachment":"scroll","background-type":"","background-media":"","overlay-type":"","overlay-color":"","overlay-opacity":"","overlay-gradient":""}},"ast-content-background-meta":{"desktop":{"background-color":"var(--ast-global-color-5)","background-image":"","background-repeat":"repeat","background-position":"center center","background-size":"auto","background-attachment":"scroll","background-type":"","background-media":"","overlay-type":"","overlay-color":"","overlay-opacity":"","overlay-gradient":""},"tablet":{"background-color":"var(--ast-global-color-5)","background-image":"","background-repeat":"repeat","background-position":"center center","background-size":"auto","background-attachment":"scroll","background-type":"","background-media":"","overlay-type":"","overlay-color":"","overlay-opacity":"","overlay-gradient":""},"mobile":{"background-color":"var(--ast-global-color-5)","background-image":"","background-repeat":"repeat","background-position":"center center","background-size":"auto","background-attachment":"scroll","background-type":"","background-media":"","overlay-type":"","overlay-color":"","overlay-opacity":"","overlay-gradient":""}},"footnotes":""},"class_list":["post-73","page","type-page","status-publish","hentry"],"post_mailing_queue_ids":[],"_links":{"self":[{"href":"https:\/\/agora.xtec.cat\/ceipsantaeulalia-berga\/wp-json\/wp\/v2\/pages\/73","targetHints":{"allow":["GET"]}}],"collection":[{"href":"https:\/\/agora.xtec.cat\/ceipsantaeulalia-berga\/wp-json\/wp\/v2\/pages"}],"about":[{"href":"https:\/\/agora.xtec.cat\/ceipsantaeulalia-berga\/wp-json\/wp\/v2\/types\/page"}],"author":[{"embeddable":true,"href":"https:\/\/agora.xtec.cat\/ceipsantaeulalia-berga\/wp-json\/wp\/v2\/users\/2"}],"replies":[{"embeddable":true,"href":"https:\/\/agora.xtec.cat\/ceipsantaeulalia-berga\/wp-json\/wp\/v2\/comments?post=73"}],"version-history":[{"count":6,"href":"https:\/\/agora.xtec.cat\/ceipsantaeulalia-berga\/wp-json\/wp\/v2\/pages\/73\/revisions"}],"predecessor-version":[{"id":7939,"href":"https:\/\/agora.xtec.cat\/ceipsantaeulalia-berga\/wp-json\/wp\/v2\/pages\/73\/revisions\/7939"}],"up":[{"embeddable":true,"href":"https:\/\/agora.xtec.cat\/ceipsantaeulalia-berga\/wp-json\/wp\/v2\/pages\/66"}],"wp:attachment":[{"href":"https:\/\/agora.xtec.cat\/ceipsantaeulalia-berga\/wp-json\/wp\/v2\/media?parent=73"}],"curies":[{"name":"wp","href":"https:\/\/api.w.org\/{rel}","templated":true}]}}