{"id":635,"date":"2015-10-28T10:39:46","date_gmt":"2015-10-28T09:39:46","guid":{"rendered":"http:\/\/agora.xtec.cat\/ceipsantaeulalia-berga\/?page_id=635"},"modified":"2026-01-04T15:56:37","modified_gmt":"2026-01-04T14:56:37","slug":"emprenedoria-a-lescola","status":"publish","type":"page","link":"https:\/\/agora.xtec.cat\/ceipsantaeulalia-berga\/projectes-descola\/emprenedoria-a-lescola\/","title":{"rendered":"Emprenedoria a l&#8217;escola"},"content":{"rendered":"<p style=\"text-align: justify;\">El curs 15-16 ens vam afegir\u00a0a la llista d&#8217;escoles de la comarca que treballen aquest projecte al Cicle Superior de l&#8217;educaci\u00f3 prim\u00e0ria.<\/p>\n<p style=\"text-align: justify;\">La finalitat d&#8217;aquesta activitat que duran a terme els alumnes de cinqu\u00e8, \u00e9s treballar el foment de la cultura emprenedora per a desenvolupar els valors, h\u00e0bits i capacitats claus vinculades a l&#8217;emprenedoria:<\/p>\n<ul style=\"text-align: justify;\">\n<li style=\"text-align: justify;\">L&#8217;observaci\u00f3 i l&#8217;exploraci\u00f3<\/li>\n<li style=\"text-align: justify;\">La iniciativa i la creativitat<\/li>\n<li style=\"text-align: justify;\">La responsabilitat<\/li>\n<li style=\"text-align: justify;\">La presa de decisions i l&#8217;assumpci\u00f3 de risc<\/li>\n<li style=\"text-align: justify;\">La flexibilitat i la perseveran\u00e7a<\/li>\n<li style=\"text-align: justify;\">La recerca i optimitzaci\u00f3 de recursos com la informaci\u00f3 i les tecnologies<\/li>\n<li style=\"text-align: justify;\">La cooperaci\u00f3 i la solidaritat<\/li>\n<li style=\"text-align: justify;\">El coneixement i el respecte de l&#8217;entorn<\/li>\n<li style=\"text-align: justify;\">El treball col\u00b7laboratiu i en equip.<\/li>\n<\/ul>\n<p style=\"text-align: justify;\">A l&#8217;aula es far\u00e0 un treball per projectes innovador i arrelat al context local, a trav\u00e9s d&#8217;una cooperativa organitzada a l&#8217;aula que comporta:<\/p>\n<p style=\"text-align: justify;\">-Constituci\u00f3<\/p>\n<p style=\"text-align: justify;\">-Elecci\u00f3 del producte<\/p>\n<p style=\"text-align: justify;\">-Imatge corporativa<\/p>\n<p style=\"text-align: justify;\">-Producci\u00f3 i venda en un mercat local<\/p>\n<p style=\"text-align: justify;\">-Aportaci\u00f3 dels beneficis a projectes socials<\/p>\n<p style=\"text-align: justify;\">Les activitats previstes aportaran a l&#8217;alumnat:<\/p>\n<p style=\"text-align: justify;\">L&#8217;aprenentatge significatiu de valors i habilitats emprenedores des d&#8217;un plantejament integrador, orientat a l&#8217;aplicaci\u00f3 dels sabers adquirits i a la participaci\u00f3 real i efectiva de l&#8217;alumnat.<\/p>\n<p style=\"text-align: justify;\">La implicaci\u00f3 de la comunicat educativa i el contacte amb entitats i empreses del territori, facilitant la integraci\u00f3 de l&#8217;escola a l&#8217;entorn. (Al Bergued\u00e0 el programa es realitza entre l&#8217;Ag\u00e8ncia de Desenvolupament del Bergued\u00e0 i l&#8217;Ajuntament de Berga i les dues entitats i l&#8217;escola treballen de manera conjunta per coordinar totes les tasques, desenvolupar el programa i fer l&#8217;avaluaci\u00f3 del seu funcionament).<\/p>\n<p style=\"text-align: justify;\">-L&#8217;aprenentatge transversal que refor\u00e7a l&#8217;adquisici\u00f3 de les compet\u00e8ncies b\u00e0siques del curr\u00edculum.<\/p>\n<p style=\"text-align: center;\"><a href=\"https:\/\/agora.xtec.cat\/ceipsantaeulalia-berga\/wp-content\/uploads\/usu104\/2018\/10\/5-novembre-173_opt.jpg\"><img loading=\"lazy\" decoding=\"async\" class=\"alignnone size-full wp-image-3326\" src=\"https:\/\/agora.xtec.cat\/ceipsantaeulalia-berga\/wp-content\/uploads\/usu104\/2018\/10\/5-novembre-173_opt.jpg\" alt=\"\" width=\"400\" height=\"300\" srcset=\"https:\/\/agora.xtec.cat\/ceipsantaeulalia-berga\/wp-content\/uploads\/usu104\/2018\/10\/5-novembre-173_opt.jpg 400w, https:\/\/agora.xtec.cat\/ceipsantaeulalia-berga\/wp-content\/uploads\/usu104\/2018\/10\/5-novembre-173_opt-300x225.jpg 300w, https:\/\/agora.xtec.cat\/ceipsantaeulalia-berga\/wp-content\/uploads\/usu104\/2018\/10\/5-novembre-173_opt-200x150.jpg 200w\" sizes=\"auto, (max-width: 400px) 100vw, 400px\" \/><\/a><\/p>\n<p style=\"text-align: justify;\"><a href=\"http:\/\/agora.xtec.cat\/ceipsantaeulalia-berga\/wp-content\/uploads\/usu104\/2015\/04\/logoajuntament.png\"><img loading=\"lazy\" decoding=\"async\" class=\"alignnone size-full wp-image-600\" src=\"http:\/\/agora.xtec.cat\/ceipsantaeulalia-berga\/wp-content\/uploads\/usu104\/2015\/04\/logoajuntament.png\" alt=\"logoajuntament\" width=\"210\" height=\"92\" \/><\/a>\u00a0<a href=\"http:\/\/agora.xtec.cat\/ceipsantaeulalia-berga\/wp-content\/uploads\/usu104\/2015\/10\/\u00edndex.png\"><img loading=\"lazy\" decoding=\"async\" class=\"alignnone wp-image-659\" src=\"http:\/\/agora.xtec.cat\/ceipsantaeulalia-berga\/wp-content\/uploads\/usu104\/2015\/10\/\u00edndex.png\" alt=\"\u00edndex\" width=\"171\" height=\"111\" \/><\/a><\/p>\n","protected":false},"excerpt":{"rendered":"<p>El curs 15-16 ens vam afegir\u00a0a la llista d&#8217;escoles de la comarca que treballen aquest projecte al Cicle Superior de l&#8217;educaci\u00f3 prim\u00e0ria. La finalitat d&#8217;aquesta activitat que duran a terme els alumnes de cinqu\u00e8, \u00e9s treballar el foment de la cultura emprenedora per a desenvolupar els valors, h\u00e0bits i capacitats claus vinculades a l&#8217;emprenedoria: L&#8217;observaci\u00f3 [&hellip;]<\/p>\n","protected":false},"author":1,"featured_media":0,"parent":3494,"menu_order":2,"comment_status":"closed","ping_status":"closed","template":"","meta":{"_bbp_topic_count":0,"_bbp_reply_count":0,"_bbp_total_topic_count":0,"_bbp_total_reply_count":0,"_bbp_voice_count":0,"_bbp_anonymous_reply_count":0,"_bbp_topic_count_hidden":0,"_bbp_reply_count_hidden":0,"_bbp_forum_subforum_count":0,"site-sidebar-layout":"default","site-content-layout":"","ast-site-content-layout":"default","site-content-style":"default","site-sidebar-style":"default","ast-global-header-display":"","ast-banner-title-visibility":"","ast-main-header-display":"","ast-hfb-above-header-display":"","ast-hfb-below-header-display":"","ast-hfb-mobile-header-display":"","site-post-title":"","ast-breadcrumbs-content":"","ast-featured-img":"","footer-sml-layout":"","theme-transparent-header-meta":"","adv-header-id-meta":"","stick-header-meta":"","header-above-stick-meta":"","header-main-stick-meta":"","header-below-stick-meta":"","astra-migrate-meta-layouts":"set","ast-page-background-enabled":"default","ast-page-background-meta":{"desktop":{"background-color":"var(--ast-global-color-4)","background-image":"","background-repeat":"repeat","background-position":"center center","background-size":"auto","background-attachment":"scroll","background-type":"","background-media":"","overlay-type":"","overlay-color":"","overlay-opacity":"","overlay-gradient":""},"tablet":{"background-color":"","background-image":"","background-repeat":"repeat","background-position":"center center","background-size":"auto","background-attachment":"scroll","background-type":"","background-media":"","overlay-type":"","overlay-color":"","overlay-opacity":"","overlay-gradient":""},"mobile":{"background-color":"","background-image":"","background-repeat":"repeat","background-position":"center center","background-size":"auto","background-attachment":"scroll","background-type":"","background-media":"","overlay-type":"","overlay-color":"","overlay-opacity":"","overlay-gradient":""}},"ast-content-background-meta":{"desktop":{"background-color":"var(--ast-global-color-5)","background-image":"","background-repeat":"repeat","background-position":"center center","background-size":"auto","background-attachment":"scroll","background-type":"","background-media":"","overlay-type":"","overlay-color":"","overlay-opacity":"","overlay-gradient":""},"tablet":{"background-color":"var(--ast-global-color-5)","background-image":"","background-repeat":"repeat","background-position":"center center","background-size":"auto","background-attachment":"scroll","background-type":"","background-media":"","overlay-type":"","overlay-color":"","overlay-opacity":"","overlay-gradient":""},"mobile":{"background-color":"var(--ast-global-color-5)","background-image":"","background-repeat":"repeat","background-position":"center center","background-size":"auto","background-attachment":"scroll","background-type":"","background-media":"","overlay-type":"","overlay-color":"","overlay-opacity":"","overlay-gradient":""}},"footnotes":""},"class_list":["post-635","page","type-page","status-publish","hentry"],"post_mailing_queue_ids":[],"_links":{"self":[{"href":"https:\/\/agora.xtec.cat\/ceipsantaeulalia-berga\/wp-json\/wp\/v2\/pages\/635","targetHints":{"allow":["GET"]}}],"collection":[{"href":"https:\/\/agora.xtec.cat\/ceipsantaeulalia-berga\/wp-json\/wp\/v2\/pages"}],"about":[{"href":"https:\/\/agora.xtec.cat\/ceipsantaeulalia-berga\/wp-json\/wp\/v2\/types\/page"}],"author":[{"embeddable":true,"href":"https:\/\/agora.xtec.cat\/ceipsantaeulalia-berga\/wp-json\/wp\/v2\/users\/1"}],"replies":[{"embeddable":true,"href":"https:\/\/agora.xtec.cat\/ceipsantaeulalia-berga\/wp-json\/wp\/v2\/comments?post=635"}],"version-history":[{"count":4,"href":"https:\/\/agora.xtec.cat\/ceipsantaeulalia-berga\/wp-json\/wp\/v2\/pages\/635\/revisions"}],"predecessor-version":[{"id":7640,"href":"https:\/\/agora.xtec.cat\/ceipsantaeulalia-berga\/wp-json\/wp\/v2\/pages\/635\/revisions\/7640"}],"up":[{"embeddable":true,"href":"https:\/\/agora.xtec.cat\/ceipsantaeulalia-berga\/wp-json\/wp\/v2\/pages\/3494"}],"wp:attachment":[{"href":"https:\/\/agora.xtec.cat\/ceipsantaeulalia-berga\/wp-json\/wp\/v2\/media?parent=635"}],"curies":[{"name":"wp","href":"https:\/\/api.w.org\/{rel}","templated":true}]}}

<p style="text-align: justify;">El curs 15-16 ens vam afegir a la llista d&#8217;escoles de la comarca que treballen aquest projecte al Cicle Superior de l&#8217;educació primària.</p>
<p style="text-align: justify;">La finalitat d&#8217;aquesta activitat que duran a terme els alumnes de cinquè, és treballar el foment de la cultura emprenedora per a desenvolupar els valors, hàbits i capacitats claus vinculades a l&#8217;emprenedoria:</p>
<ul style="text-align: justify;">
<li style="text-align: justify;">L&#8217;observació i l&#8217;exploració</li>
<li style="text-align: justify;">La iniciativa i la creativitat</li>
<li style="text-align: justify;">La responsabilitat</li>
<li style="text-align: justify;">La presa de decisions i l&#8217;assumpció de risc</li>
<li style="text-align: justify;">La flexibilitat i la perseverança</li>
<li style="text-align: justify;">La recerca i optimització de recursos com la informació i les tecnologies</li>
<li style="text-align: justify;">La cooperació i la solidaritat</li>
<li style="text-align: justify;">El coneixement i el respecte de l&#8217;entorn</li>
<li style="text-align: justify;">El treball col·laboratiu i en equip.</li>
</ul>
<p style="text-align: justify;">A l&#8217;aula es farà un treball per projectes innovador i arrelat al context local, a través d&#8217;una cooperativa organitzada a l&#8217;aula que comporta:</p>
<p style="text-align: justify;">-Constitució</p>
<p style="text-align: justify;">-Elecció del producte</p>
<p style="text-align: justify;">-Imatge corporativa</p>
<p style="text-align: justify;">-Producció i venda en un mercat local</p>
<p style="text-align: justify;">-Aportació dels beneficis a projectes socials</p>
<p style="text-align: justify;">Les activitats previstes aportaran a l&#8217;alumnat:</p>
<p style="text-align: justify;">L&#8217;aprenentatge significatiu de valors i habilitats emprenedores des d&#8217;un plantejament integrador, orientat a l&#8217;aplicació dels sabers adquirits i a la participació real i efectiva de l&#8217;alumnat.</p>
<p style="text-align: justify;">La implicació de la comunicat educativa i el contacte amb entitats i empreses del territori, facilitant la integració de l&#8217;escola a l&#8217;entorn. (Al Berguedà el programa es realitza entre l&#8217;Agència de Desenvolupament del Berguedà i l&#8217;Ajuntament de Berga i les dues entitats i l&#8217;escola treballen de manera conjunta per coordinar totes les tasques, desenvolupar el programa i fer l&#8217;avaluació del seu funcionament).</p>
<p style="text-align: justify;">-L&#8217;aprenentatge transversal que reforça l&#8217;adquisició de les competències bàsiques del currículum.</p>
<p style="text-align: center;"><a href="https://agora.xtec.cat/ceipsantaeulalia-berga/wp-content/uploads/usu104/2018/10/5-novembre-173_opt.jpg"><img loading="lazy" decoding="async" class="alignnone size-full wp-image-3326" src="https://agora.xtec.cat/ceipsantaeulalia-berga/wp-content/uploads/usu104/2018/10/5-novembre-173_opt.jpg" alt="" width="400" height="300" srcset="https://agora.xtec.cat/ceipsantaeulalia-berga/wp-content/uploads/usu104/2018/10/5-novembre-173_opt.jpg 400w, https://agora.xtec.cat/ceipsantaeulalia-berga/wp-content/uploads/usu104/2018/10/5-novembre-173_opt-300x225.jpg 300w, https://agora.xtec.cat/ceipsantaeulalia-berga/wp-content/uploads/usu104/2018/10/5-novembre-173_opt-200x150.jpg 200w" sizes="auto, (max-width: 400px) 100vw, 400px" /></a></p>
<p style="text-align: justify;"><a href="http://agora.xtec.cat/ceipsantaeulalia-berga/wp-content/uploads/usu104/2015/04/logoajuntament.png"><img loading="lazy" decoding="async" class="alignnone size-full wp-image-600" src="http://agora.xtec.cat/ceipsantaeulalia-berga/wp-content/uploads/usu104/2015/04/logoajuntament.png" alt="logoajuntament" width="210" height="92" /></a> <a href="http://agora.xtec.cat/ceipsantaeulalia-berga/wp-content/uploads/usu104/2015/10/índex.png"><img loading="lazy" decoding="async" class="alignnone wp-image-659" src="http://agora.xtec.cat/ceipsantaeulalia-berga/wp-content/uploads/usu104/2015/10/índex.png" alt="índex" width="171" height="111" /></a></p>

<p>El curs 15-16 ens vam afegir a la llista d&#8217;escoles de la comarca que treballen aquest projecte al Cicle Superior de l&#8217;educació primària. La finalitat d&#8217;aquesta activitat que duran a terme els alumnes de cinquè, és treballar el foment de la cultura emprenedora per a desenvolupar els valors, hàbits i capacitats claus vinculades a l&#8217;emprenedoria: L&#8217;observació [&hellip;]</p>
