{"id":505,"date":"2015-10-02T10:44:40","date_gmt":"2015-10-02T09:44:40","guid":{"rendered":"http:\/\/agora.xtec.cat\/ceipsantaeulalia-berga\/?page_id=505"},"modified":"2026-01-04T16:30:19","modified_gmt":"2026-01-04T15:30:19","slug":"sortides-i-colonies","status":"publish","type":"page","link":"https:\/\/agora.xtec.cat\/ceipsantaeulalia-berga\/sortides-i-colonies\/","title":{"rendered":"Sortides i col\u00f2nies"},"content":{"rendered":"<p><span style=\"color: #ff6600;\"><strong><a href=\"http:\/\/agora.xtec.cat\/ceipsantaeulalia-berga\/wp-content\/uploads\/usu104\/2015\/10\/1076-destacat.gif\"><img loading=\"lazy\" decoding=\"async\" class=\"alignnone size-full wp-image-580\" src=\"http:\/\/agora.xtec.cat\/ceipsantaeulalia-berga\/wp-content\/uploads\/usu104\/2015\/10\/1076-destacat.gif\" alt=\"1076-destacat\" width=\"252\" height=\"90\" \/><\/a><\/strong><\/span><\/p>\n<p>Les sortides i col\u00f2nies\u00a0estan incloses dins la programaci\u00f3 general de centre.\u00a0A m\u00e9s, es realitzen sortides locals per tal de fer treballs d&#8217;observaci\u00f3 relacionats amb els temes que es treballen, despla\u00e7aments per fer activitats esportives, activitats derivades de projectes en els quals participem, etc.<\/p>\n<p><span style=\"color: #ff6600;\"><strong>EDUCACI\u00d3 INFANTIL<\/strong><\/span><\/p>\n<table style=\"height: 269px; border-color: #000000; background-color: #faf7f7; width: 51.7826%;\" width=\"783\">\n<tbody>\n<tr style=\"height: 31px;\">\n<td style=\"border-color: #000000; text-align: center; background-color: #f0eded; width: 32.1154%; height: 31px;\">data<\/td>\n<td style=\"border-color: #000000; text-align: center; background-color: #f0eded; width: 101.597%; height: 31px;\">sortida i lloc<\/td>\n<\/tr>\n<tr style=\"height: 31px;\">\n<td style=\"border-color: #000000; text-align: center; background-color: #f0eded; width: 32.1154%; height: 31px;\"><\/td>\n<td style=\"border-color: #000000; text-align: center; background-color: #f0eded; width: 101.597%; height: 31px;\"><\/td>\n<\/tr>\n<tr style=\"height: 31px;\">\n<td style=\"border-color: #000000; text-align: center; background-color: #f0eded; width: 32.1154%; height: 31px;\"><\/td>\n<td style=\"border-color: #000000; text-align: center; background-color: #f0eded; width: 101.597%; height: 31px;\"><\/td>\n<\/tr>\n<tr style=\"height: 31px;\">\n<td style=\"border-color: #000000; text-align: center; background-color: #f0eded; width: 32.1154%; height: 31px;\"><\/td>\n<td style=\"border-color: #000000; text-align: center; background-color: #f0eded; width: 101.597%; height: 31px;\"><\/td>\n<\/tr>\n<tr>\n<td style=\"border-color: #000000; text-align: center; background-color: #f0eded; width: 32.1154%;\"><\/td>\n<td style=\"border-color: #000000; text-align: center; background-color: #f0eded; width: 101.597%;\"><\/td>\n<\/tr>\n<tr style=\"height: 31px;\">\n<td style=\"border-color: #000000; text-align: center; background-color: #f0eded; width: 32.1154%; height: 31px;\"><\/td>\n<td style=\"border-color: #000000; text-align: center; background-color: #f0eded; width: 101.597%; height: 31px;\"><\/td>\n<\/tr>\n<tr style=\"height: 31px;\">\n<td style=\"border-color: #000000; text-align: center; background-color: #f0eded; width: 32.1154%; height: 31px;\"><\/td>\n<td style=\"border-color: #000000; text-align: center; background-color: #f0eded; width: 101.597%; height: 31px;\"><\/td>\n<\/tr>\n<tr style=\"height: 50px;\">\n<td style=\"border-color: #000000; text-align: center; background-color: #f0eded; width: 32.1154%; height: 50px;\"><\/td>\n<td style=\"border-color: #000000; text-align: center; background-color: #f0eded; width: 101.597%; height: 50px;\"><\/td>\n<\/tr>\n<tr>\n<td style=\"border-color: #000000; text-align: center; background-color: #f0eded; width: 32.1154%;\"><\/td>\n<td style=\"border-color: #000000; text-align: center; background-color: #f0eded; width: 101.597%;\"><\/td>\n<\/tr>\n<\/tbody>\n<\/table>\n<p><span style=\"color: #ff6600;\"><b>CICLE INICIAL<\/b><\/span><\/p>\n<table style=\"height: 161px; width: 63.2615%;\" width=\"795\">\n<tbody>\n<tr style=\"height: 23px;\">\n<td style=\"border-color: #000000; text-align: center; background-color: #f0eded; width: 31.6384%; height: 23px;\">data<\/td>\n<td style=\"border-color: #000000; text-align: center; background-color: #f0eded; width: 66.855%; height: 23px;\">sortida i lloc<\/td>\n<\/tr>\n<tr style=\"height: 46px;\">\n<td style=\"border-color: #000000; text-align: center; background-color: #f0eded; width: 31.6384%; height: 46px;\"><\/td>\n<td style=\"border-color: #000000; text-align: center; background-color: #f0eded; width: 66.855%; height: 46px;\"><\/td>\n<\/tr>\n<tr style=\"height: 23px;\">\n<td style=\"border-color: #000000; text-align: center; background-color: #f0eded; width: 31.6384%; height: 23px;\"><\/td>\n<td style=\"border-color: #000000; text-align: center; background-color: #f0eded; width: 66.855%; height: 23px;\"><\/td>\n<\/tr>\n<tr style=\"height: 23px;\">\n<td style=\"border-color: #000000; text-align: center; background-color: #f0eded; width: 31.6384%; height: 23px;\"><\/td>\n<td style=\"border-color: #000000; text-align: center; background-color: #f0eded; width: 66.855%; height: 23px;\"><\/td>\n<\/tr>\n<tr style=\"height: 31px;\">\n<td style=\"border-color: #000000; text-align: center; background-color: #f0eded; width: 31.6384%; height: 31px;\"><\/td>\n<td style=\"border-color: #000000; text-align: center; background-color: #f0eded; width: 66.855%; height: 31px;\"><\/td>\n<\/tr>\n<tr style=\"height: 23px;\">\n<td style=\"border-color: #000000; text-align: center; background-color: #f0eded; width: 31.6384%; height: 23px;\"><\/td>\n<td style=\"border-color: #000000; text-align: center; background-color: #f0eded; width: 66.855%; height: 23px;\"><\/td>\n<\/tr>\n<\/tbody>\n<\/table>\n<p><span style=\"color: #ff6600;\"><strong>CICLE MITJ\u00c0<\/strong><\/span><\/p>\n<table style=\"height: 227px; width: 528px;\" width=\"798\">\n<tbody>\n<tr>\n<td style=\"border-color: #000000; text-align: center; background-color: #f0eded; width: 188px;\">data<\/td>\n<td style=\"border-color: #000000; text-align: center; background-color: #f0eded; width: 340px;\">sortida i lloc<\/td>\n<\/tr>\n<tr>\n<td style=\"border-color: #000000; text-align: center; background-color: #f0eded; width: 188px;\"><\/td>\n<td style=\"border-color: #000000; text-align: center; background-color: #f0eded; width: 340px;\"><\/td>\n<\/tr>\n<tr>\n<td style=\"border-color: #000000; text-align: center; background-color: #f0eded; width: 188px;\"><\/td>\n<td style=\"border-color: #000000; text-align: center; background-color: #f0eded; width: 340px;\"><\/td>\n<\/tr>\n<tr style=\"height: 23px;\">\n<td style=\"border-color: #000000; text-align: center; background-color: #f0eded; width: 188px; height: 23px;\"><\/td>\n<td style=\"border-color: #000000; text-align: center; background-color: #f0eded; width: 340px; height: 23px;\"><\/td>\n<\/tr>\n<tr style=\"height: 31px;\">\n<td style=\"border-color: #000000; text-align: center; background-color: #f0eded; width: 188px; height: 31px;\"><\/td>\n<td style=\"border-color: #000000; text-align: center; background-color: #f0eded; width: 340px; height: 31px;\"><\/td>\n<\/tr>\n<tr>\n<td style=\"border-color: #000000; text-align: center; background-color: #f0eded; width: 188px;\"><\/td>\n<td style=\"border-color: #000000; text-align: center; background-color: #f0eded; width: 340px;\"><\/td>\n<\/tr>\n<tr>\n<td style=\"border-color: #000000; text-align: center; background-color: #f0eded; width: 188px;\"><\/td>\n<td style=\"border-color: #000000; text-align: center; background-color: #f0eded; width: 340px;\"><\/td>\n<\/tr>\n<\/tbody>\n<\/table>\n<p><span style=\"color: #ff6600;\"><strong>CICLE SUPERIOR<\/strong><\/span><\/p>\n<table style=\"height: 272px; width: 62.044%;\" width=\"792\">\n<tbody>\n<tr style=\"height: 33px;\">\n<td style=\"border-color: #000000; text-align: center; background-color: #f0eded; height: 33px; width: 33.2692%;\">data<\/td>\n<td style=\"border-color: #000000; text-align: center; background-color: #f0eded; height: 33px; width: 121.844%;\">sortida i lloc<\/td>\n<\/tr>\n<tr style=\"height: 49px;\">\n<td style=\"border-color: #000000; text-align: center; background-color: #f0eded; height: 10px; width: 33.2692%;\"><\/td>\n<td style=\"border-color: #000000; text-align: center; background-color: #f0eded; height: 10px; width: 121.844%;\"><\/td>\n<\/tr>\n<tr>\n<td style=\"border-color: #000000; text-align: center; background-color: #f0eded; width: 33.2692%;\"><\/td>\n<td style=\"border-color: #000000; text-align: center; background-color: #f0eded; width: 121.844%;\"><\/td>\n<\/tr>\n<tr style=\"height: 23px;\">\n<td style=\"border-color: #000000; text-align: center; background-color: #f0eded; width: 33.2692%; height: 23px;\"><\/td>\n<td style=\"border-color: #000000; text-align: center; background-color: #f0eded; width: 121.844%; height: 23px;\"><\/td>\n<\/tr>\n<tr style=\"height: 23px;\">\n<td style=\"border-color: #000000; text-align: center; background-color: #f0eded; width: 33.2692%; height: 23px;\"><\/td>\n<td style=\"border-color: #000000; text-align: center; background-color: #f0eded; width: 121.844%; height: 23px;\"><\/td>\n<\/tr>\n<tr style=\"height: 31px;\">\n<td style=\"border-color: #000000; text-align: center; background-color: #f0eded; width: 33.2692%; height: 31px;\"><\/td>\n<td style=\"border-color: #000000; text-align: center; background-color: #f0eded; width: 121.844%; height: 31px;\"><\/td>\n<\/tr>\n<tr>\n<td style=\"border-color: #000000; text-align: center; background-color: #f0eded; width: 33.2692%;\"><\/td>\n<td style=\"border-color: #000000; text-align: center; background-color: #f0eded; width: 121.844%;\"><\/td>\n<\/tr>\n<\/tbody>\n<\/table>\n<p>Descarrega&#8217;t l&#8217;autoritzaci\u00f3 de sortides pels voltants de l&#8217;escola\u00a0<a href=\"https:\/\/drive.google.com\/file\/d\/1OXpyDUbWUzDgI9K-DRlF6fzwmp_3SS-M\/view?usp=sharing\" target=\"_blank\" rel=\"noopener noreferrer\">aqu\u00ed<\/a>.<\/p>\n","protected":false},"excerpt":{"rendered":"<p>Les sortides i col\u00f2nies\u00a0estan incloses dins la programaci\u00f3 general de centre.\u00a0A m\u00e9s, es realitzen sortides locals per tal de fer treballs d&#8217;observaci\u00f3 relacionats amb els temes que es treballen, despla\u00e7aments per fer activitats esportives, activitats derivades de projectes en els quals participem, etc. EDUCACI\u00d3 INFANTIL data sortida i lloc CICLE INICIAL data sortida i lloc [&hellip;]<\/p>\n","protected":false},"author":1,"featured_media":0,"parent":0,"menu_order":1,"comment_status":"closed","ping_status":"closed","template":"","meta":{"_bbp_topic_count":0,"_bbp_reply_count":0,"_bbp_total_topic_count":0,"_bbp_total_reply_count":0,"_bbp_voice_count":0,"_bbp_anonymous_reply_count":0,"_bbp_topic_count_hidden":0,"_bbp_reply_count_hidden":0,"_bbp_forum_subforum_count":0,"site-sidebar-layout":"no-sidebar","site-content-layout":"","ast-site-content-layout":"default","site-content-style":"default","site-sidebar-style":"default","ast-global-header-display":"","ast-banner-title-visibility":"","ast-main-header-display":"","ast-hfb-above-header-display":"","ast-hfb-below-header-display":"","ast-hfb-mobile-header-display":"","site-post-title":"","ast-breadcrumbs-content":"","ast-featured-img":"","footer-sml-layout":"","theme-transparent-header-meta":"","adv-header-id-meta":"","stick-header-meta":"","header-above-stick-meta":"","header-main-stick-meta":"","header-below-stick-meta":"","astra-migrate-meta-layouts":"set","ast-page-background-enabled":"default","ast-page-background-meta":{"desktop":{"background-color":"var(--ast-global-color-4)","background-image":"","background-repeat":"repeat","background-position":"center center","background-size":"auto","background-attachment":"scroll","background-type":"","background-media":"","overlay-type":"","overlay-color":"","overlay-opacity":"","overlay-gradient":""},"tablet":{"background-color":"","background-image":"","background-repeat":"repeat","background-position":"center center","background-size":"auto","background-attachment":"scroll","background-type":"","background-media":"","overlay-type":"","overlay-color":"","overlay-opacity":"","overlay-gradient":""},"mobile":{"background-color":"","background-image":"","background-repeat":"repeat","background-position":"center center","background-size":"auto","background-attachment":"scroll","background-type":"","background-media":"","overlay-type":"","overlay-color":"","overlay-opacity":"","overlay-gradient":""}},"ast-content-background-meta":{"desktop":{"background-color":"var(--ast-global-color-5)","background-image":"","background-repeat":"repeat","background-position":"center center","background-size":"auto","background-attachment":"scroll","background-type":"","background-media":"","overlay-type":"","overlay-color":"","overlay-opacity":"","overlay-gradient":""},"tablet":{"background-color":"var(--ast-global-color-5)","background-image":"","background-repeat":"repeat","background-position":"center center","background-size":"auto","background-attachment":"scroll","background-type":"","background-media":"","overlay-type":"","overlay-color":"","overlay-opacity":"","overlay-gradient":""},"mobile":{"background-color":"var(--ast-global-color-5)","background-image":"","background-repeat":"repeat","background-position":"center center","background-size":"auto","background-attachment":"scroll","background-type":"","background-media":"","overlay-type":"","overlay-color":"","overlay-opacity":"","overlay-gradient":""}},"footnotes":""},"class_list":["post-505","page","type-page","status-publish","hentry"],"post_mailing_queue_ids":[],"_links":{"self":[{"href":"https:\/\/agora.xtec.cat\/ceipsantaeulalia-berga\/wp-json\/wp\/v2\/pages\/505","targetHints":{"allow":["GET"]}}],"collection":[{"href":"https:\/\/agora.xtec.cat\/ceipsantaeulalia-berga\/wp-json\/wp\/v2\/pages"}],"about":[{"href":"https:\/\/agora.xtec.cat\/ceipsantaeulalia-berga\/wp-json\/wp\/v2\/types\/page"}],"author":[{"embeddable":true,"href":"https:\/\/agora.xtec.cat\/ceipsantaeulalia-berga\/wp-json\/wp\/v2\/users\/1"}],"replies":[{"embeddable":true,"href":"https:\/\/agora.xtec.cat\/ceipsantaeulalia-berga\/wp-json\/wp\/v2\/comments?post=505"}],"version-history":[{"count":6,"href":"https:\/\/agora.xtec.cat\/ceipsantaeulalia-berga\/wp-json\/wp\/v2\/pages\/505\/revisions"}],"predecessor-version":[{"id":7645,"href":"https:\/\/agora.xtec.cat\/ceipsantaeulalia-berga\/wp-json\/wp\/v2\/pages\/505\/revisions\/7645"}],"wp:attachment":[{"href":"https:\/\/agora.xtec.cat\/ceipsantaeulalia-berga\/wp-json\/wp\/v2\/media?parent=505"}],"curies":[{"name":"wp","href":"https:\/\/api.w.org\/{rel}","templated":true}]}}