{"id":553,"date":"2024-06-19T11:05:10","date_gmt":"2024-06-19T09:05:10","guid":{"rendered":"http:\/\/agora.xtec.cat\/ceipsantacreudecalafell\/?page_id=553"},"modified":"2026-01-23T10:24:15","modified_gmt":"2026-01-23T09:24:15","slug":"espurna","status":"publish","type":"page","link":"https:\/\/agora.xtec.cat\/ceipsantacreudecalafell\/lescola\/espurna\/","title":{"rendered":"Revista escolar"},"content":{"rendered":"<div>\n<div><a href=\"https:\/\/agora.xtec.cat\/ceipsantacreudecalafell\/wp-content\/uploads\/usu1567\/2022\/06\/Revista-Espurna.jpg\"><img loading=\"lazy\" decoding=\"async\" class=\" wp-image-3151 aligncenter\" src=\"https:\/\/agora.xtec.cat\/ceipsantacreudecalafell\/wp-content\/uploads\/usu1567\/2022\/06\/Revista-Espurna.jpg\" alt=\"\" width=\"527\" height=\"395\" srcset=\"https:\/\/agora.xtec.cat\/ceipsantacreudecalafell\/wp-content\/uploads\/usu1567\/2022\/06\/Revista-Espurna.jpg 752w, https:\/\/agora.xtec.cat\/ceipsantacreudecalafell\/wp-content\/uploads\/usu1567\/2022\/06\/Revista-Espurna-300x225.jpg 300w, https:\/\/agora.xtec.cat\/ceipsantacreudecalafell\/wp-content\/uploads\/usu1567\/2022\/06\/Revista-Espurna-200x150.jpg 200w\" sizes=\"auto, (max-width: 527px) 100vw, 527px\" \/><\/a><\/div>\n<div><\/div>\n<div><\/div>\n<h6 style=\"text-align: justify;\">Aquest any, i com a novetat, hem canviat i renovat el nom de la nostra Revista escolar. Aprofitant tots els canvis que s&#8217;estan fent a la Biblioteca i la visita tan peculiar i desitjada que van tenir a les Jornades Culturals d&#8217;aquest curs quan vam rebre a la Carme Palau, al Mois\u00e9s Romero que \u00e9s el president de l\u2019Associaci\u00f3 Espurna El Drac de Calafell, a la Maria que ens va explicar tot el Bestiari festiu de Catalunya i als timbalers.<\/h6>\n<h6 style=\"text-align: justify;\">Llavors, com a escola i amb el benepl\u00e0cit del Mois\u00e9s i la Carme, vam decidir bategar el nom de la Biblioteca de l&#8217;escola i la Revista escolar que la representa. \u00c9s per tant que a partir d&#8217;aquest any, el 2022, la nostra revista escolar es dir\u00e0 L&#8217;Espurna, el drac de Calafell.<\/h6>\n<h6 style=\"text-align: justify;\">Anys enrere, El Drac M\u00e0gic era la revista escolar del nostre centre des de l\u2019any 1996. La revista es publicava cada juny, fent-se ress\u00f2 de les activitats m\u00e9s rellevants realitzades pels alumnes de cada nivell. Dibuixos, redaccions, fotografies, entrevistes, jocs,\u2026 exposant una petita mostra de tota la feina que fem.<\/h6>\n<\/div>\n<div>\n<h6 style=\"text-align: justify;\">La imaginaci\u00f3 i la creativitat tamb\u00e9 formen part de la m\u00e0gia de l\u2019educaci\u00f3 i \u00e9s per aquest motiu que per a il\u00b7lustrar la portada de la revista, els alumnes de 6\u00e8 participen en un petit concurs de dibuix per a trobar la imatge m\u00e9s divertida del nostre Drac.<\/h6>\n<h6><\/h6>\n<h6><strong>Revista curs actual:<\/strong><\/h6>\n<p><a href=\"https:\/\/agora.xtec.cat\/ceipsantacreudecalafell\/wp-content\/uploads\/usu1567\/2025\/06\/Portada-revista.jpg\"><img loading=\"lazy\" decoding=\"async\" class=\"alignnone size-full wp-image-4396\" src=\"https:\/\/agora.xtec.cat\/ceipsantacreudecalafell\/wp-content\/uploads\/usu1567\/2025\/06\/Portada-revista.jpg\" alt=\"\" width=\"1242\" height=\"1755\" srcset=\"https:\/\/agora.xtec.cat\/ceipsantacreudecalafell\/wp-content\/uploads\/usu1567\/2025\/06\/Portada-revista.jpg 1242w, https:\/\/agora.xtec.cat\/ceipsantacreudecalafell\/wp-content\/uploads\/usu1567\/2025\/06\/Portada-revista-212x300.jpg 212w, https:\/\/agora.xtec.cat\/ceipsantacreudecalafell\/wp-content\/uploads\/usu1567\/2025\/06\/Portada-revista-725x1024.jpg 725w, https:\/\/agora.xtec.cat\/ceipsantacreudecalafell\/wp-content\/uploads\/usu1567\/2025\/06\/Portada-revista-768x1085.jpg 768w, https:\/\/agora.xtec.cat\/ceipsantacreudecalafell\/wp-content\/uploads\/usu1567\/2025\/06\/Portada-revista-1087x1536.jpg 1087w\" sizes=\"auto, (max-width: 1242px) 100vw, 1242px\" \/><\/a> <a href=\"https:\/\/agora.xtec.cat\/ceipsantacreudecalafell\/wp-content\/uploads\/usu1567\/2025\/06\/Revista-24-25_compressed.pdf\">Revista 24-25_compressed<\/a><\/p>\n<p><strong>Edicions anys anteriors&#8230;<\/strong><\/p>\n<p>&nbsp;<\/p>\n<p><a href=\"https:\/\/agora.xtec.cat\/ceipsantacreudecalafell\/wp-content\/uploads\/usu1567\/2024\/06\/Revista-48_Curs-23-24_compressed-1.pdf\">Revista 48_Curs 23-24_compressed<\/a><\/p>\n<p><a style=\"font-family: inherit; font-size: 1em;\" href=\"https:\/\/agora.xtec.cat\/ceipsantacreudecalafell\/wp-content\/uploads\/usu1567\/2023\/06\/Revista-escolar-curs-22-23_compressed.pdf\">Revista escolar curs 22-23_compressed<\/a><\/p>\n<\/div>\n<p><a style=\"font-family: inherit; font-size: 1em;\" href=\"https:\/\/agora.xtec.cat\/ceipsantacreudecalafell\/wp-content\/uploads\/usu1567\/2022\/06\/REVISTA-21-22_compressed.pdf\">Revista Escolar num 46 curs 21-22<\/a><\/p>\n<div>\n<p><a href=\"https:\/\/agora.xtec.cat\/ceipsantacreudecalafell\/wp-content\/uploads\/usu1567\/2021\/06\/Revista-Escolar-curs-2020-2021.pdf\">Revista Escolar curs 2020-2021<\/a><\/p>\n<p><a href=\"https:\/\/agora.xtec.cat\/ceipsantacreudecalafell\/wp-content\/uploads\/usu1567\/2020\/06\/revista-44-Curs-2019-2020.pdf\">revista 44 Curs 2019-2020<\/a><\/p>\n<p><a style=\"text-align: center;\" href=\"https:\/\/www.calameo.com\/books\/00595861510597be3dc02\" target=\"_blank\" rel=\"noopener noreferrer\">Revista 43 Curs 2018 19<\/a><\/p>\n<\/div>\n<p><a href=\"https:\/\/agora.xtec.cat\/ceipsantacreudecalafell\/wp-content\/uploads\/usu1567\/2019\/06\/Revista_43-curs-2018-19.pdf\">Revista_43 curs 2018-19<\/a><\/p>\n<p><a style=\"text-align: center;\" href=\"https:\/\/www.calameo.com\/books\/005958615753e6fa2ea2d\" target=\"_blank\" rel=\"noopener noreferrer\">Revista 42 2017 2018<\/a><\/p>\n<p><a href=\"https:\/\/agora.xtec.cat\/ceipsantacreudecalafell\/wp-content\/uploads\/usu1567\/2019\/05\/Revista-42_Juny-2018.pdf\">Revista 42_Juny 2018<\/a><\/p>\n<p><a style=\"text-align: center;\" href=\"https:\/\/www.calameo.com\/books\/0059586152826e76fd928\" target=\"_blank\" rel=\"noopener noreferrer\">Revista 41 Curs 2016 2017<\/a><\/p>\n<p><span style=\"font-family: inherit; font-size: 1em; text-align: justify;\">Edici\u00f3 41-2017 &#8211; <\/span><a style=\"font-family: inherit; font-size: 1em; text-align: justify;\" href=\"https:\/\/drive.google.com\/file\/d\/0B4dvzCrqc7ljOHE0dTVTY25HWms\/view?usp=sharing\">Visualitza<\/a><\/p>\n<p style=\"text-align: justify;\">\n","protected":false},"excerpt":{"rendered":"<p>Aquest any, i com a novetat, hem canviat i renovat el nom de la nostra Revista escolar. Aprofitant tots els canvis que s&#8217;estan fent a la Biblioteca i la visita tan peculiar i desitjada que van tenir a les Jornades Culturals d&#8217;aquest curs quan vam rebre a la Carme Palau, al Mois\u00e9s Romero que \u00e9s [&hellip;]<\/p>\n","protected":false},"author":1,"featured_media":0,"parent":22,"menu_order":50,"comment_status":"closed","ping_status":"closed","template":"page-templates\/side-menu.php","meta":{"_bbp_topic_count":0,"_bbp_reply_count":0,"_bbp_total_topic_count":0,"_bbp_total_reply_count":0,"_bbp_voice_count":0,"_bbp_anonymous_reply_count":0,"_bbp_topic_count_hidden":0,"_bbp_reply_count_hidden":0,"_bbp_forum_subforum_count":0,"site-sidebar-layout":"default","site-content-layout":"","ast-site-content-layout":"","site-content-style":"default","site-sidebar-style":"default","ast-global-header-display":"","ast-banner-title-visibility":"","ast-main-header-display":"","ast-hfb-above-header-display":"","ast-hfb-below-header-display":"","ast-hfb-mobile-header-display":"","site-post-title":"","ast-breadcrumbs-content":"","ast-featured-img":"","footer-sml-layout":"","theme-transparent-header-meta":"","adv-header-id-meta":"","stick-header-meta":"","header-above-stick-meta":"","header-main-stick-meta":"","header-below-stick-meta":"","astra-migrate-meta-layouts":"default","ast-page-background-enabled":"default","ast-page-background-meta":{"desktop":{"background-color":"var(--ast-global-color-4)","background-image":"","background-repeat":"repeat","background-position":"center center","background-size":"auto","background-attachment":"scroll","background-type":"","background-media":"","overlay-type":"","overlay-color":"","overlay-opacity":"","overlay-gradient":""},"tablet":{"background-color":"","background-image":"","background-repeat":"repeat","background-position":"center center","background-size":"auto","background-attachment":"scroll","background-type":"","background-media":"","overlay-type":"","overlay-color":"","overlay-opacity":"","overlay-gradient":""},"mobile":{"background-color":"","background-image":"","background-repeat":"repeat","background-position":"center center","background-size":"auto","background-attachment":"scroll","background-type":"","background-media":"","overlay-type":"","overlay-color":"","overlay-opacity":"","overlay-gradient":""}},"ast-content-background-meta":{"desktop":{"background-color":"var(--ast-global-color-5)","background-image":"","background-repeat":"repeat","background-position":"center center","background-size":"auto","background-attachment":"scroll","background-type":"","background-media":"","overlay-type":"","overlay-color":"","overlay-opacity":"","overlay-gradient":""},"tablet":{"background-color":"var(--ast-global-color-5)","background-image":"","background-repeat":"repeat","background-position":"center center","background-size":"auto","background-attachment":"scroll","background-type":"","background-media":"","overlay-type":"","overlay-color":"","overlay-opacity":"","overlay-gradient":""},"mobile":{"background-color":"var(--ast-global-color-5)","background-image":"","background-repeat":"repeat","background-position":"center center","background-size":"auto","background-attachment":"scroll","background-type":"","background-media":"","overlay-type":"","overlay-color":"","overlay-opacity":"","overlay-gradient":""}},"footnotes":""},"class_list":["post-553","page","type-page","status-publish","hentry"],"post_mailing_queue_ids":[],"_links":{"self":[{"href":"https:\/\/agora.xtec.cat\/ceipsantacreudecalafell\/wp-json\/wp\/v2\/pages\/553","targetHints":{"allow":["GET"]}}],"collection":[{"href":"https:\/\/agora.xtec.cat\/ceipsantacreudecalafell\/wp-json\/wp\/v2\/pages"}],"about":[{"href":"https:\/\/agora.xtec.cat\/ceipsantacreudecalafell\/wp-json\/wp\/v2\/types\/page"}],"author":[{"embeddable":true,"href":"https:\/\/agora.xtec.cat\/ceipsantacreudecalafell\/wp-json\/wp\/v2\/users\/1"}],"replies":[{"embeddable":true,"href":"https:\/\/agora.xtec.cat\/ceipsantacreudecalafell\/wp-json\/wp\/v2\/comments?post=553"}],"version-history":[{"count":7,"href":"https:\/\/agora.xtec.cat\/ceipsantacreudecalafell\/wp-json\/wp\/v2\/pages\/553\/revisions"}],"predecessor-version":[{"id":4492,"href":"https:\/\/agora.xtec.cat\/ceipsantacreudecalafell\/wp-json\/wp\/v2\/pages\/553\/revisions\/4492"}],"up":[{"embeddable":true,"href":"https:\/\/agora.xtec.cat\/ceipsantacreudecalafell\/wp-json\/wp\/v2\/pages\/22"}],"wp:attachment":[{"href":"https:\/\/agora.xtec.cat\/ceipsantacreudecalafell\/wp-json\/wp\/v2\/media?parent=553"}],"curies":[{"name":"wp","href":"https:\/\/api.w.org\/{rel}","templated":true}]}}

<div>
<div><a href="https://agora.xtec.cat/ceipsantacreudecalafell/wp-content/uploads/usu1567/2022/06/Revista-Espurna.jpg"><img loading="lazy" decoding="async" class=" wp-image-3151 aligncenter" src="https://agora.xtec.cat/ceipsantacreudecalafell/wp-content/uploads/usu1567/2022/06/Revista-Espurna.jpg" alt="" width="527" height="395" srcset="https://agora.xtec.cat/ceipsantacreudecalafell/wp-content/uploads/usu1567/2022/06/Revista-Espurna.jpg 752w, https://agora.xtec.cat/ceipsantacreudecalafell/wp-content/uploads/usu1567/2022/06/Revista-Espurna-300x225.jpg 300w, https://agora.xtec.cat/ceipsantacreudecalafell/wp-content/uploads/usu1567/2022/06/Revista-Espurna-200x150.jpg 200w" sizes="auto, (max-width: 527px) 100vw, 527px" /></a></div>
<div></div>
<div></div>
<h6 style="text-align: justify;">Aquest any, i com a novetat, hem canviat i renovat el nom de la nostra Revista escolar. Aprofitant tots els canvis que s&#8217;estan fent a la Biblioteca i la visita tan peculiar i desitjada que van tenir a les Jornades Culturals d&#8217;aquest curs quan vam rebre a la Carme Palau, al Moisés Romero que és el president de l’Associació Espurna El Drac de Calafell, a la Maria que ens va explicar tot el Bestiari festiu de Catalunya i als timbalers.</h6>
<h6 style="text-align: justify;">Llavors, com a escola i amb el beneplàcit del Moisés i la Carme, vam decidir bategar el nom de la Biblioteca de l&#8217;escola i la Revista escolar que la representa. És per tant que a partir d&#8217;aquest any, el 2022, la nostra revista escolar es dirà L&#8217;Espurna, el drac de Calafell.</h6>
<h6 style="text-align: justify;">Anys enrere, El Drac Màgic era la revista escolar del nostre centre des de l’any 1996. La revista es publicava cada juny, fent-se ressò de les activitats més rellevants realitzades pels alumnes de cada nivell. Dibuixos, redaccions, fotografies, entrevistes, jocs,… exposant una petita mostra de tota la feina que fem.</h6>
</div>
<div>
<h6 style="text-align: justify;">La imaginació i la creativitat també formen part de la màgia de l’educació i és per aquest motiu que per a il·lustrar la portada de la revista, els alumnes de 6è participen en un petit concurs de dibuix per a trobar la imatge més divertida del nostre Drac.</h6>
<h6></h6>
<h6><strong>Revista curs actual:</strong></h6>
<p><a href="https://agora.xtec.cat/ceipsantacreudecalafell/wp-content/uploads/usu1567/2025/06/Portada-revista.jpg"><img loading="lazy" decoding="async" class="alignnone size-full wp-image-4396" src="https://agora.xtec.cat/ceipsantacreudecalafell/wp-content/uploads/usu1567/2025/06/Portada-revista.jpg" alt="" width="1242" height="1755" srcset="https://agora.xtec.cat/ceipsantacreudecalafell/wp-content/uploads/usu1567/2025/06/Portada-revista.jpg 1242w, https://agora.xtec.cat/ceipsantacreudecalafell/wp-content/uploads/usu1567/2025/06/Portada-revista-212x300.jpg 212w, https://agora.xtec.cat/ceipsantacreudecalafell/wp-content/uploads/usu1567/2025/06/Portada-revista-725x1024.jpg 725w, https://agora.xtec.cat/ceipsantacreudecalafell/wp-content/uploads/usu1567/2025/06/Portada-revista-768x1085.jpg 768w, https://agora.xtec.cat/ceipsantacreudecalafell/wp-content/uploads/usu1567/2025/06/Portada-revista-1087x1536.jpg 1087w" sizes="auto, (max-width: 1242px) 100vw, 1242px" /></a> <a href="https://agora.xtec.cat/ceipsantacreudecalafell/wp-content/uploads/usu1567/2025/06/Revista-24-25_compressed.pdf">Revista 24-25_compressed</a></p>
<p><strong>Edicions anys anteriors&#8230;</strong></p>
<p>&nbsp;</p>
<p><a href="https://agora.xtec.cat/ceipsantacreudecalafell/wp-content/uploads/usu1567/2024/06/Revista-48_Curs-23-24_compressed-1.pdf">Revista 48_Curs 23-24_compressed</a></p>
<p><a style="font-family: inherit; font-size: 1em;" href="https://agora.xtec.cat/ceipsantacreudecalafell/wp-content/uploads/usu1567/2023/06/Revista-escolar-curs-22-23_compressed.pdf">Revista escolar curs 22-23_compressed</a></p>
</div>
<p><a style="font-family: inherit; font-size: 1em;" href="https://agora.xtec.cat/ceipsantacreudecalafell/wp-content/uploads/usu1567/2022/06/REVISTA-21-22_compressed.pdf">Revista Escolar num 46 curs 21-22</a></p>
<div>
<p><a href="https://agora.xtec.cat/ceipsantacreudecalafell/wp-content/uploads/usu1567/2021/06/Revista-Escolar-curs-2020-2021.pdf">Revista Escolar curs 2020-2021</a></p>
<p><a href="https://agora.xtec.cat/ceipsantacreudecalafell/wp-content/uploads/usu1567/2020/06/revista-44-Curs-2019-2020.pdf">revista 44 Curs 2019-2020</a></p>
<p><a style="text-align: center;" href="https://www.calameo.com/books/00595861510597be3dc02" target="_blank" rel="noopener noreferrer">Revista 43 Curs 2018 19</a></p>
</div>
<p><a href="https://agora.xtec.cat/ceipsantacreudecalafell/wp-content/uploads/usu1567/2019/06/Revista_43-curs-2018-19.pdf">Revista_43 curs 2018-19</a></p>
<p><a style="text-align: center;" href="https://www.calameo.com/books/005958615753e6fa2ea2d" target="_blank" rel="noopener noreferrer">Revista 42 2017 2018</a></p>
<p><a href="https://agora.xtec.cat/ceipsantacreudecalafell/wp-content/uploads/usu1567/2019/05/Revista-42_Juny-2018.pdf">Revista 42_Juny 2018</a></p>
<p><a style="text-align: center;" href="https://www.calameo.com/books/0059586152826e76fd928" target="_blank" rel="noopener noreferrer">Revista 41 Curs 2016 2017</a></p>
<p><span style="font-family: inherit; font-size: 1em; text-align: justify;">Edició 41-2017 &#8211; </span><a style="font-family: inherit; font-size: 1em; text-align: justify;" href="https://drive.google.com/file/d/0B4dvzCrqc7ljOHE0dTVTY25HWms/view?usp=sharing">Visualitza</a></p>
<p style="text-align: justify;">

<p>Aquest any, i com a novetat, hem canviat i renovat el nom de la nostra Revista escolar. Aprofitant tots els canvis que s&#8217;estan fent a la Biblioteca i la visita tan peculiar i desitjada que van tenir a les Jornades Culturals d&#8217;aquest curs quan vam rebre a la Carme Palau, al Moisés Romero que és [&hellip;]</p>
