{"id":4598,"date":"2026-04-23T16:00:10","date_gmt":"2026-04-23T14:00:10","guid":{"rendered":"https:\/\/agora.xtec.cat\/ceipsantacreudecalafell\/?page_id=4598"},"modified":"2026-04-23T16:00:10","modified_gmt":"2026-04-23T14:00:10","slug":"programa-temporal-per-impulsar-la-perspectiva-orientadora-i-social-als-centres-educatius","status":"publish","type":"page","link":"https:\/\/agora.xtec.cat\/ceipsantacreudecalafell\/personal\/programa-temporal-per-impulsar-la-perspectiva-orientadora-i-social-als-centres-educatius\/","title":{"rendered":"Programa temporal per impulsar la perspectiva orientadora i social als centres educatius"},"content":{"rendered":"<p><a href=\"https:\/\/agora.xtec.cat\/ceipsantacreudecalafell\/wp-content\/uploads\/usu1567\/2026\/04\/TIS.png\"><img loading=\"lazy\" decoding=\"async\" class=\"alignnone size-full wp-image-4595\" src=\"https:\/\/agora.xtec.cat\/ceipsantacreudecalafell\/wp-content\/uploads\/usu1567\/2026\/04\/TIS.png\" alt=\"\" width=\"244\" height=\"206\" \/><\/a><\/p>\n<p>El Govern ha aprovat\u00a0<a href=\"https:\/\/dogc.gencat.cat\/es\/document-del-dogc\/?documentId=1021182\" target=\"_blank\" rel=\"noopener\" data-saferedirecturl=\"https:\/\/www.google.com\/url?q=https:\/\/dogc.gencat.cat\/es\/document-del-dogc\/?documentId%3D1021182&amp;source=gmail&amp;ust=1777038007653000&amp;usg=AOvVaw2UlRSIC6fo-f1HrEAWeUxc\">l&#8217;Acord de GOV\/199\/2025, de 29 de juliol de 2025, pel qual es crea el Programa temporal per impulsar la perspectiva orientadora i social als centres educatius<\/a>, com a pilotatge del futur decret d&#8217;orientaci\u00f3.<\/p>\n<p>Aquest programa, que tindr\u00e0 una durada de dos cursos acad\u00e8mics (2025-2026 i 2026-2027), t\u00e9 com a finalitat la millora educativa i posa un \u00e8mfasi especial en la dimensi\u00f3 social, com a eix clau per prevenir l&#8217;abandonament escolar prematur i refor\u00e7ar l&#8217;acompanyament de l&#8217;alumnat en situaci\u00f3 de vulnerabilitat. \u00c9s per aquest motiu que el nostre centre comptar\u00e0 amb una TIS durant aquests cursos (2025-2026 i 2026-2027).<\/p>\n<h2 id=\"m_2850227665713392998gmail-h20\">Els objectius del programa seran:<\/h2>\n<p>&nbsp;<\/p>\n<ul>\n<li>Prevenir l&#8217;abandonament prematur i el frac\u00e0s escolar.<\/li>\n<li>Procurar el benestar emocional dels alumnes.<\/li>\n<li>Facilitar una bona conviv\u00e8ncia en els centres educatius.<\/li>\n<li>Contribuir a l&#8217;orientaci\u00f3 dels alumnes<\/li>\n<li>Fomentar la implicaci\u00f3 de les fam\u00edlies.<\/li>\n<li>Fomentar el vincle entre l&#8217;escola i el seu entorn.<\/li>\n<li>Contribuir al desenvolupament de plans d&#8217;\u00e0mbit comunitari.<\/li>\n<li>Reduir l&#8217;absentisme escolar.<\/li>\n<\/ul>\n<p><a href=\"https:\/\/agora.xtec.cat\/ceipsantacreudecalafell\/wp-content\/uploads\/usu1567\/2026\/04\/TIS.pdf\">TIS<\/a><\/p>\n","protected":false},"excerpt":{"rendered":"<p>El Govern ha aprovat\u00a0l&#8217;Acord de GOV\/199\/2025, de 29 de juliol de 2025, pel qual es crea el Programa temporal per impulsar la perspectiva orientadora i social als centres educatius, com a pilotatge del futur decret d&#8217;orientaci\u00f3. Aquest programa, que tindr\u00e0 una durada de dos cursos acad\u00e8mics (2025-2026 i 2026-2027), t\u00e9 com a finalitat la millora [&hellip;]<\/p>\n","protected":false},"author":1,"featured_media":0,"parent":527,"menu_order":20,"comment_status":"closed","ping_status":"closed","template":"","meta":{"_bbp_topic_count":0,"_bbp_reply_count":0,"_bbp_total_topic_count":0,"_bbp_total_reply_count":0,"_bbp_voice_count":0,"_bbp_anonymous_reply_count":0,"_bbp_topic_count_hidden":0,"_bbp_reply_count_hidden":0,"_bbp_forum_subforum_count":0,"site-sidebar-layout":"default","site-content-layout":"","ast-site-content-layout":"default","site-content-style":"default","site-sidebar-style":"default","ast-global-header-display":"","ast-banner-title-visibility":"","ast-main-header-display":"","ast-hfb-above-header-display":"","ast-hfb-below-header-display":"","ast-hfb-mobile-header-display":"","site-post-title":"","ast-breadcrumbs-content":"","ast-featured-img":"","footer-sml-layout":"","theme-transparent-header-meta":"default","adv-header-id-meta":"","stick-header-meta":"","header-above-stick-meta":"","header-main-stick-meta":"","header-below-stick-meta":"","astra-migrate-meta-layouts":"set","ast-page-background-enabled":"default","ast-page-background-meta":{"desktop":{"background-color":"var(--ast-global-color-4)","background-image":"","background-repeat":"repeat","background-position":"center center","background-size":"auto","background-attachment":"scroll","background-type":"","background-media":"","overlay-type":"","overlay-color":"","overlay-opacity":"","overlay-gradient":""},"tablet":{"background-color":"","background-image":"","background-repeat":"repeat","background-position":"center center","background-size":"auto","background-attachment":"scroll","background-type":"","background-media":"","overlay-type":"","overlay-color":"","overlay-opacity":"","overlay-gradient":""},"mobile":{"background-color":"","background-image":"","background-repeat":"repeat","background-position":"center center","background-size":"auto","background-attachment":"scroll","background-type":"","background-media":"","overlay-type":"","overlay-color":"","overlay-opacity":"","overlay-gradient":""}},"ast-content-background-meta":{"desktop":{"background-color":"var(--ast-global-color-5)","background-image":"","background-repeat":"repeat","background-position":"center center","background-size":"auto","background-attachment":"scroll","background-type":"","background-media":"","overlay-type":"","overlay-color":"","overlay-opacity":"","overlay-gradient":""},"tablet":{"background-color":"var(--ast-global-color-5)","background-image":"","background-repeat":"repeat","background-position":"center center","background-size":"auto","background-attachment":"scroll","background-type":"","background-media":"","overlay-type":"","overlay-color":"","overlay-opacity":"","overlay-gradient":""},"mobile":{"background-color":"var(--ast-global-color-5)","background-image":"","background-repeat":"repeat","background-position":"center center","background-size":"auto","background-attachment":"scroll","background-type":"","background-media":"","overlay-type":"","overlay-color":"","overlay-opacity":"","overlay-gradient":""}},"footnotes":""},"class_list":["post-4598","page","type-page","status-publish","hentry"],"post_mailing_queue_ids":[],"_links":{"self":[{"href":"https:\/\/agora.xtec.cat\/ceipsantacreudecalafell\/wp-json\/wp\/v2\/pages\/4598","targetHints":{"allow":["GET"]}}],"collection":[{"href":"https:\/\/agora.xtec.cat\/ceipsantacreudecalafell\/wp-json\/wp\/v2\/pages"}],"about":[{"href":"https:\/\/agora.xtec.cat\/ceipsantacreudecalafell\/wp-json\/wp\/v2\/types\/page"}],"author":[{"embeddable":true,"href":"https:\/\/agora.xtec.cat\/ceipsantacreudecalafell\/wp-json\/wp\/v2\/users\/1"}],"replies":[{"embeddable":true,"href":"https:\/\/agora.xtec.cat\/ceipsantacreudecalafell\/wp-json\/wp\/v2\/comments?post=4598"}],"version-history":[{"count":1,"href":"https:\/\/agora.xtec.cat\/ceipsantacreudecalafell\/wp-json\/wp\/v2\/pages\/4598\/revisions"}],"predecessor-version":[{"id":4599,"href":"https:\/\/agora.xtec.cat\/ceipsantacreudecalafell\/wp-json\/wp\/v2\/pages\/4598\/revisions\/4599"}],"up":[{"embeddable":true,"href":"https:\/\/agora.xtec.cat\/ceipsantacreudecalafell\/wp-json\/wp\/v2\/pages\/527"}],"wp:attachment":[{"href":"https:\/\/agora.xtec.cat\/ceipsantacreudecalafell\/wp-json\/wp\/v2\/media?parent=4598"}],"curies":[{"name":"wp","href":"https:\/\/api.w.org\/{rel}","templated":true}]}}

<p><a href="https://agora.xtec.cat/ceipsantacreudecalafell/wp-content/uploads/usu1567/2026/04/TIS.png"><img loading="lazy" decoding="async" class="alignnone size-full wp-image-4595" src="https://agora.xtec.cat/ceipsantacreudecalafell/wp-content/uploads/usu1567/2026/04/TIS.png" alt="" width="244" height="206" /></a></p>
<p>El Govern ha aprovat <a href="https://dogc.gencat.cat/es/document-del-dogc/?documentId=1021182" target="_blank" rel="noopener" data-saferedirecturl="https://www.google.com/url?q=https://dogc.gencat.cat/es/document-del-dogc/?documentId%3D1021182&amp;source=gmail&amp;ust=1777038007653000&amp;usg=AOvVaw2UlRSIC6fo-f1HrEAWeUxc">l&#8217;Acord de GOV/199/2025, de 29 de juliol de 2025, pel qual es crea el Programa temporal per impulsar la perspectiva orientadora i social als centres educatius</a>, com a pilotatge del futur decret d&#8217;orientació.</p>
<p>Aquest programa, que tindrà una durada de dos cursos acadèmics (2025-2026 i 2026-2027), té com a finalitat la millora educativa i posa un èmfasi especial en la dimensió social, com a eix clau per prevenir l&#8217;abandonament escolar prematur i reforçar l&#8217;acompanyament de l&#8217;alumnat en situació de vulnerabilitat. És per aquest motiu que el nostre centre comptarà amb una TIS durant aquests cursos (2025-2026 i 2026-2027).</p>
<h2 id="m_2850227665713392998gmail-h20">Els objectius del programa seran:</h2>
<p>&nbsp;</p>
<ul>
<li>Prevenir l&#8217;abandonament prematur i el fracàs escolar.</li>
<li>Procurar el benestar emocional dels alumnes.</li>
<li>Facilitar una bona convivència en els centres educatius.</li>
<li>Contribuir a l&#8217;orientació dels alumnes</li>
<li>Fomentar la implicació de les famílies.</li>
<li>Fomentar el vincle entre l&#8217;escola i el seu entorn.</li>
<li>Contribuir al desenvolupament de plans d&#8217;àmbit comunitari.</li>
<li>Reduir l&#8217;absentisme escolar.</li>
</ul>
<p><a href="https://agora.xtec.cat/ceipsantacreudecalafell/wp-content/uploads/usu1567/2026/04/TIS.pdf">TIS</a></p>

<p>El Govern ha aprovat l&#8217;Acord de GOV/199/2025, de 29 de juliol de 2025, pel qual es crea el Programa temporal per impulsar la perspectiva orientadora i social als centres educatius, com a pilotatge del futur decret d&#8217;orientació. Aquest programa, que tindrà una durada de dos cursos acadèmics (2025-2026 i 2026-2027), té com a finalitat la millora [&hellip;]</p>
