{"id":2458,"date":"2024-01-31T11:06:52","date_gmt":"2024-01-31T10:06:52","guid":{"rendered":"http:\/\/agora.xtec.cat\/ceipsantacreudecalafell\/?page_id=2458"},"modified":"2026-02-20T16:15:48","modified_gmt":"2026-02-20T15:15:48","slug":"jornada-portes-obertes","status":"publish","type":"page","link":"https:\/\/agora.xtec.cat\/ceipsantacreudecalafell\/documents\/jornada-portes-obertes\/","title":{"rendered":"Jornada Portes Obertes"},"content":{"rendered":"<p><strong>Voleu con\u00e8ixer a prop la nostra escola?<\/strong><\/p>\n<p>Per totes les fam\u00edlies interessades podeu veure aquest v\u00eddeo i aix\u00ed podreu con\u00e8ixer qui som i com treballem. Si, a m\u00e9s a m\u00e9s, voleu venir per fer una visita aqu\u00ed teniu els dies i les hores per fer la Visita a l&#8217;escola. <strong><span style=\"color: #0000ff;\">US HI ESPEREM!!!!<\/span><\/strong><\/p>\n<p>Apuntat en aquest formulari el dia que et vagi millor:<\/p>\n<p><a href=\"https:\/\/forms.gle\/TenkWosZxGKm5fmL9\">https:\/\/forms.gle\/TenkWosZxGKm5fmL9<\/a><\/p>\n<p><a href=\"https:\/\/agora.xtec.cat\/ceipsantacreudecalafell\/wp-content\/uploads\/usu1567\/2025\/02\/Gris-Blanco-Tira-Comica-1-Vineta-Horizontal-Comic-2.png\"><img loading=\"lazy\" decoding=\"async\" class=\"alignnone size-full wp-image-4519\" src=\"https:\/\/agora.xtec.cat\/ceipsantacreudecalafell\/wp-content\/uploads\/usu1567\/2025\/02\/Gris-Blanco-Tira-Comica-1-Vineta-Horizontal-Comic-2.png\" alt=\"\" width=\"1200\" height=\"960\" srcset=\"https:\/\/agora.xtec.cat\/ceipsantacreudecalafell\/wp-content\/uploads\/usu1567\/2025\/02\/Gris-Blanco-Tira-Comica-1-Vineta-Horizontal-Comic-2.png 1200w, https:\/\/agora.xtec.cat\/ceipsantacreudecalafell\/wp-content\/uploads\/usu1567\/2025\/02\/Gris-Blanco-Tira-Comica-1-Vineta-Horizontal-Comic-2-300x240.png 300w, https:\/\/agora.xtec.cat\/ceipsantacreudecalafell\/wp-content\/uploads\/usu1567\/2025\/02\/Gris-Blanco-Tira-Comica-1-Vineta-Horizontal-Comic-2-1024x819.png 1024w, https:\/\/agora.xtec.cat\/ceipsantacreudecalafell\/wp-content\/uploads\/usu1567\/2025\/02\/Gris-Blanco-Tira-Comica-1-Vineta-Horizontal-Comic-2-768x614.png 768w\" sizes=\"auto, (max-width: 1200px) 100vw, 1200px\" \/><\/a><\/p>\n<div class=\"ast-oembed-container \" style=\"height: 100%;\"><iframe loading=\"lazy\" title=\"Portes Obertes Escola Santa Creu de Calafell\" width=\"500\" height=\"281\" src=\"https:\/\/www.youtube.com\/embed\/cVgy10hi1iE?feature=oembed\" frameborder=\"0\" allow=\"accelerometer; autoplay; clipboard-write; encrypted-media; gyroscope; picture-in-picture; web-share\" referrerpolicy=\"strict-origin-when-cross-origin\" allowfullscreen><\/iframe><\/div>\n<p>&nbsp;<\/p>\n","protected":false},"excerpt":{"rendered":"<p>Voleu con\u00e8ixer a prop la nostra escola? Per totes les fam\u00edlies interessades podeu veure aquest v\u00eddeo i aix\u00ed podreu con\u00e8ixer qui som i com treballem. Si, a m\u00e9s a m\u00e9s, voleu venir per fer una visita aqu\u00ed teniu els dies i les hores per fer la Visita a l&#8217;escola. US HI ESPEREM!!!! Apuntat en aquest [&hellip;]<\/p>\n","protected":false},"author":1,"featured_media":0,"parent":533,"menu_order":60,"comment_status":"closed","ping_status":"closed","template":"page-templates\/side-menu.php","meta":{"_bbp_topic_count":0,"_bbp_reply_count":0,"_bbp_total_topic_count":0,"_bbp_total_reply_count":0,"_bbp_voice_count":0,"_bbp_anonymous_reply_count":0,"_bbp_topic_count_hidden":0,"_bbp_reply_count_hidden":0,"_bbp_forum_subforum_count":0,"site-sidebar-layout":"default","site-content-layout":"","ast-site-content-layout":"","site-content-style":"default","site-sidebar-style":"default","ast-global-header-display":"","ast-banner-title-visibility":"","ast-main-header-display":"","ast-hfb-above-header-display":"","ast-hfb-below-header-display":"","ast-hfb-mobile-header-display":"","site-post-title":"","ast-breadcrumbs-content":"","ast-featured-img":"","footer-sml-layout":"","theme-transparent-header-meta":"","adv-header-id-meta":"","stick-header-meta":"","header-above-stick-meta":"","header-main-stick-meta":"","header-below-stick-meta":"","astra-migrate-meta-layouts":"default","ast-page-background-enabled":"default","ast-page-background-meta":{"desktop":{"background-color":"var(--ast-global-color-4)","background-image":"","background-repeat":"repeat","background-position":"center center","background-size":"auto","background-attachment":"scroll","background-type":"","background-media":"","overlay-type":"","overlay-color":"","overlay-opacity":"","overlay-gradient":""},"tablet":{"background-color":"","background-image":"","background-repeat":"repeat","background-position":"center center","background-size":"auto","background-attachment":"scroll","background-type":"","background-media":"","overlay-type":"","overlay-color":"","overlay-opacity":"","overlay-gradient":""},"mobile":{"background-color":"","background-image":"","background-repeat":"repeat","background-position":"center center","background-size":"auto","background-attachment":"scroll","background-type":"","background-media":"","overlay-type":"","overlay-color":"","overlay-opacity":"","overlay-gradient":""}},"ast-content-background-meta":{"desktop":{"background-color":"var(--ast-global-color-5)","background-image":"","background-repeat":"repeat","background-position":"center center","background-size":"auto","background-attachment":"scroll","background-type":"","background-media":"","overlay-type":"","overlay-color":"","overlay-opacity":"","overlay-gradient":""},"tablet":{"background-color":"var(--ast-global-color-5)","background-image":"","background-repeat":"repeat","background-position":"center center","background-size":"auto","background-attachment":"scroll","background-type":"","background-media":"","overlay-type":"","overlay-color":"","overlay-opacity":"","overlay-gradient":""},"mobile":{"background-color":"var(--ast-global-color-5)","background-image":"","background-repeat":"repeat","background-position":"center center","background-size":"auto","background-attachment":"scroll","background-type":"","background-media":"","overlay-type":"","overlay-color":"","overlay-opacity":"","overlay-gradient":""}},"footnotes":""},"class_list":["post-2458","page","type-page","status-publish","hentry"],"post_mailing_queue_ids":[],"_links":{"self":[{"href":"https:\/\/agora.xtec.cat\/ceipsantacreudecalafell\/wp-json\/wp\/v2\/pages\/2458","targetHints":{"allow":["GET"]}}],"collection":[{"href":"https:\/\/agora.xtec.cat\/ceipsantacreudecalafell\/wp-json\/wp\/v2\/pages"}],"about":[{"href":"https:\/\/agora.xtec.cat\/ceipsantacreudecalafell\/wp-json\/wp\/v2\/types\/page"}],"author":[{"embeddable":true,"href":"https:\/\/agora.xtec.cat\/ceipsantacreudecalafell\/wp-json\/wp\/v2\/users\/1"}],"replies":[{"embeddable":true,"href":"https:\/\/agora.xtec.cat\/ceipsantacreudecalafell\/wp-json\/wp\/v2\/comments?post=2458"}],"version-history":[{"count":7,"href":"https:\/\/agora.xtec.cat\/ceipsantacreudecalafell\/wp-json\/wp\/v2\/pages\/2458\/revisions"}],"predecessor-version":[{"id":4547,"href":"https:\/\/agora.xtec.cat\/ceipsantacreudecalafell\/wp-json\/wp\/v2\/pages\/2458\/revisions\/4547"}],"up":[{"embeddable":true,"href":"https:\/\/agora.xtec.cat\/ceipsantacreudecalafell\/wp-json\/wp\/v2\/pages\/533"}],"wp:attachment":[{"href":"https:\/\/agora.xtec.cat\/ceipsantacreudecalafell\/wp-json\/wp\/v2\/media?parent=2458"}],"curies":[{"name":"wp","href":"https:\/\/api.w.org\/{rel}","templated":true}]}}

<p><strong>Voleu conèixer a prop la nostra escola?</strong></p>
<p>Per totes les famílies interessades podeu veure aquest vídeo i així podreu conèixer qui som i com treballem. Si, a més a més, voleu venir per fer una visita aquí teniu els dies i les hores per fer la Visita a l&#8217;escola. <strong><span style="color: #0000ff;">US HI ESPEREM!!!!</span></strong></p>
<p>Apuntat en aquest formulari el dia que et vagi millor:</p>
<p><a href="https://forms.gle/TenkWosZxGKm5fmL9">https://forms.gle/TenkWosZxGKm5fmL9</a></p>
<p><a href="https://agora.xtec.cat/ceipsantacreudecalafell/wp-content/uploads/usu1567/2025/02/Gris-Blanco-Tira-Comica-1-Vineta-Horizontal-Comic-2.png"><img loading="lazy" decoding="async" class="alignnone size-full wp-image-4519" src="https://agora.xtec.cat/ceipsantacreudecalafell/wp-content/uploads/usu1567/2025/02/Gris-Blanco-Tira-Comica-1-Vineta-Horizontal-Comic-2.png" alt="" width="1200" height="960" srcset="https://agora.xtec.cat/ceipsantacreudecalafell/wp-content/uploads/usu1567/2025/02/Gris-Blanco-Tira-Comica-1-Vineta-Horizontal-Comic-2.png 1200w, https://agora.xtec.cat/ceipsantacreudecalafell/wp-content/uploads/usu1567/2025/02/Gris-Blanco-Tira-Comica-1-Vineta-Horizontal-Comic-2-300x240.png 300w, https://agora.xtec.cat/ceipsantacreudecalafell/wp-content/uploads/usu1567/2025/02/Gris-Blanco-Tira-Comica-1-Vineta-Horizontal-Comic-2-1024x819.png 1024w, https://agora.xtec.cat/ceipsantacreudecalafell/wp-content/uploads/usu1567/2025/02/Gris-Blanco-Tira-Comica-1-Vineta-Horizontal-Comic-2-768x614.png 768w" sizes="auto, (max-width: 1200px) 100vw, 1200px" /></a></p>
<div class="ast-oembed-container " style="height: 100%;"><iframe loading="lazy" title="Portes Obertes Escola Santa Creu de Calafell" width="500" height="281" src="https://www.youtube.com/embed/cVgy10hi1iE?feature=oembed" frameborder="0" allow="accelerometer; autoplay; clipboard-write; encrypted-media; gyroscope; picture-in-picture; web-share" referrerpolicy="strict-origin-when-cross-origin" allowfullscreen></iframe></div>
<p>&nbsp;</p>

<p>Voleu conèixer a prop la nostra escola? Per totes les famílies interessades podeu veure aquest vídeo i així podreu conèixer qui som i com treballem. Si, a més a més, voleu venir per fer una visita aquí teniu els dies i les hores per fer la Visita a l&#8217;escola. US HI ESPEREM!!!! Apuntat en aquest [&hellip;]</p>
