{"id":2137,"date":"2021-10-20T19:55:03","date_gmt":"2021-10-20T17:55:03","guid":{"rendered":"http:\/\/agora.xtec.cat\/ceipsantacreudecalafell\/?page_id=2137"},"modified":"2024-01-10T12:24:54","modified_gmt":"2024-01-10T11:24:54","slug":"protocol-gestio-de-casos-covid-19-al-centre-escolar","status":"publish","type":"page","link":"https:\/\/agora.xtec.cat\/ceipsantacreudecalafell\/lescola\/protocol-gestio-de-casos-covid-19-al-centre-escolar\/","title":{"rendered":"Protocol Gesti\u00f3 de Casos COVID-19 al centre escolar"},"content":{"rendered":"<p>Benvolgudes fam\u00edlies,<\/p>\n<p>Hem creat aquest espai a la nostra p\u00e0gina web per poder resoldre tots els dubtes que ens poden sorgir davant aquestes noves situacions que ens estem trobant. Sabem i entenem que s\u00f3n moments dif\u00edcils i que no estem acostumats a conviure amb aquesta pand\u00e8mia per\u00f2 \u00e9s important que tots\/es tinguem interioritzat que la situaci\u00f3 de trobar-nos una classe confinada es pot repetir diverses vegades durant el curs escolar i que entra dins de la &#8220;nova normalitat&#8221; a la nostra escola.<\/p>\n<p>\u00c9s per aix\u00f2 que us volem deixar penjat en aquest espai aquests documents:<\/p>\n<p><a href=\"https:\/\/canalsalut.gencat.cat\/ca\/salut-a-z\/c\/coronavirus-2019-ncov\/ciutadania\/salut-escola\/informacio-per-a-families\/\">P\u00e0gina web Cat\/Salut<\/a><\/p>\n<p><strong>Voleu consultar el nostre Pla d&#8217;actuaci\u00f3 actualitzat?<\/strong><\/p>\n<p><a href=\"https:\/\/agora.xtec.cat\/ceipsantacreudecalafell\/wp-content\/uploads\/usu1567\/2021\/10\/Pla-dorganitzacio-de-centre.jpg\"><img loading=\"lazy\" decoding=\"async\" class=\"alignnone wp-image-2734\" src=\"https:\/\/agora.xtec.cat\/ceipsantacreudecalafell\/wp-content\/uploads\/usu1567\/2021\/10\/Pla-dorganitzacio-de-centre-1024x576.jpg\" alt=\"\" width=\"492\" height=\"277\" srcset=\"https:\/\/agora.xtec.cat\/ceipsantacreudecalafell\/wp-content\/uploads\/usu1567\/2021\/10\/Pla-dorganitzacio-de-centre-1024x576.jpg 1024w, https:\/\/agora.xtec.cat\/ceipsantacreudecalafell\/wp-content\/uploads\/usu1567\/2021\/10\/Pla-dorganitzacio-de-centre-300x169.jpg 300w, https:\/\/agora.xtec.cat\/ceipsantacreudecalafell\/wp-content\/uploads\/usu1567\/2021\/10\/Pla-dorganitzacio-de-centre-768x432.jpg 768w, https:\/\/agora.xtec.cat\/ceipsantacreudecalafell\/wp-content\/uploads\/usu1567\/2021\/10\/Pla-dorganitzacio-de-centre-1536x864.jpg 1536w, https:\/\/agora.xtec.cat\/ceipsantacreudecalafell\/wp-content\/uploads\/usu1567\/2021\/10\/Pla-dorganitzacio-de-centre.jpg 1920w\" sizes=\"auto, (max-width: 492px) 100vw, 492px\" \/><\/a><\/p>\n<p><a href=\"https:\/\/agora.xtec.cat\/ceipsantacreudecalafell\/wp-content\/uploads\/usu1567\/2021\/10\/PLA_ACTUACIO_Setembre_Actualitzat_Escola-Santa-Creu-de-Calafell-2021_22.pdf\">PLA_ACTUACI\u00d3_Setembre_Actualitzat_Escola Santa Creu de Calafell 2021_22<\/a><\/p>\n","protected":false},"excerpt":{"rendered":"<p>Benvolgudes fam\u00edlies, Hem creat aquest espai a la nostra p\u00e0gina web per poder resoldre tots els dubtes que ens poden sorgir davant aquestes noves situacions que ens estem trobant. Sabem i entenem que s\u00f3n moments dif\u00edcils i que no estem acostumats a conviure amb aquesta pand\u00e8mia per\u00f2 \u00e9s important que tots\/es tinguem interioritzat que la [&hellip;]<\/p>\n","protected":false},"author":1,"featured_media":0,"parent":22,"menu_order":70,"comment_status":"closed","ping_status":"closed","template":"page-templates\/side-menu.php","meta":{"_bbp_topic_count":0,"_bbp_reply_count":0,"_bbp_total_topic_count":0,"_bbp_total_reply_count":0,"_bbp_voice_count":0,"_bbp_anonymous_reply_count":0,"_bbp_topic_count_hidden":0,"_bbp_reply_count_hidden":0,"_bbp_forum_subforum_count":0,"site-sidebar-layout":"default","site-content-layout":"","ast-site-content-layout":"","site-content-style":"default","site-sidebar-style":"default","ast-global-header-display":"","ast-banner-title-visibility":"","ast-main-header-display":"","ast-hfb-above-header-display":"","ast-hfb-below-header-display":"","ast-hfb-mobile-header-display":"","site-post-title":"","ast-breadcrumbs-content":"","ast-featured-img":"","footer-sml-layout":"","theme-transparent-header-meta":"","adv-header-id-meta":"","stick-header-meta":"","header-above-stick-meta":"","header-main-stick-meta":"","header-below-stick-meta":"","astra-migrate-meta-layouts":"default","ast-page-background-enabled":"default","ast-page-background-meta":{"desktop":{"background-color":"var(--ast-global-color-4)","background-image":"","background-repeat":"repeat","background-position":"center center","background-size":"auto","background-attachment":"scroll","background-type":"","background-media":"","overlay-type":"","overlay-color":"","overlay-opacity":"","overlay-gradient":""},"tablet":{"background-color":"","background-image":"","background-repeat":"repeat","background-position":"center center","background-size":"auto","background-attachment":"scroll","background-type":"","background-media":"","overlay-type":"","overlay-color":"","overlay-opacity":"","overlay-gradient":""},"mobile":{"background-color":"","background-image":"","background-repeat":"repeat","background-position":"center center","background-size":"auto","background-attachment":"scroll","background-type":"","background-media":"","overlay-type":"","overlay-color":"","overlay-opacity":"","overlay-gradient":""}},"ast-content-background-meta":{"desktop":{"background-color":"var(--ast-global-color-5)","background-image":"","background-repeat":"repeat","background-position":"center center","background-size":"auto","background-attachment":"scroll","background-type":"","background-media":"","overlay-type":"","overlay-color":"","overlay-opacity":"","overlay-gradient":""},"tablet":{"background-color":"var(--ast-global-color-5)","background-image":"","background-repeat":"repeat","background-position":"center center","background-size":"auto","background-attachment":"scroll","background-type":"","background-media":"","overlay-type":"","overlay-color":"","overlay-opacity":"","overlay-gradient":""},"mobile":{"background-color":"var(--ast-global-color-5)","background-image":"","background-repeat":"repeat","background-position":"center center","background-size":"auto","background-attachment":"scroll","background-type":"","background-media":"","overlay-type":"","overlay-color":"","overlay-opacity":"","overlay-gradient":""}},"footnotes":""},"class_list":["post-2137","page","type-page","status-publish","hentry"],"post_mailing_queue_ids":[],"_links":{"self":[{"href":"https:\/\/agora.xtec.cat\/ceipsantacreudecalafell\/wp-json\/wp\/v2\/pages\/2137","targetHints":{"allow":["GET"]}}],"collection":[{"href":"https:\/\/agora.xtec.cat\/ceipsantacreudecalafell\/wp-json\/wp\/v2\/pages"}],"about":[{"href":"https:\/\/agora.xtec.cat\/ceipsantacreudecalafell\/wp-json\/wp\/v2\/types\/page"}],"author":[{"embeddable":true,"href":"https:\/\/agora.xtec.cat\/ceipsantacreudecalafell\/wp-json\/wp\/v2\/users\/1"}],"replies":[{"embeddable":true,"href":"https:\/\/agora.xtec.cat\/ceipsantacreudecalafell\/wp-json\/wp\/v2\/comments?post=2137"}],"version-history":[{"count":4,"href":"https:\/\/agora.xtec.cat\/ceipsantacreudecalafell\/wp-json\/wp\/v2\/pages\/2137\/revisions"}],"predecessor-version":[{"id":2738,"href":"https:\/\/agora.xtec.cat\/ceipsantacreudecalafell\/wp-json\/wp\/v2\/pages\/2137\/revisions\/2738"}],"up":[{"embeddable":true,"href":"https:\/\/agora.xtec.cat\/ceipsantacreudecalafell\/wp-json\/wp\/v2\/pages\/22"}],"wp:attachment":[{"href":"https:\/\/agora.xtec.cat\/ceipsantacreudecalafell\/wp-json\/wp\/v2\/media?parent=2137"}],"curies":[{"name":"wp","href":"https:\/\/api.w.org\/{rel}","templated":true}]}}

Protocol Gestió de Casos COVID-19 al centre escolar

<p>Benvolgudes famílies,</p>
<p>Hem creat aquest espai a la nostra pàgina web per poder resoldre tots els dubtes que ens poden sorgir davant aquestes noves situacions que ens estem trobant. Sabem i entenem que són moments difícils i que no estem acostumats a conviure amb aquesta pandèmia però és important que tots/es tinguem interioritzat que la situació de trobar-nos una classe confinada es pot repetir diverses vegades durant el curs escolar i que entra dins de la &#8220;nova normalitat&#8221; a la nostra escola.</p>
<p>És per això que us volem deixar penjat en aquest espai aquests documents:</p>
<p><a href="https://canalsalut.gencat.cat/ca/salut-a-z/c/coronavirus-2019-ncov/ciutadania/salut-escola/informacio-per-a-families/">Pàgina web Cat/Salut</a></p>
<p><strong>Voleu consultar el nostre Pla d&#8217;actuació actualitzat?</strong></p>
<p><a href="https://agora.xtec.cat/ceipsantacreudecalafell/wp-content/uploads/usu1567/2021/10/Pla-dorganitzacio-de-centre.jpg"><img loading="lazy" decoding="async" class="alignnone wp-image-2734" src="https://agora.xtec.cat/ceipsantacreudecalafell/wp-content/uploads/usu1567/2021/10/Pla-dorganitzacio-de-centre-1024x576.jpg" alt="" width="492" height="277" srcset="https://agora.xtec.cat/ceipsantacreudecalafell/wp-content/uploads/usu1567/2021/10/Pla-dorganitzacio-de-centre-1024x576.jpg 1024w, https://agora.xtec.cat/ceipsantacreudecalafell/wp-content/uploads/usu1567/2021/10/Pla-dorganitzacio-de-centre-300x169.jpg 300w, https://agora.xtec.cat/ceipsantacreudecalafell/wp-content/uploads/usu1567/2021/10/Pla-dorganitzacio-de-centre-768x432.jpg 768w, https://agora.xtec.cat/ceipsantacreudecalafell/wp-content/uploads/usu1567/2021/10/Pla-dorganitzacio-de-centre-1536x864.jpg 1536w, https://agora.xtec.cat/ceipsantacreudecalafell/wp-content/uploads/usu1567/2021/10/Pla-dorganitzacio-de-centre.jpg 1920w" sizes="auto, (max-width: 492px) 100vw, 492px" /></a></p>
<p><a href="https://agora.xtec.cat/ceipsantacreudecalafell/wp-content/uploads/usu1567/2021/10/PLA_ACTUACIO_Setembre_Actualitzat_Escola-Santa-Creu-de-Calafell-2021_22.pdf">PLA_ACTUACIÓ_Setembre_Actualitzat_Escola Santa Creu de Calafell 2021_22</a></p>

<p>Benvolgudes famílies, Hem creat aquest espai a la nostra pàgina web per poder resoldre tots els dubtes que ens poden sorgir davant aquestes noves situacions que ens estem trobant. Sabem i entenem que són moments difícils i que no estem acostumats a conviure amb aquesta pandèmia però és important que tots/es tinguem interioritzat que la [&hellip;]</p>
