{"id":77,"date":"2014-09-18T14:05:08","date_gmt":"2014-09-18T14:05:08","guid":{"rendered":"http:\/\/agora.xtec.cat\/ceipsanroma\/?page_id=77"},"modified":"2026-03-26T11:52:32","modified_gmt":"2026-03-26T10:52:32","slug":"acollida","status":"publish","type":"page","link":"https:\/\/agora.xtec.cat\/ceipsanroma\/serveis\/acollida\/","title":{"rendered":"Acollida Curs 25-26"},"content":{"rendered":"<p>El servei d&#8217;acollida \u00e9s un espai diari, abans i despr\u00e9s de l&#8217;horari lectiu. No \u00e9s una extraescolar, tot i que s&#8217;ofereix als infants alternatives l\u00fadiques, com jocs de taula, tallers, manualitats i activitats i jocs m\u00e9s din\u00e0mics al pati.<\/p>\n<p><strong>Horaris i quotes:<\/strong><\/p>\n<p>Acollida mat\u00ed:<\/p>\n<ul>\n<li>Fix de 7 a 9 h: 60,10 \u20ac mensuals<\/li>\n<li>Espor\u00e0dic de 7 a 9 h: 6,60 \u20ac dia<\/li>\n<li>Fix de 7:30\u00a0 a 9 h: 51,30 \u20ac mensuals<\/li>\n<li>Espor\u00e0dic de 7:30 a 9 h: 5,50 \u20ac dia<\/li>\n<li>Fix de 8 a 9 h: 41,90 \u20ac mensuals<\/li>\n<li>Espor\u00e0dic de 8 a 9 h: 3,30 \u20ac dia<\/li>\n<li>Fix de 8:30 a 9 h: 21,45 \u20ac mensuals<\/li>\n<li>Espor\u00e0dic de 8:30 a 9 h: 2,20 \u20ac dia<\/li>\n<\/ul>\n<p>Acollida tarda:<\/p>\n<ul>\n<li>Fix de 16:30 a 17 h: 21,45 \u20ac mensuals<\/li>\n<li>Espor\u00e0dic de 16:30 a 17 h: 3,30 \u20ac dia<\/li>\n<li>Fix de 16,30 a 17:30 h: 41,90 \u20ac mensuals<\/li>\n<li>Espor\u00e0dic de 16:30 a 17:30 h: 5,50 \u20ac dia<\/li>\n<li>Fix de 16:30 a 18 h: 55,15 \u20ac mensuals<\/li>\n<li>Espor\u00e0dic de 16:30 a 18 h: 6,60 \u20ac dia<\/li>\n<\/ul>\n<p><strong>Inscripci\u00f3<\/strong>:<\/p>\n<ul>\n<li>Cal estar donat d\u2019alta a la web de l\u2019\u00e0rea de fam\u00edlies <a href=\"https:\/\/www.areafamilies-mpenta.net\" data-saferedirecturl=\"https:\/\/www.google.com\/url?q=https:\/\/www.areafamilies-mpenta.net&amp;source=gmail&amp;ust=1637653044967000&amp;usg=AOvVaw1I5UGQu4opENX1tRAAD47x\">https:\/\/www.areafamilies-mpenta.net<\/a>. La majoria de fam\u00edlies ho estan perqu\u00e8 fan \u00fas del servei de menjador, per\u00f2 si no fos el cas, per poder fer \u00fas de qualsevol dels serveis, cal estar primer donat d\u2019alta.<\/li>\n<li>Un cop donat d\u2019alta, cal contractar el servei, sigui fix o espor\u00e0dic, seguint els seg\u00fcents passos:\n<ul>\n<li>Per contractar servei fix: Acollida \/Altes i baixes del servei (fix)\/Inscripci\u00f3 servei d\u2019acollida\/Selecci\u00f3 de l\u2019alumne\/Selecci\u00f3 del servei\/Emplenar les dades de format de pagament i enviar la sol\u00b7licitud.<\/li>\n<li>Per contractar servei espor\u00e0dic: Acollida\/Sol\u00b7licitar dies espor\u00e0dics\/Selecci\u00f3 de l\u2019alumne\/Selecci\u00f3 del servei\/Selecci\u00f3 del dia o dies i emplenar les dades de format de pagament i enviar la sol\u00b7licitud.<\/li>\n<\/ul>\n<\/li>\n<li>No es pot fer el pagament d\u2019espor\u00e0dic en efectiu, l\u2019\u00fanic format v\u00e0lid \u00e9s a trav\u00e9s de l\u2019\u00e0rea de fam\u00edlies.<\/li>\n<li>Nom\u00e9s es podr\u00e0 fer \u00fas del servei d\u2019acollida de forma espor\u00e0dica sempre que s\u2019hagi comprat el tiquet a l\u2019\u00e0rea de fam\u00edlies.<\/li>\n<li>Les fam\u00edlies que tenen deutes amb M-penta, primer cal liquidar-los per fer \u00fas del servei.<\/li>\n<li>Els rebuts dels serveis fixes es cobren a mes vist i els espor\u00e0dics a mes ven\u00e7ut.<\/li>\n<\/ul>\n<p><a href=\"https:\/\/agora.xtec.cat\/ceipsanroma\/wp-content\/uploads\/usu339\/2026\/03\/Diptic-acollides-Sanroma_curs-25-26.pdf\">Normativa i funcionament del Servei d&#8217;Acollida<\/a><\/p>\n","protected":false},"excerpt":{"rendered":"<p>El servei d&#8217;acollida \u00e9s un espai diari, abans i despr\u00e9s de l&#8217;horari lectiu. No \u00e9s una extraescolar, tot i que s&#8217;ofereix als infants alternatives l\u00fadiques, com jocs de taula, tallers, manualitats i activitats i jocs m\u00e9s din\u00e0mics al pati. Horaris i quotes: Acollida mat\u00ed: Fix de 7 a 9 h: 60,10 \u20ac mensuals Espor\u00e0dic de [&hellip;]<\/p>\n","protected":false},"author":2,"featured_media":0,"parent":66,"menu_order":20,"comment_status":"closed","ping_status":"closed","template":"","meta":{"_bbp_topic_count":0,"_bbp_reply_count":0,"_bbp_total_topic_count":0,"_bbp_total_reply_count":0,"_bbp_voice_count":0,"_bbp_anonymous_reply_count":0,"_bbp_topic_count_hidden":0,"_bbp_reply_count_hidden":0,"_bbp_forum_subforum_count":0,"site-sidebar-layout":"default","site-content-layout":"","ast-site-content-layout":"default","site-content-style":"default","site-sidebar-style":"default","ast-global-header-display":"","ast-banner-title-visibility":"","ast-main-header-display":"","ast-hfb-above-header-display":"","ast-hfb-below-header-display":"","ast-hfb-mobile-header-display":"","site-post-title":"","ast-breadcrumbs-content":"","ast-featured-img":"","footer-sml-layout":"","theme-transparent-header-meta":"","adv-header-id-meta":"","stick-header-meta":"","header-above-stick-meta":"","header-main-stick-meta":"","header-below-stick-meta":"","astra-migrate-meta-layouts":"set","ast-page-background-enabled":"default","ast-page-background-meta":{"desktop":{"background-color":"var(--ast-global-color-4)","background-image":"","background-repeat":"repeat","background-position":"center center","background-size":"auto","background-attachment":"scroll","background-type":"","background-media":"","overlay-type":"","overlay-color":"","overlay-opacity":"","overlay-gradient":""},"tablet":{"background-color":"","background-image":"","background-repeat":"repeat","background-position":"center center","background-size":"auto","background-attachment":"scroll","background-type":"","background-media":"","overlay-type":"","overlay-color":"","overlay-opacity":"","overlay-gradient":""},"mobile":{"background-color":"","background-image":"","background-repeat":"repeat","background-position":"center center","background-size":"auto","background-attachment":"scroll","background-type":"","background-media":"","overlay-type":"","overlay-color":"","overlay-opacity":"","overlay-gradient":""}},"ast-content-background-meta":{"desktop":{"background-color":"var(--ast-global-color-5)","background-image":"","background-repeat":"repeat","background-position":"center center","background-size":"auto","background-attachment":"scroll","background-type":"","background-media":"","overlay-type":"","overlay-color":"","overlay-opacity":"","overlay-gradient":""},"tablet":{"background-color":"var(--ast-global-color-5)","background-image":"","background-repeat":"repeat","background-position":"center center","background-size":"auto","background-attachment":"scroll","background-type":"","background-media":"","overlay-type":"","overlay-color":"","overlay-opacity":"","overlay-gradient":""},"mobile":{"background-color":"var(--ast-global-color-5)","background-image":"","background-repeat":"repeat","background-position":"center center","background-size":"auto","background-attachment":"scroll","background-type":"","background-media":"","overlay-type":"","overlay-color":"","overlay-opacity":"","overlay-gradient":""}},"footnotes":""},"class_list":["post-77","page","type-page","status-publish","hentry"],"post_mailing_queue_ids":[],"_links":{"self":[{"href":"https:\/\/agora.xtec.cat\/ceipsanroma\/wp-json\/wp\/v2\/pages\/77","targetHints":{"allow":["GET"]}}],"collection":[{"href":"https:\/\/agora.xtec.cat\/ceipsanroma\/wp-json\/wp\/v2\/pages"}],"about":[{"href":"https:\/\/agora.xtec.cat\/ceipsanroma\/wp-json\/wp\/v2\/types\/page"}],"author":[{"embeddable":true,"href":"https:\/\/agora.xtec.cat\/ceipsanroma\/wp-json\/wp\/v2\/users\/2"}],"replies":[{"embeddable":true,"href":"https:\/\/agora.xtec.cat\/ceipsanroma\/wp-json\/wp\/v2\/comments?post=77"}],"version-history":[{"count":5,"href":"https:\/\/agora.xtec.cat\/ceipsanroma\/wp-json\/wp\/v2\/pages\/77\/revisions"}],"predecessor-version":[{"id":14258,"href":"https:\/\/agora.xtec.cat\/ceipsanroma\/wp-json\/wp\/v2\/pages\/77\/revisions\/14258"}],"up":[{"embeddable":true,"href":"https:\/\/agora.xtec.cat\/ceipsanroma\/wp-json\/wp\/v2\/pages\/66"}],"wp:attachment":[{"href":"https:\/\/agora.xtec.cat\/ceipsanroma\/wp-json\/wp\/v2\/media?parent=77"}],"curies":[{"name":"wp","href":"https:\/\/api.w.org\/{rel}","templated":true}]}}