{"id":563,"date":"2020-04-01T21:23:20","date_gmt":"2020-04-01T19:23:20","guid":{"rendered":"https:\/\/agora.xtec.cat\/ceipsalvatella\/?page_id=563"},"modified":"2020-04-02T14:00:18","modified_gmt":"2020-04-02T12:00:18","slug":"presentacio","status":"publish","type":"page","link":"https:\/\/agora.xtec.cat\/ceipsalvatella\/lescola\/presentacio\/","title":{"rendered":"Presentaci\u00f3"},"content":{"rendered":"<p>Som una escola d&#8217;educaci\u00f3 infantil i prim\u00e0ria de doble l\u00ednia que compr\u00e8n les seg\u00fcents etapes:<\/p>\n<ul>\n<li>Educaci\u00f3 infantil: de 3 a 6 anys.<\/li>\n<li>Educaci\u00f3 prim\u00e0ria: de 6 a 12 anys.<\/li>\n<\/ul>\n<p>La llengua vehicular d&#8217;aprenentatge a tots els nivells \u00e9s la catalana. A partir del primer curs del cicle inicial comen\u00e7a l&#8217;aprenentatge de la llengua castellana. La iniciaci\u00f3 en\u00a0la llengua estrangera, l&#8217;angl\u00e8s, es fa a educaci\u00f3 infantil.<\/p>\n<p>En l&#8217;ambit de l&#8217;atenci\u00f3 a la diversitat, l&#8217;escola disposa d&#8217;una SIEI (Suport Intensi\u00f3 per a l&#8217;Escolaritzaci\u00f3 Inclusiva),\u00a0per afavorir la participaci\u00f3 de l\u2019alumnat amb necessitats educatives especials en entorns escolars ordinaris per avan\u00e7ar com a escola inclusiva. Compta tamb\u00e9 amb aula d&#8217;educaci\u00f3 especial i\u00a0una mestra de\u00a0suport per a les classes d&#8217;educaci\u00f3 infantil.<\/p>\n<p>A partir de primer els nens i les nenes ja poden utilitzar els recursos de l&#8217;aula d&#8217;inform\u00e0tica, tot i que les aules disposen d&#8217;ordinadors com a recurs per a la recerca de coneixements.<\/p>\n<p>Hi ha una aula de m\u00fasica amb dotaci\u00f3 de diferents instruments. S&#8217;organitzen i s&#8217;assisteixen a diversos concerts al llarg de l&#8217;any, dintre i fora del centre.<\/p>\n<p>Dos especialistes d&#8217;educaci\u00f3 f\u00edsica realitzen les classes de l&#8217;especialitat a la pista esportiva i al gimn\u00e0s, amb material adaptat a les diferents edats (pilotes, tanques, estics, matalassos, etc.). Els alumnes aprenen tamb\u00e9 diverses danses tradicionals que posen en pr\u00e0ctica en alguna de les jornades festives.<\/p>\n<p>L&#8217;escola t\u00e9 un menjador amb cuina pr\u00f2pia. Els alumnes que al migdia fan \u00fas d&#8217;aquest servei (opcional) s\u00f3n atesos per un equip de monitores.<\/p>\n","protected":false},"excerpt":{"rendered":"<p>Som una escola d&#8217;educaci\u00f3 infantil i prim\u00e0ria de doble l\u00ednia que compr\u00e8n les seg\u00fcents etapes: Educaci\u00f3 infantil: de 3 a 6 anys. Educaci\u00f3 prim\u00e0ria: de 6 a 12 anys. La llengua vehicular d&#8217;aprenentatge a tots els nivells \u00e9s la catalana. A partir del primer curs del cicle inicial comen\u00e7a l&#8217;aprenentatge de la llengua castellana. La [&hellip;]<\/p>\n","protected":false},"author":1,"featured_media":0,"parent":22,"menu_order":10,"comment_status":"closed","ping_status":"closed","template":"page-templates\/side-menu.php","meta":{"_bbp_topic_count":0,"_bbp_reply_count":0,"_bbp_total_topic_count":0,"_bbp_total_reply_count":0,"_bbp_voice_count":0,"_bbp_anonymous_reply_count":0,"_bbp_topic_count_hidden":0,"_bbp_reply_count_hidden":0,"_bbp_forum_subforum_count":0,"site-sidebar-layout":"default","site-content-layout":"","ast-site-content-layout":"","site-content-style":"default","site-sidebar-style":"default","ast-global-header-display":"","ast-banner-title-visibility":"","ast-main-header-display":"","ast-hfb-above-header-display":"","ast-hfb-below-header-display":"","ast-hfb-mobile-header-display":"","site-post-title":"","ast-breadcrumbs-content":"","ast-featured-img":"","footer-sml-layout":"","theme-transparent-header-meta":"","adv-header-id-meta":"","stick-header-meta":"","header-above-stick-meta":"","header-main-stick-meta":"","header-below-stick-meta":"","astra-migrate-meta-layouts":"default","ast-page-background-enabled":"default","ast-page-background-meta":{"desktop":{"background-color":"var(--ast-global-color-4)","background-image":"","background-repeat":"repeat","background-position":"center center","background-size":"auto","background-attachment":"scroll","background-type":"","background-media":"","overlay-type":"","overlay-color":"","overlay-opacity":"","overlay-gradient":""},"tablet":{"background-color":"","background-image":"","background-repeat":"repeat","background-position":"center center","background-size":"auto","background-attachment":"scroll","background-type":"","background-media":"","overlay-type":"","overlay-color":"","overlay-opacity":"","overlay-gradient":""},"mobile":{"background-color":"","background-image":"","background-repeat":"repeat","background-position":"center center","background-size":"auto","background-attachment":"scroll","background-type":"","background-media":"","overlay-type":"","overlay-color":"","overlay-opacity":"","overlay-gradient":""}},"ast-content-background-meta":{"desktop":{"background-color":"var(--ast-global-color-5)","background-image":"","background-repeat":"repeat","background-position":"center center","background-size":"auto","background-attachment":"scroll","background-type":"","background-media":"","overlay-type":"","overlay-color":"","overlay-opacity":"","overlay-gradient":""},"tablet":{"background-color":"var(--ast-global-color-5)","background-image":"","background-repeat":"repeat","background-position":"center center","background-size":"auto","background-attachment":"scroll","background-type":"","background-media":"","overlay-type":"","overlay-color":"","overlay-opacity":"","overlay-gradient":""},"mobile":{"background-color":"var(--ast-global-color-5)","background-image":"","background-repeat":"repeat","background-position":"center center","background-size":"auto","background-attachment":"scroll","background-type":"","background-media":"","overlay-type":"","overlay-color":"","overlay-opacity":"","overlay-gradient":""}},"footnotes":""},"class_list":["post-563","page","type-page","status-publish","hentry"],"post_mailing_queue_ids":[],"_links":{"self":[{"href":"https:\/\/agora.xtec.cat\/ceipsalvatella\/wp-json\/wp\/v2\/pages\/563","targetHints":{"allow":["GET"]}}],"collection":[{"href":"https:\/\/agora.xtec.cat\/ceipsalvatella\/wp-json\/wp\/v2\/pages"}],"about":[{"href":"https:\/\/agora.xtec.cat\/ceipsalvatella\/wp-json\/wp\/v2\/types\/page"}],"author":[{"embeddable":true,"href":"https:\/\/agora.xtec.cat\/ceipsalvatella\/wp-json\/wp\/v2\/users\/1"}],"replies":[{"embeddable":true,"href":"https:\/\/agora.xtec.cat\/ceipsalvatella\/wp-json\/wp\/v2\/comments?post=563"}],"version-history":[{"count":2,"href":"https:\/\/agora.xtec.cat\/ceipsalvatella\/wp-json\/wp\/v2\/pages\/563\/revisions"}],"predecessor-version":[{"id":581,"href":"https:\/\/agora.xtec.cat\/ceipsalvatella\/wp-json\/wp\/v2\/pages\/563\/revisions\/581"}],"up":[{"embeddable":true,"href":"https:\/\/agora.xtec.cat\/ceipsalvatella\/wp-json\/wp\/v2\/pages\/22"}],"wp:attachment":[{"href":"https:\/\/agora.xtec.cat\/ceipsalvatella\/wp-json\/wp\/v2\/media?parent=563"}],"curies":[{"name":"wp","href":"https:\/\/api.w.org\/{rel}","templated":true}]}}