{"id":34,"date":"2014-09-18T12:32:18","date_gmt":"2014-09-18T11:32:18","guid":{"rendered":"http:\/\/agora.xtec.cat\/ceipsalvadorvinyals\/?page_id=34"},"modified":"2023-05-10T20:48:31","modified_gmt":"2023-05-10T18:48:31","slug":"oferta-educativa","status":"publish","type":"page","link":"https:\/\/agora.xtec.cat\/ceipsalvadorvinyals\/lescola\/oferta-educativa\/","title":{"rendered":"Documents de centre"},"content":{"rendered":"<p><strong>Projecte eductiu de centre de l&#8217;escola:<\/strong><\/p>\n<p><a href=\"https:\/\/agora.xtec.cat\/ceipsalvadorvinyals\/wp-content\/uploads\/usu1905\/2023\/05\/document-lupa-1.jpg\"><img loading=\"lazy\" decoding=\"async\" class=\"alignnone  wp-image-19718\" src=\"https:\/\/agora.xtec.cat\/ceipsalvadorvinyals\/wp-content\/uploads\/usu1905\/2023\/05\/document-lupa-1.jpg\" alt=\"\" width=\"33\" height=\"34\" srcset=\"https:\/\/agora.xtec.cat\/ceipsalvadorvinyals\/wp-content\/uploads\/usu1905\/2023\/05\/document-lupa-1.jpg 411w, https:\/\/agora.xtec.cat\/ceipsalvadorvinyals\/wp-content\/uploads\/usu1905\/2023\/05\/document-lupa-1-296x300.jpg 296w, https:\/\/agora.xtec.cat\/ceipsalvadorvinyals\/wp-content\/uploads\/usu1905\/2023\/05\/document-lupa-1-150x150.jpg 150w\" sizes=\"auto, (max-width: 33px) 100vw, 33px\" \/><\/a><a href=\"https:\/\/agora.xtec.cat\/ceipsalvadorvinyals\/wp-content\/uploads\/usu1905\/2021\/06\/PEC_S.Vinyals-i-Gal\u00ed_Revisi\u00f3-juny-21.pdf\">PEC Salvador Vinyals i Gal\u00ed<\/a><\/p>\n<p><strong>Projecte ling\u00fc\u00edsitc<\/strong><\/p>\n<p><a href=\"https:\/\/agora.xtec.cat\/ceipsalvadorvinyals\/wp-content\/uploads\/usu1905\/2023\/05\/document-lupa-1.jpg\"><img loading=\"lazy\" decoding=\"async\" class=\"alignnone  wp-image-19718\" src=\"https:\/\/agora.xtec.cat\/ceipsalvadorvinyals\/wp-content\/uploads\/usu1905\/2023\/05\/document-lupa-1.jpg\" alt=\"\" width=\"32\" height=\"33\" srcset=\"https:\/\/agora.xtec.cat\/ceipsalvadorvinyals\/wp-content\/uploads\/usu1905\/2023\/05\/document-lupa-1.jpg 411w, https:\/\/agora.xtec.cat\/ceipsalvadorvinyals\/wp-content\/uploads\/usu1905\/2023\/05\/document-lupa-1-296x300.jpg 296w, https:\/\/agora.xtec.cat\/ceipsalvadorvinyals\/wp-content\/uploads\/usu1905\/2023\/05\/document-lupa-1-150x150.jpg 150w\" sizes=\"auto, (max-width: 32px) 100vw, 32px\" \/><\/a><a href=\"https:\/\/agora.xtec.cat\/ceipsalvadorvinyals\/wp-content\/uploads\/usu1905\/2021\/05\/Projecte-ling\u00fc\u00edstic-Salvador-Vinyals-i-Gal\u00ed.pdf\">Projecte ling\u00fc\u00edstic Salvador Vinyals i Gal\u00ed<\/a><\/p>\n","protected":false},"excerpt":{"rendered":"<p>Projecte eductiu de centre de l&#8217;escola: PEC Salvador Vinyals i Gal\u00ed Projecte ling\u00fc\u00edsitc Projecte ling\u00fc\u00edstic Salvador Vinyals i Gal\u00ed<\/p>\n","protected":false},"author":1,"featured_media":0,"parent":22,"menu_order":10,"comment_status":"closed","ping_status":"closed","template":"page-templates\/side-menu.php","meta":{"_bbp_topic_count":0,"_bbp_reply_count":0,"_bbp_total_topic_count":0,"_bbp_total_reply_count":0,"_bbp_voice_count":0,"_bbp_anonymous_reply_count":0,"_bbp_topic_count_hidden":0,"_bbp_reply_count_hidden":0,"_bbp_forum_subforum_count":0,"site-sidebar-layout":"default","site-content-layout":"","ast-site-content-layout":"","site-content-style":"default","site-sidebar-style":"default","ast-global-header-display":"","ast-banner-title-visibility":"","ast-main-header-display":"","ast-hfb-above-header-display":"","ast-hfb-below-header-display":"","ast-hfb-mobile-header-display":"","site-post-title":"","ast-breadcrumbs-content":"","ast-featured-img":"","footer-sml-layout":"","theme-transparent-header-meta":"","adv-header-id-meta":"","stick-header-meta":"","header-above-stick-meta":"","header-main-stick-meta":"","header-below-stick-meta":"","astra-migrate-meta-layouts":"default","ast-page-background-enabled":"default","ast-page-background-meta":{"desktop":{"background-color":"var(--ast-global-color-4)","background-image":"","background-repeat":"repeat","background-position":"center center","background-size":"auto","background-attachment":"scroll","background-type":"","background-media":"","overlay-type":"","overlay-color":"","overlay-opacity":"","overlay-gradient":""},"tablet":{"background-color":"","background-image":"","background-repeat":"repeat","background-position":"center center","background-size":"auto","background-attachment":"scroll","background-type":"","background-media":"","overlay-type":"","overlay-color":"","overlay-opacity":"","overlay-gradient":""},"mobile":{"background-color":"","background-image":"","background-repeat":"repeat","background-position":"center center","background-size":"auto","background-attachment":"scroll","background-type":"","background-media":"","overlay-type":"","overlay-color":"","overlay-opacity":"","overlay-gradient":""}},"ast-content-background-meta":{"desktop":{"background-color":"var(--ast-global-color-5)","background-image":"","background-repeat":"repeat","background-position":"center center","background-size":"auto","background-attachment":"scroll","background-type":"","background-media":"","overlay-type":"","overlay-color":"","overlay-opacity":"","overlay-gradient":""},"tablet":{"background-color":"var(--ast-global-color-5)","background-image":"","background-repeat":"repeat","background-position":"center center","background-size":"auto","background-attachment":"scroll","background-type":"","background-media":"","overlay-type":"","overlay-color":"","overlay-opacity":"","overlay-gradient":""},"mobile":{"background-color":"var(--ast-global-color-5)","background-image":"","background-repeat":"repeat","background-position":"center center","background-size":"auto","background-attachment":"scroll","background-type":"","background-media":"","overlay-type":"","overlay-color":"","overlay-opacity":"","overlay-gradient":""}},"footnotes":""},"class_list":["post-34","page","type-page","status-publish","hentry"],"post_mailing_queue_ids":[],"_links":{"self":[{"href":"https:\/\/agora.xtec.cat\/ceipsalvadorvinyals\/wp-json\/wp\/v2\/pages\/34","targetHints":{"allow":["GET"]}}],"collection":[{"href":"https:\/\/agora.xtec.cat\/ceipsalvadorvinyals\/wp-json\/wp\/v2\/pages"}],"about":[{"href":"https:\/\/agora.xtec.cat\/ceipsalvadorvinyals\/wp-json\/wp\/v2\/types\/page"}],"author":[{"embeddable":true,"href":"https:\/\/agora.xtec.cat\/ceipsalvadorvinyals\/wp-json\/wp\/v2\/users\/1"}],"replies":[{"embeddable":true,"href":"https:\/\/agora.xtec.cat\/ceipsalvadorvinyals\/wp-json\/wp\/v2\/comments?post=34"}],"version-history":[{"count":3,"href":"https:\/\/agora.xtec.cat\/ceipsalvadorvinyals\/wp-json\/wp\/v2\/pages\/34\/revisions"}],"predecessor-version":[{"id":19719,"href":"https:\/\/agora.xtec.cat\/ceipsalvadorvinyals\/wp-json\/wp\/v2\/pages\/34\/revisions\/19719"}],"up":[{"embeddable":true,"href":"https:\/\/agora.xtec.cat\/ceipsalvadorvinyals\/wp-json\/wp\/v2\/pages\/22"}],"wp:attachment":[{"href":"https:\/\/agora.xtec.cat\/ceipsalvadorvinyals\/wp-json\/wp\/v2\/media?parent=34"}],"curies":[{"name":"wp","href":"https:\/\/api.w.org\/{rel}","templated":true}]}}