{"id":9337,"date":"2020-01-13T10:16:27","date_gmt":"2020-01-13T09:16:27","guid":{"rendered":"https:\/\/agora.xtec.cat\/ceipsalvadordali\/?page_id=9337"},"modified":"2020-05-18T16:04:10","modified_gmt":"2020-05-18T14:04:10","slug":"lescola-2","status":"publish","type":"page","link":"https:\/\/agora.xtec.cat\/ceipsalvadordali\/lescola-2\/","title":{"rendered":"L&#8217;escola."},"content":{"rendered":"<p><a href=\"https:\/\/agora.xtec.cat\/ceipsalvadordali\/wp-content\/uploads\/usu117\/2020\/05\/IMG_3315-1.jpg\"><img loading=\"lazy\" decoding=\"async\" class=\"alignnone size-large wp-image-9829\" src=\"https:\/\/agora.xtec.cat\/ceipsalvadordali\/wp-content\/uploads\/usu117\/2020\/05\/IMG_3315-1-1024x292.jpg\" alt=\"\" width=\"1024\" height=\"292\" srcset=\"https:\/\/agora.xtec.cat\/ceipsalvadordali\/wp-content\/uploads\/usu117\/2020\/05\/IMG_3315-1-1024x292.jpg 1024w, https:\/\/agora.xtec.cat\/ceipsalvadordali\/wp-content\/uploads\/usu117\/2020\/05\/IMG_3315-1-300x86.jpg 300w, https:\/\/agora.xtec.cat\/ceipsalvadordali\/wp-content\/uploads\/usu117\/2020\/05\/IMG_3315-1-768x219.jpg 768w, https:\/\/agora.xtec.cat\/ceipsalvadordali\/wp-content\/uploads\/usu117\/2020\/05\/IMG_3315-1.jpg 2047w\" sizes=\"auto, (max-width: 1024px) 100vw, 1024px\" \/><\/a><\/p>\n<p>L\u2019Escola Salvador Dal\u00ed som una escola p\u00fablica, catalana, innovadora. T\u00e9 per missi\u00f3 oferir una formaci\u00f3 integral i global al nostre alumnat, que li permeti un desenvolupament social, personal i emocional i potenci\u00ef la seva autonomia per tal que pugui esdevenir part de la ciutadania responsable i compromesa, solidaria, cr\u00edtica i respectuosa amb la diversitat social i cultural i amb el medi ambient. Som una escola vinculada a l\u2019entorn social, natural i cultural i oberta a la comunitat educativa. La nostra tasca educativa \u00e9s tamb\u00e9 aconseguir la implicaci\u00f3 de les fam\u00edlies en la cohesi\u00f3 social dins d\u2019un context multicultural. Pretenem potenciar les noves tecnologies i oferir una bona formaci\u00f3 acad\u00e8mica.<\/p>\n<p>Volem que els nostres alumnes siguin persones responsables, competents i d\u2019esperit cr\u00edtic, que contribueixin al progr\u00e9s i al desenvolupament de la nostra societat, dins d\u2019un marc de llibertat, toler\u00e0ncia, solidaritat i respecte al medi ambient.Volem ser un centre innovador, amb visi\u00f3 de futur, per aconseguir que el nostre alumnat tingui una bona compet\u00e8ncia comunicativa en catal\u00e0, castell\u00e0 i angl\u00e8s,i sigui capdavanter en l\u2019\u00fas habitual de les TAC per millorar el seu rendiment acad\u00e8mic.<\/p>\n","protected":false},"excerpt":{"rendered":"<p><a href=\"https:\/\/agora.xtec.cat\/ceipsalvadordali\/wp-content\/uploads\/usu117\/2020\/05\/IMG_3315-1.jpg\"><\/a><br \/>\nL\u2019Escola Salvador Dal\u00ed som una escola p\u00fablica, catalana, innovadora. T\u00e9 per missi\u00f3 oferir una formaci\u00f3 integral i global al nostre alumnat, que li permeti un desenvolupament social, personal i emocional i potenci\u00ef la seva autonomia per tal que pugui esdevenir part de la ciutadania&hellip;  <a href=\"https:\/\/agora.xtec.cat\/ceipsalvadordali\/lescola-2\/\" title=\"Read L&#8217;escola.\">Llegeix m\u00e9s\u00bb<\/a><\/p>\n","protected":false},"author":1,"featured_media":0,"parent":0,"menu_order":0,"comment_status":"closed","ping_status":"closed","template":"","meta":{"_bbp_topic_count":0,"_bbp_reply_count":0,"_bbp_total_topic_count":0,"_bbp_total_reply_count":0,"_bbp_voice_count":0,"_bbp_anonymous_reply_count":0,"_bbp_topic_count_hidden":0,"_bbp_reply_count_hidden":0,"_bbp_forum_subforum_count":0,"footnotes":""},"class_list":["post-9337","page","type-page","status-publish","hentry"],"post_mailing_queue_ids":[],"_links":{"self":[{"href":"https:\/\/agora.xtec.cat\/ceipsalvadordali\/wp-json\/wp\/v2\/pages\/9337","targetHints":{"allow":["GET"]}}],"collection":[{"href":"https:\/\/agora.xtec.cat\/ceipsalvadordali\/wp-json\/wp\/v2\/pages"}],"about":[{"href":"https:\/\/agora.xtec.cat\/ceipsalvadordali\/wp-json\/wp\/v2\/types\/page"}],"author":[{"embeddable":true,"href":"https:\/\/agora.xtec.cat\/ceipsalvadordali\/wp-json\/wp\/v2\/users\/1"}],"replies":[{"embeddable":true,"href":"https:\/\/agora.xtec.cat\/ceipsalvadordali\/wp-json\/wp\/v2\/comments?post=9337"}],"version-history":[{"count":3,"href":"https:\/\/agora.xtec.cat\/ceipsalvadordali\/wp-json\/wp\/v2\/pages\/9337\/revisions"}],"predecessor-version":[{"id":9831,"href":"https:\/\/agora.xtec.cat\/ceipsalvadordali\/wp-json\/wp\/v2\/pages\/9337\/revisions\/9831"}],"wp:attachment":[{"href":"https:\/\/agora.xtec.cat\/ceipsalvadordali\/wp-json\/wp\/v2\/media?parent=9337"}],"curies":[{"name":"wp","href":"https:\/\/api.w.org\/{rel}","templated":true}]}}