{"id":10351,"date":"2022-02-02T10:43:53","date_gmt":"2022-02-02T09:43:53","guid":{"rendered":"https:\/\/agora.xtec.cat\/ceipsalvadordali\/?page_id=10351"},"modified":"2022-02-02T10:43:53","modified_gmt":"2022-02-02T09:43:53","slug":"sigues-tu","status":"publish","type":"page","link":"https:\/\/agora.xtec.cat\/ceipsalvadordali\/sigues-tu\/","title":{"rendered":"Sigues tu"},"content":{"rendered":"<p><a href=\"https:\/\/agora.xtec.cat\/ceipsalvadordali\/wp-content\/uploads\/usu117\/2022\/02\/20220202_103417-1-scaled.jpg\"><img loading=\"lazy\" decoding=\"async\" class=\" wp-image-10358 alignleft\" src=\"https:\/\/agora.xtec.cat\/ceipsalvadordali\/wp-content\/uploads\/usu117\/2022\/02\/20220202_103417-1-300x225.jpg\" alt=\"\" width=\"369\" height=\"277\" srcset=\"https:\/\/agora.xtec.cat\/ceipsalvadordali\/wp-content\/uploads\/usu117\/2022\/02\/20220202_103417-1-300x225.jpg 300w, https:\/\/agora.xtec.cat\/ceipsalvadordali\/wp-content\/uploads\/usu117\/2022\/02\/20220202_103417-1-1024x768.jpg 1024w, https:\/\/agora.xtec.cat\/ceipsalvadordali\/wp-content\/uploads\/usu117\/2022\/02\/20220202_103417-1-768x576.jpg 768w, https:\/\/agora.xtec.cat\/ceipsalvadordali\/wp-content\/uploads\/usu117\/2022\/02\/20220202_103417-1-1536x1152.jpg 1536w, https:\/\/agora.xtec.cat\/ceipsalvadordali\/wp-content\/uploads\/usu117\/2022\/02\/20220202_103417-1-2048x1536.jpg 2048w, https:\/\/agora.xtec.cat\/ceipsalvadordali\/wp-content\/uploads\/usu117\/2022\/02\/20220202_103417-1-200x150.jpg 200w\" sizes=\"auto, (max-width: 369px) 100vw, 369px\" \/><\/a><\/p>\n<p>&nbsp;<\/p>\n<p>&nbsp;<\/p>\n<p>&nbsp;<\/p>\n<p>&nbsp;<\/p>\n<p>&nbsp;<\/p>\n<p>&nbsp;<\/p>\n<p>&nbsp;<\/p>\n<p>Per m\u00e9s informaci\u00f3 visiteu el seg\u00fcent enlla\u00e7:\u00a0<a href=\"https:\/\/www.siguestu.cat\/\">https:\/\/www.siguestu.cat\/<\/a><\/p>\n","protected":false},"excerpt":{"rendered":"<p><a href=\"https:\/\/agora.xtec.cat\/ceipsalvadordali\/wp-content\/uploads\/usu117\/2022\/02\/20220202_103417-1-scaled.jpg\"><\/a><br \/>\n&nbsp;<br \/>\n&nbsp;<br \/>\n&nbsp;<br \/>\n&nbsp;<br \/>\n&nbsp;<br \/>\n&nbsp;<br \/>\n&nbsp;<br \/>\nPer m\u00e9s informaci\u00f3 visiteu el seg\u00fcent enlla\u00e7:\u00a0<a href=\"https:\/\/www.siguestu.cat\/\">https:\/\/www.siguestu.cat\/<\/a><\/p>\n","protected":false},"author":1,"featured_media":0,"parent":0,"menu_order":0,"comment_status":"closed","ping_status":"closed","template":"","meta":{"_bbp_topic_count":0,"_bbp_reply_count":0,"_bbp_total_topic_count":0,"_bbp_total_reply_count":0,"_bbp_voice_count":0,"_bbp_anonymous_reply_count":0,"_bbp_topic_count_hidden":0,"_bbp_reply_count_hidden":0,"_bbp_forum_subforum_count":0,"footnotes":""},"class_list":["post-10351","page","type-page","status-publish","hentry"],"post_mailing_queue_ids":[],"_links":{"self":[{"href":"https:\/\/agora.xtec.cat\/ceipsalvadordali\/wp-json\/wp\/v2\/pages\/10351","targetHints":{"allow":["GET"]}}],"collection":[{"href":"https:\/\/agora.xtec.cat\/ceipsalvadordali\/wp-json\/wp\/v2\/pages"}],"about":[{"href":"https:\/\/agora.xtec.cat\/ceipsalvadordali\/wp-json\/wp\/v2\/types\/page"}],"author":[{"embeddable":true,"href":"https:\/\/agora.xtec.cat\/ceipsalvadordali\/wp-json\/wp\/v2\/users\/1"}],"replies":[{"embeddable":true,"href":"https:\/\/agora.xtec.cat\/ceipsalvadordali\/wp-json\/wp\/v2\/comments?post=10351"}],"version-history":[{"count":2,"href":"https:\/\/agora.xtec.cat\/ceipsalvadordali\/wp-json\/wp\/v2\/pages\/10351\/revisions"}],"predecessor-version":[{"id":10363,"href":"https:\/\/agora.xtec.cat\/ceipsalvadordali\/wp-json\/wp\/v2\/pages\/10351\/revisions\/10363"}],"wp:attachment":[{"href":"https:\/\/agora.xtec.cat\/ceipsalvadordali\/wp-json\/wp\/v2\/media?parent=10351"}],"curies":[{"name":"wp","href":"https:\/\/api.w.org\/{rel}","templated":true}]}}